{"id":8278,"date":"2017-05-10T11:34:51","date_gmt":"2017-05-10T14:34:51","guid":{"rendered":"http:\/\/www.ifsc.usp.br\/~crint\/crintwp\/?page_id=8278"},"modified":"2025-08-22T09:32:44","modified_gmt":"2025-08-22T12:32:44","slug":"crint-members","status":"publish","type":"page","link":"https:\/\/www.ifsc.usp.br\/ccnint\/crint-members\/","title":{"rendered":"Membros da CCNInt"},"content":{"rendered":"<p>[vc_row rt_row_background_width=&#8221;default&#8221; rt_row_style=&#8221;default-style&#8221; rt_row_borders=&#8221;&#8221; rt_row_paddings=&#8221;true&#8221; rt_bg_effect=&#8221;classic&#8221; rt_bg_image_repeat=&#8221;repeat&#8221; rt_bg_size=&#8221;cover&#8221; rt_bg_position=&#8221;right top&#8221; rt_bg_attachment=&#8221;scroll&#8221; rt_bg_video_format=&#8221;self-hosted&#8221;][vc_column rt_wrp_col_paddings=&#8221;false&#8221; rt_border_top=&#8221;&#8221; rt_border_bottom=&#8221;&#8221; rt_border_left=&#8221;&#8221; rt_border_right=&#8221;&#8221; rt_border_top_mobile=&#8221;&#8221; rt_border_bottom_mobile=&#8221;&#8221; rt_border_left_mobile=&#8221;&#8221; rt_border_right_mobile=&#8221;&#8221; rt_bg_image_repeat=&#8221;repeat&#8221; rt_bg_size=&#8221;auto auto&#8221; rt_bg_position=&#8221;right top&#8221; rt_bg_attachment=&#8221;scroll&#8221;][vc_column_text]<\/p>\n<p style=\"font-weight: 400;\"><strong><span style=\"font-size: large;\"><span style=\"color: #3366ff;\">Comiss\u00e3o de Coopera\u00e7\u00e3o Nacional e Internacional (CCNInt)<\/span><br \/>\n<\/span><br \/>\n<\/strong><\/p>\n<p style=\"font-weight: 400;\"><strong>Presidente:<\/strong>\u00a0GREG\u00d3RIO COUTO FARIA<br \/>\n<strong>Suplente do Presidente:<\/strong>\u00a0Diogo Rodrigues Boito<br \/>\nMandato: 04.06.2025 a 03.06.2027<\/p>\n<p style=\"font-weight: 400;\"><strong>Membros:<\/strong><\/p>\n<p style=\"font-weight: 400;\"><strong><u>Representantes FCM<\/u><\/strong><\/p>\n<p style=\"font-weight: 400;\"><strong>Titular:<\/strong>\u00a0GREG\u00d3RIO COUTO FARIA<br \/>\n<strong>Suplente:\u00a0<\/strong>Patr\u00edcia Christina Marques Castilho<br \/>\nMandato: 04.06.2025 a 03.06.2027<\/p>\n<p style=\"font-weight: 400;\"><strong>Titular:<\/strong>\u00a0JEAN CLAUDE M\u2019PEKO<br \/>\n<strong>Suplente:\u00a0<\/strong>Leonardo De Boni<br \/>\nMandato: 04.06.2025 a 03.06.2027<\/p>\n<p style=\"font-weight: 400;\"><strong><u>Representantes FCI<\/u><\/strong><\/p>\n<p style=\"font-weight: 400;\"><strong>Titular:<\/strong>\u00a0DIOGO RODRIGUES BOITO<br \/>\n<strong>Suplente:\u00a0<\/strong>Ilana Lopes Baratella da Cunha Camargo<br \/>\nMandato: 04.06.2025 a 03.06.2027<\/p>\n<p style=\"font-weight: 400;\"><strong>Titular:<\/strong>\u00a0JOS\u00c9 FABIAN SCHNEIDER<br \/>\n<strong>Suplente:\u00a0<\/strong>Eduardo Ribeiro de Azev\u00eado<br \/>\nMandato: 04.06.2025 a 03.06.2027<\/p>\n<p style=\"font-weight: 400;\"><strong><u>Representante Discente<\/u><\/strong><\/p>\n<p style=\"margin: 0cm;\"><strong>Titular: <\/strong>EDUARDO ZAGO BRAGA<b><br \/>\n<strong>Suplente:<\/strong><\/b> Julia Cristina Veronezi<\/p>\n<p style=\"margin: 0cm;\">Mandato: 21.08.2025 a 20.08.2026<\/p>\n<p>[\/vc_column_text][\/vc_column][\/vc_row]<\/p>\n","protected":false},"excerpt":{"rendered":"<p>[vc_row rt_row_background_width=&#8221;default&#8221; rt_row_style=&#8221;default-style&#8221; rt_row_borders=&#8221;&#8221; rt_row_paddings=&#8221;true&#8221; rt_bg_effect=&#8221;classic&#8221; rt_bg_image_repeat=&#8221;repeat&#8221; rt_bg_size=&#8221;cover&#8221; rt_bg_position=&#8221;right top&#8221; rt_bg_attachment=&#8221;scroll&#8221; rt_bg_video_format=&#8221;self-hosted&#8221;][vc_column rt_wrp_col_paddings=&#8221;false&#8221; rt_border_top=&#8221;&#8221; rt_border_bottom=&#8221;&#8221; rt_border_left=&#8221;&#8221; rt_border_right=&#8221;&#8221; rt_border_top_mobile=&#8221;&#8221; rt_border_bottom_mobile=&#8221;&#8221; rt_border_left_mobile=&#8221;&#8221; rt_border_right_mobile=&#8221;&#8221; rt_bg_image_repeat=&#8221;repeat&#8221; rt_bg_size=&#8221;auto auto&#8221; rt_bg_position=&#8221;right top&#8221; rt_bg_attachment=&#8221;scroll&#8221;][vc_column_text] Comiss\u00e3o de Coopera\u00e7\u00e3o Nacional e Internacional (CCNInt) Presidente:\u00a0GREG\u00d3RIO COUTO FARIA Suplente do Presidente:\u00a0Diogo Rodrigues Boito Mandato: 04.06.2025 a 03.06.2027 Membros: Representantes FCM Titular:\u00a0GREG\u00d3RIO COUTO FARIA Suplente:\u00a0Patr\u00edcia Christina Marques [&hellip;]<\/p>\n","protected":false},"author":1,"featured_media":0,"parent":0,"menu_order":0,"comment_status":"closed","ping_status":"closed","template":"","meta":{"footnotes":""},"class_list":["post-8278","page","type-page","status-publish","hentry"],"_links":{"self":[{"href":"https:\/\/www.ifsc.usp.br\/ccnint\/wp-json\/wp\/v2\/pages\/8278","targetHints":{"allow":["GET"]}}],"collection":[{"href":"https:\/\/www.ifsc.usp.br\/ccnint\/wp-json\/wp\/v2\/pages"}],"about":[{"href":"https:\/\/www.ifsc.usp.br\/ccnint\/wp-json\/wp\/v2\/types\/page"}],"author":[{"embeddable":true,"href":"https:\/\/www.ifsc.usp.br\/ccnint\/wp-json\/wp\/v2\/users\/1"}],"replies":[{"embeddable":true,"href":"https:\/\/www.ifsc.usp.br\/ccnint\/wp-json\/wp\/v2\/comments?post=8278"}],"version-history":[{"count":29,"href":"https:\/\/www.ifsc.usp.br\/ccnint\/wp-json\/wp\/v2\/pages\/8278\/revisions"}],"predecessor-version":[{"id":8834,"href":"https:\/\/www.ifsc.usp.br\/ccnint\/wp-json\/wp\/v2\/pages\/8278\/revisions\/8834"}],"wp:attachment":[{"href":"https:\/\/www.ifsc.usp.br\/ccnint\/wp-json\/wp\/v2\/media?parent=8278"}],"curies":[{"name":"wp","href":"https:\/\/api.w.org\/{rel}","templated":true}]}}