{"id":9663,"date":"2024-10-07T15:27:34","date_gmt":"2024-10-07T18:27:34","guid":{"rendered":"https:\/\/www.ifsc.usp.br\/cip\/?page_id=9663"},"modified":"2025-05-22T11:02:29","modified_gmt":"2025-05-22T14:02:29","slug":"leg","status":"publish","type":"page","link":"https:\/\/www.ifsc.usp.br\/cip\/leg\/","title":{"rendered":"Legisla\u00e7\u00e3o"},"content":{"rendered":"<p><strong>Portarias e Resolu\u00e7\u00f5es:<\/strong><\/p>\n<ul>\n<li>Publicada <a href=\"https:\/\/prip.usp.br\/wp-content\/uploads\/sites\/1632\/2025\/05\/Resolucao-CoIP-no-8798-de-21.05.2025.pdf\" target=\"_blank\" rel=\"noopener\">Resolu\u00e7\u00e3o CoIP 8798<\/a> de 21\/05\/2025, que institui o SUA \u2013 Sistema USP de Acolhimento, Registro e Responsabiliza\u00e7\u00e3o para Situa\u00e7\u00f5es de Ass\u00e9dio, de Viol\u00eancia, Discrimina\u00e7\u00f5es e outras Viola\u00e7\u00f5es de Direitos Humanos ocorridas na Universidade de S\u00e3o Paulo.<\/li>\n<li>Publicada <a href=\"https:\/\/prip.usp.br\/wp-content\/uploads\/sites\/1632\/2025\/05\/Portaria-PRIP-no-58-de-21.05.2025.pdf\" target=\"_blank\" rel=\"noopener\">Portaria PRIP 58<\/a> de 21\/05\/2025, que estabelece as defini\u00e7\u00f5es, os procedimentos para acolhimento, medidas cautelares e encaminhamento de situa\u00e7\u00f5es de ass\u00e9dio contra pessoas e viol\u00eancia baseada em g\u00eanero.<\/li>\n<li>Publicada <a href=\"https:\/\/www.ifsc.usp.br\/cip\/wp-content\/uploads\/2025\/04\/Portaria-IFSC-11-2025.pdf\" target=\"_blank\" rel=\"noopener\">Portaria IFSC 11\/2025<\/a> de 10\/04\/2025, que disp\u00f5e sobre o fluxo para solicita\u00e7\u00e3o e implementa\u00e7\u00e3o de pr\u00e1ticas para acessibilidade e inclus\u00e3o para pessoas com defici\u00eancia, regulamentando as Portarias PRIP 059\/2024 e 065\/2024 no \u00e2mbito do IFSC.<\/li>\n<li>Publicada <a href=\"https:\/\/prip.usp.br\/wp-content\/uploads\/sites\/1128\/2024\/10\/Portaria_PRIP_065-2024_PCD.pdf\" target=\"_blank\" rel=\"noopener\">Portaria PRIP 065<\/a> de 21\/10\/2024, que institui diretrizes para a Pol\u00edtica de Inclus\u00e3o para Pessoas com Defici\u00eancia.<\/li>\n<li>Publicada <a href=\"https:\/\/leginf.usp.br\/?resolucao=resolucao-coip-no-8705-de-09-de-outubro-de-2024\" target=\"_blank\" rel=\"noopener\">Resolu\u00e7\u00e3o CoIP 8705<\/a> de 09\/10\/2024, que disp\u00f5e sobre o uso de nome social para pessoas transg\u00eanero na Universidade de S\u00e3o Paulo.<\/li>\n<li>Publicada <a href=\"https:\/\/prip.usp.br\/wp-content\/uploads\/sites\/1128\/2024\/11\/Portaria_PRIP_059-TEA-Errata.pdf\" target=\"_blank\" rel=\"noopener\">Portaria PRIP 059<\/a> de 04\/10\/2024, que trata de diretrizes gerais para a Pol\u00edtica de Inclus\u00e3o e Pertencimento das Pessoas com Transtorno do Espectro Autista (TEA).<\/li>\n<li>Publicada <a href=\"https:\/\/leginf.usp.br\/?resolucao=resolucao-coip-no-8323-de-21-de-setembro-de-2022\">Resolu\u00e7\u00e3o 8323<\/a> de 21\/09\/2022, que regulamenta a composi\u00e7\u00e3o e as compet\u00eancias das Comiss\u00f5es de Inclus\u00e3o e Pertencimento (CIP) da Universidade de S\u00e3o Paulo.<\/li>\n<li>Publicada <a href=\"https:\/\/leginf.usp.br\/?resolucao=resolucao-no-8231-de-5-de-maio-de-2022\" target=\"_blank\" rel=\"noopener\">Resolu\u00e7\u00e3o 8231<\/a> de 05\/05\/2022, que institui o Regimento do Conselho de Inclus\u00e3o e Pertencimento (CoIP).<\/li>\n<\/ul>\n<p>&nbsp;<\/p>\n<p><strong>Demais Documentos Normativos:<\/strong><\/p>\n<ul>\n<li><a href=\"https:\/\/prip.usp.br\/areas\/direitos-humanos\/codigo-de-etica-da-usp\/\" target=\"_blank\" rel=\"noopener\">C\u00f3digo de \u00c9tica da USP<\/a><\/li>\n<\/ul>\n","protected":false},"excerpt":{"rendered":"<p>Portarias e Resolu\u00e7\u00f5es: Publicada Resolu\u00e7\u00e3o CoIP 8798 de 21\/05\/2025, que institui o SUA \u2013 Sistema USP de Acolhimento, Registro e Responsabiliza\u00e7\u00e3o para Situa\u00e7\u00f5es de Ass\u00e9dio, de Viol\u00eancia, Discrimina\u00e7\u00f5es e outras Viola\u00e7\u00f5es de Direitos Humanos ocorridas na Universidade de S\u00e3o Paulo. Publicada Portaria PRIP 58 de 21\/05\/2025, que estabelece as defini\u00e7\u00f5es, os procedimentos para acolhimento, medidas [&hellip;]<\/p>\n","protected":false},"author":1,"featured_media":0,"parent":0,"menu_order":0,"comment_status":"closed","ping_status":"closed","template":"","meta":{"footnotes":""},"class_list":["post-9663","page","type-page","status-publish","hentry"],"yoast_head":"<!-- This site is optimized with the Yoast SEO plugin v27.1.1 - https:\/\/yoast.com\/product\/yoast-seo-wordpress\/ -->\n<title>Legisla\u00e7\u00e3o - Comiss\u00e3o de Inclus\u00e3o e Pertencimento (CIP)<\/title>\n<meta name=\"robots\" content=\"index, follow, max-snippet:-1, max-image-preview:large, max-video-preview:-1\" \/>\n<link rel=\"canonical\" href=\"https:\/\/www.ifsc.usp.br\/cip\/leg\/\" \/>\n<meta property=\"og:locale\" content=\"pt_BR\" \/>\n<meta property=\"og:type\" content=\"article\" \/>\n<meta property=\"og:title\" content=\"Legisla\u00e7\u00e3o - Comiss\u00e3o de Inclus\u00e3o e Pertencimento (CIP)\" \/>\n<meta property=\"og:description\" content=\"Portarias e Resolu\u00e7\u00f5es: Publicada Resolu\u00e7\u00e3o CoIP 8798 de 21\/05\/2025, que institui o SUA \u2013 Sistema USP de Acolhimento, Registro e Responsabiliza\u00e7\u00e3o para Situa\u00e7\u00f5es de Ass\u00e9dio, de Viol\u00eancia, Discrimina\u00e7\u00f5es e outras Viola\u00e7\u00f5es de Direitos Humanos ocorridas na Universidade de S\u00e3o Paulo. Publicada Portaria PRIP 58 de 21\/05\/2025, que estabelece as defini\u00e7\u00f5es, os procedimentos para acolhimento, medidas [&hellip;]\" \/>\n<meta property=\"og:url\" content=\"https:\/\/www.ifsc.usp.br\/cip\/leg\/\" \/>\n<meta property=\"og:site_name\" content=\"Comiss\u00e3o de Inclus\u00e3o e Pertencimento (CIP)\" \/>\n<meta property=\"article:modified_time\" content=\"2025-05-22T14:02:29+00:00\" \/>\n<meta name=\"twitter:card\" content=\"summary_large_image\" \/>\n<meta name=\"twitter:label1\" content=\"Est. tempo de leitura\" \/>\n\t<meta name=\"twitter:data1\" content=\"2 minutos\" \/>\n<script type=\"application\/ld+json\" class=\"yoast-schema-graph\">{\"@context\":\"https:\/\/schema.org\",\"@graph\":[{\"@type\":\"WebPage\",\"@id\":\"https:\/\/www.ifsc.usp.br\/cip\/leg\/\",\"url\":\"https:\/\/www.ifsc.usp.br\/cip\/leg\/\",\"name\":\"Legisla\u00e7\u00e3o - Comiss\u00e3o de Inclus\u00e3o e Pertencimento (CIP)\",\"isPartOf\":{\"@id\":\"https:\/\/www.ifsc.usp.br\/cip\/#website\"},\"datePublished\":\"2024-10-07T18:27:34+00:00\",\"dateModified\":\"2025-05-22T14:02:29+00:00\",\"breadcrumb\":{\"@id\":\"https:\/\/www.ifsc.usp.br\/cip\/leg\/#breadcrumb\"},\"inLanguage\":\"pt-BR\",\"potentialAction\":[{\"@type\":\"ReadAction\",\"target\":[\"https:\/\/www.ifsc.usp.br\/cip\/leg\/\"]}]},{\"@type\":\"BreadcrumbList\",\"@id\":\"https:\/\/www.ifsc.usp.br\/cip\/leg\/#breadcrumb\",\"itemListElement\":[{\"@type\":\"ListItem\",\"position\":1,\"name\":\"Home\",\"item\":\"https:\/\/www.ifsc.usp.br\/cip\/\"},{\"@type\":\"ListItem\",\"position\":2,\"name\":\"Legisla\u00e7\u00e3o\"}]},{\"@type\":\"WebSite\",\"@id\":\"https:\/\/www.ifsc.usp.br\/cip\/#website\",\"url\":\"https:\/\/www.ifsc.usp.br\/cip\/\",\"name\":\"Comiss\u00e3o de Inclus\u00e3o e Pertencimento (CIP)\",\"description\":\"Instituto de F\u00edsica de S\u00e3o Carlos\",\"potentialAction\":[{\"@type\":\"SearchAction\",\"target\":{\"@type\":\"EntryPoint\",\"urlTemplate\":\"https:\/\/www.ifsc.usp.br\/cip\/?s={search_term_string}\"},\"query-input\":{\"@type\":\"PropertyValueSpecification\",\"valueRequired\":true,\"valueName\":\"search_term_string\"}}],\"inLanguage\":\"pt-BR\"}]}<\/script>\n<!-- \/ Yoast SEO plugin. -->","yoast_head_json":{"title":"Legisla\u00e7\u00e3o - Comiss\u00e3o de Inclus\u00e3o e Pertencimento (CIP)","robots":{"index":"index","follow":"follow","max-snippet":"max-snippet:-1","max-image-preview":"max-image-preview:large","max-video-preview":"max-video-preview:-1"},"canonical":"https:\/\/www.ifsc.usp.br\/cip\/leg\/","og_locale":"pt_BR","og_type":"article","og_title":"Legisla\u00e7\u00e3o - Comiss\u00e3o de Inclus\u00e3o e Pertencimento (CIP)","og_description":"Portarias e Resolu\u00e7\u00f5es: Publicada Resolu\u00e7\u00e3o CoIP 8798 de 21\/05\/2025, que institui o SUA \u2013 Sistema USP de Acolhimento, Registro e Responsabiliza\u00e7\u00e3o para Situa\u00e7\u00f5es de Ass\u00e9dio, de Viol\u00eancia, Discrimina\u00e7\u00f5es e outras Viola\u00e7\u00f5es de Direitos Humanos ocorridas na Universidade de S\u00e3o Paulo. Publicada Portaria PRIP 58 de 21\/05\/2025, que estabelece as defini\u00e7\u00f5es, os procedimentos para acolhimento, medidas [&hellip;]","og_url":"https:\/\/www.ifsc.usp.br\/cip\/leg\/","og_site_name":"Comiss\u00e3o de Inclus\u00e3o e Pertencimento (CIP)","article_modified_time":"2025-05-22T14:02:29+00:00","twitter_card":"summary_large_image","twitter_misc":{"Est. tempo de leitura":"2 minutos"},"schema":{"@context":"https:\/\/schema.org","@graph":[{"@type":"WebPage","@id":"https:\/\/www.ifsc.usp.br\/cip\/leg\/","url":"https:\/\/www.ifsc.usp.br\/cip\/leg\/","name":"Legisla\u00e7\u00e3o - Comiss\u00e3o de Inclus\u00e3o e Pertencimento (CIP)","isPartOf":{"@id":"https:\/\/www.ifsc.usp.br\/cip\/#website"},"datePublished":"2024-10-07T18:27:34+00:00","dateModified":"2025-05-22T14:02:29+00:00","breadcrumb":{"@id":"https:\/\/www.ifsc.usp.br\/cip\/leg\/#breadcrumb"},"inLanguage":"pt-BR","potentialAction":[{"@type":"ReadAction","target":["https:\/\/www.ifsc.usp.br\/cip\/leg\/"]}]},{"@type":"BreadcrumbList","@id":"https:\/\/www.ifsc.usp.br\/cip\/leg\/#breadcrumb","itemListElement":[{"@type":"ListItem","position":1,"name":"Home","item":"https:\/\/www.ifsc.usp.br\/cip\/"},{"@type":"ListItem","position":2,"name":"Legisla\u00e7\u00e3o"}]},{"@type":"WebSite","@id":"https:\/\/www.ifsc.usp.br\/cip\/#website","url":"https:\/\/www.ifsc.usp.br\/cip\/","name":"Comiss\u00e3o de Inclus\u00e3o e Pertencimento (CIP)","description":"Instituto de F\u00edsica de S\u00e3o Carlos","potentialAction":[{"@type":"SearchAction","target":{"@type":"EntryPoint","urlTemplate":"https:\/\/www.ifsc.usp.br\/cip\/?s={search_term_string}"},"query-input":{"@type":"PropertyValueSpecification","valueRequired":true,"valueName":"search_term_string"}}],"inLanguage":"pt-BR"}]}},"_links":{"self":[{"href":"https:\/\/www.ifsc.usp.br\/cip\/wp-json\/wp\/v2\/pages\/9663","targetHints":{"allow":["GET"]}}],"collection":[{"href":"https:\/\/www.ifsc.usp.br\/cip\/wp-json\/wp\/v2\/pages"}],"about":[{"href":"https:\/\/www.ifsc.usp.br\/cip\/wp-json\/wp\/v2\/types\/page"}],"author":[{"embeddable":true,"href":"https:\/\/www.ifsc.usp.br\/cip\/wp-json\/wp\/v2\/users\/1"}],"replies":[{"embeddable":true,"href":"https:\/\/www.ifsc.usp.br\/cip\/wp-json\/wp\/v2\/comments?post=9663"}],"version-history":[{"count":15,"href":"https:\/\/www.ifsc.usp.br\/cip\/wp-json\/wp\/v2\/pages\/9663\/revisions"}],"predecessor-version":[{"id":9947,"href":"https:\/\/www.ifsc.usp.br\/cip\/wp-json\/wp\/v2\/pages\/9663\/revisions\/9947"}],"wp:attachment":[{"href":"https:\/\/www.ifsc.usp.br\/cip\/wp-json\/wp\/v2\/media?parent=9663"}],"curies":[{"name":"wp","href":"https:\/\/api.w.org\/{rel}","templated":true}]}}