{"id":9795,"date":"2025-04-23T11:32:41","date_gmt":"2025-04-23T14:32:41","guid":{"rendered":"https:\/\/www.ifsc.usp.br\/cip\/?page_id=9795"},"modified":"2025-04-23T11:35:21","modified_gmt":"2025-04-23T14:35:21","slug":"apoiausp","status":"publish","type":"page","link":"https:\/\/www.ifsc.usp.br\/cip\/apoiausp\/","title":{"rendered":"Apoia USP"},"content":{"rendered":"<p>O Apoia USP \u00e9 um servi\u00e7o de aten\u00e7\u00e3o psicossocial Universit\u00e1rio que oferece atividades que visam a promo\u00e7\u00e3o de sa\u00fade e cuidado para toda a comunidade da USP S\u00e3o Carlos (discentes de gradua\u00e7\u00e3o e p\u00f3s-gradua\u00e7\u00e3o, servidores t\u00e9cnicos e administrativos, docentes, servidores terceirizados, entre outros). O Apoia USP oferece desde atendimentos individuais at\u00e9 atividades em grupo focado em temas relacionados a inclus\u00e3o e pertencimento.<\/p>\n<p>Mais informa\u00e7\u00f5es podem ser obtidas na <a href=\"https:\/\/linktr.ee\/APOIAUSP\" target=\"_blank\" rel=\"noopener\">p\u00e1gina do Apoia USP<\/a> ou em seu <a href=\"https:\/\/www.instagram.com\/apoia.usp.sc\/\" target=\"_blank\" rel=\"noopener\">perfil no Instagram<\/a>.<\/p>\n<p>&nbsp;<\/p>\n<p><strong>Acolhimentos Individuais<\/strong><\/p>\n<p>O servi\u00e7o oferece acolhimentos individuais com o objetivo de escutar, acolher e acompanhar as demandas de sofrimento ps\u00edquico advindas do contexto universit\u00e1rio. Nessa atua\u00e7\u00e3o, realizamos acompanhamento personalizado \u00e0s demandas do sujeito, quando necess\u00e1rio oferecemos media\u00e7\u00e3o entre o sujeito e a institui\u00e7\u00e3o, encaminhamento para outros servi\u00e7os e orienta\u00e7\u00f5es gerais. O acolhimento pode ser pontual ou cont\u00ednuo com o objetivo de cuidar do sofrimento advindo do contexto universit\u00e1rio. Atualmente \u00e9 realizado por estagi\u00e1rios de psicologia, de terapia ocupacional ou pelas assistentes sociais. Em casos espec\u00edficos, o atendimento em nossa unidade pode ser feito por um psic\u00f3loga.<\/p>\n<p>Para agendar um atendimento, envie um e-mail para <a href=\"mailto:apoia@ifsc.usp.br\" target=\"_blank\" rel=\"noopener\">apoia@ifsc.usp.br<\/a>.<\/p>\n","protected":false},"excerpt":{"rendered":"<p>O Apoia USP \u00e9 um servi\u00e7o de aten\u00e7\u00e3o psicossocial Universit\u00e1rio que oferece atividades que visam a promo\u00e7\u00e3o de sa\u00fade e cuidado para toda a comunidade da USP S\u00e3o Carlos (discentes de gradua\u00e7\u00e3o e p\u00f3s-gradua\u00e7\u00e3o, servidores t\u00e9cnicos e administrativos, docentes, servidores terceirizados, entre outros). O Apoia USP oferece desde atendimentos individuais at\u00e9 atividades em grupo focado [&hellip;]<\/p>\n","protected":false},"author":6,"featured_media":0,"parent":0,"menu_order":0,"comment_status":"closed","ping_status":"closed","template":"","meta":{"footnotes":""},"class_list":["post-9795","page","type-page","status-publish","hentry"],"yoast_head":"<!-- This site is optimized with the Yoast SEO plugin v27.1.1 - https:\/\/yoast.com\/product\/yoast-seo-wordpress\/ -->\n<title>Apoia USP - Comiss\u00e3o de Inclus\u00e3o e Pertencimento (CIP)<\/title>\n<meta name=\"robots\" content=\"index, follow, max-snippet:-1, max-image-preview:large, max-video-preview:-1\" \/>\n<link rel=\"canonical\" href=\"https:\/\/www.ifsc.usp.br\/cip\/apoiausp\/\" \/>\n<meta property=\"og:locale\" content=\"pt_BR\" \/>\n<meta property=\"og:type\" content=\"article\" \/>\n<meta property=\"og:title\" content=\"Apoia USP - Comiss\u00e3o de Inclus\u00e3o e Pertencimento (CIP)\" \/>\n<meta property=\"og:description\" content=\"O Apoia USP \u00e9 um servi\u00e7o de aten\u00e7\u00e3o psicossocial Universit\u00e1rio que oferece atividades que visam a promo\u00e7\u00e3o de sa\u00fade e cuidado para toda a comunidade da USP S\u00e3o Carlos (discentes de gradua\u00e7\u00e3o e p\u00f3s-gradua\u00e7\u00e3o, servidores t\u00e9cnicos e administrativos, docentes, servidores terceirizados, entre outros). O Apoia USP oferece desde atendimentos individuais at\u00e9 atividades em grupo focado [&hellip;]\" \/>\n<meta property=\"og:url\" content=\"https:\/\/www.ifsc.usp.br\/cip\/apoiausp\/\" \/>\n<meta property=\"og:site_name\" content=\"Comiss\u00e3o de Inclus\u00e3o e Pertencimento (CIP)\" \/>\n<meta property=\"article:modified_time\" content=\"2025-04-23T14:35:21+00:00\" \/>\n<meta name=\"twitter:card\" content=\"summary_large_image\" \/>\n<meta name=\"twitter:label1\" content=\"Est. tempo de leitura\" \/>\n\t<meta name=\"twitter:data1\" content=\"2 minutos\" \/>\n<script type=\"application\/ld+json\" class=\"yoast-schema-graph\">{\"@context\":\"https:\/\/schema.org\",\"@graph\":[{\"@type\":\"WebPage\",\"@id\":\"https:\/\/www.ifsc.usp.br\/cip\/apoiausp\/\",\"url\":\"https:\/\/www.ifsc.usp.br\/cip\/apoiausp\/\",\"name\":\"Apoia USP - Comiss\u00e3o de Inclus\u00e3o e Pertencimento (CIP)\",\"isPartOf\":{\"@id\":\"https:\/\/www.ifsc.usp.br\/cip\/#website\"},\"datePublished\":\"2025-04-23T14:32:41+00:00\",\"dateModified\":\"2025-04-23T14:35:21+00:00\",\"breadcrumb\":{\"@id\":\"https:\/\/www.ifsc.usp.br\/cip\/apoiausp\/#breadcrumb\"},\"inLanguage\":\"pt-BR\",\"potentialAction\":[{\"@type\":\"ReadAction\",\"target\":[\"https:\/\/www.ifsc.usp.br\/cip\/apoiausp\/\"]}]},{\"@type\":\"BreadcrumbList\",\"@id\":\"https:\/\/www.ifsc.usp.br\/cip\/apoiausp\/#breadcrumb\",\"itemListElement\":[{\"@type\":\"ListItem\",\"position\":1,\"name\":\"Home\",\"item\":\"https:\/\/www.ifsc.usp.br\/cip\/\"},{\"@type\":\"ListItem\",\"position\":2,\"name\":\"Apoia USP\"}]},{\"@type\":\"WebSite\",\"@id\":\"https:\/\/www.ifsc.usp.br\/cip\/#website\",\"url\":\"https:\/\/www.ifsc.usp.br\/cip\/\",\"name\":\"Comiss\u00e3o de Inclus\u00e3o e Pertencimento (CIP)\",\"description\":\"Instituto de F\u00edsica de S\u00e3o Carlos\",\"potentialAction\":[{\"@type\":\"SearchAction\",\"target\":{\"@type\":\"EntryPoint\",\"urlTemplate\":\"https:\/\/www.ifsc.usp.br\/cip\/?s={search_term_string}\"},\"query-input\":{\"@type\":\"PropertyValueSpecification\",\"valueRequired\":true,\"valueName\":\"search_term_string\"}}],\"inLanguage\":\"pt-BR\"}]}<\/script>\n<!-- \/ Yoast SEO plugin. -->","yoast_head_json":{"title":"Apoia USP - Comiss\u00e3o de Inclus\u00e3o e Pertencimento (CIP)","robots":{"index":"index","follow":"follow","max-snippet":"max-snippet:-1","max-image-preview":"max-image-preview:large","max-video-preview":"max-video-preview:-1"},"canonical":"https:\/\/www.ifsc.usp.br\/cip\/apoiausp\/","og_locale":"pt_BR","og_type":"article","og_title":"Apoia USP - Comiss\u00e3o de Inclus\u00e3o e Pertencimento (CIP)","og_description":"O Apoia USP \u00e9 um servi\u00e7o de aten\u00e7\u00e3o psicossocial Universit\u00e1rio que oferece atividades que visam a promo\u00e7\u00e3o de sa\u00fade e cuidado para toda a comunidade da USP S\u00e3o Carlos (discentes de gradua\u00e7\u00e3o e p\u00f3s-gradua\u00e7\u00e3o, servidores t\u00e9cnicos e administrativos, docentes, servidores terceirizados, entre outros). O Apoia USP oferece desde atendimentos individuais at\u00e9 atividades em grupo focado [&hellip;]","og_url":"https:\/\/www.ifsc.usp.br\/cip\/apoiausp\/","og_site_name":"Comiss\u00e3o de Inclus\u00e3o e Pertencimento (CIP)","article_modified_time":"2025-04-23T14:35:21+00:00","twitter_card":"summary_large_image","twitter_misc":{"Est. tempo de leitura":"2 minutos"},"schema":{"@context":"https:\/\/schema.org","@graph":[{"@type":"WebPage","@id":"https:\/\/www.ifsc.usp.br\/cip\/apoiausp\/","url":"https:\/\/www.ifsc.usp.br\/cip\/apoiausp\/","name":"Apoia USP - Comiss\u00e3o de Inclus\u00e3o e Pertencimento (CIP)","isPartOf":{"@id":"https:\/\/www.ifsc.usp.br\/cip\/#website"},"datePublished":"2025-04-23T14:32:41+00:00","dateModified":"2025-04-23T14:35:21+00:00","breadcrumb":{"@id":"https:\/\/www.ifsc.usp.br\/cip\/apoiausp\/#breadcrumb"},"inLanguage":"pt-BR","potentialAction":[{"@type":"ReadAction","target":["https:\/\/www.ifsc.usp.br\/cip\/apoiausp\/"]}]},{"@type":"BreadcrumbList","@id":"https:\/\/www.ifsc.usp.br\/cip\/apoiausp\/#breadcrumb","itemListElement":[{"@type":"ListItem","position":1,"name":"Home","item":"https:\/\/www.ifsc.usp.br\/cip\/"},{"@type":"ListItem","position":2,"name":"Apoia USP"}]},{"@type":"WebSite","@id":"https:\/\/www.ifsc.usp.br\/cip\/#website","url":"https:\/\/www.ifsc.usp.br\/cip\/","name":"Comiss\u00e3o de Inclus\u00e3o e Pertencimento (CIP)","description":"Instituto de F\u00edsica de S\u00e3o Carlos","potentialAction":[{"@type":"SearchAction","target":{"@type":"EntryPoint","urlTemplate":"https:\/\/www.ifsc.usp.br\/cip\/?s={search_term_string}"},"query-input":{"@type":"PropertyValueSpecification","valueRequired":true,"valueName":"search_term_string"}}],"inLanguage":"pt-BR"}]}},"_links":{"self":[{"href":"https:\/\/www.ifsc.usp.br\/cip\/wp-json\/wp\/v2\/pages\/9795","targetHints":{"allow":["GET"]}}],"collection":[{"href":"https:\/\/www.ifsc.usp.br\/cip\/wp-json\/wp\/v2\/pages"}],"about":[{"href":"https:\/\/www.ifsc.usp.br\/cip\/wp-json\/wp\/v2\/types\/page"}],"author":[{"embeddable":true,"href":"https:\/\/www.ifsc.usp.br\/cip\/wp-json\/wp\/v2\/users\/6"}],"replies":[{"embeddable":true,"href":"https:\/\/www.ifsc.usp.br\/cip\/wp-json\/wp\/v2\/comments?post=9795"}],"version-history":[{"count":2,"href":"https:\/\/www.ifsc.usp.br\/cip\/wp-json\/wp\/v2\/pages\/9795\/revisions"}],"predecessor-version":[{"id":9799,"href":"https:\/\/www.ifsc.usp.br\/cip\/wp-json\/wp\/v2\/pages\/9795\/revisions\/9799"}],"wp:attachment":[{"href":"https:\/\/www.ifsc.usp.br\/cip\/wp-json\/wp\/v2\/media?parent=9795"}],"curies":[{"name":"wp","href":"https:\/\/api.w.org\/{rel}","templated":true}]}}