{"id":9932,"date":"2025-05-15T12:08:13","date_gmt":"2025-05-15T15:08:13","guid":{"rendered":"https:\/\/www.ifsc.usp.br\/cip\/?page_id=9932"},"modified":"2025-05-15T12:22:51","modified_gmt":"2025-05-15T15:22:51","slug":"palestra_violgen","status":"publish","type":"page","link":"https:\/\/www.ifsc.usp.br\/cip\/palestra_violgen\/","title":{"rendered":"Palestra"},"content":{"rendered":"<p><strong>\u201cVamos conversar sobre a viol\u00eancia baseada no g\u00eanero na universidade?\u201d<\/strong><\/p>\n<p>Nos dias 01 e 02 de abril de 2025, as Comiss\u00f5es de Inclus\u00e3o e Pertencimento (CIP) do campus da USP S\u00e3o Carlos, em parceria com o Servi\u00e7o de Promo\u00e7\u00e3o Social da PUSP-SC, promoveram o evento <strong>\u201cVamos conversar sobre a viol\u00eancia baseada no g\u00eanero na universidade?\u201d<\/strong>. A atividade foi realizada no Audit\u00f3rio Fern\u00e3o Stella de Rodrigues Germano\u00a0e teve como objetivo fomentar o di\u00e1logo e a reflex\u00e3o sobre as diferentes formas de viol\u00eancia de g\u00eanero no contexto universit\u00e1rio.<\/p>\n<p>O evento contou com a participa\u00e7\u00e3o das psic\u00f3logas e pesquisadoras <strong>Maria Beatriz Reis Dion\u00edsio<\/strong> e <strong>Yasmin Curvelo<\/strong>, integrantes do Laborat\u00f3rio de An\u00e1lise e Preven\u00e7\u00e3o da Viol\u00eancia (LAPREV) da Universidade Federal de S\u00e3o Carlos (UFSCar), que compartilharam suas pesquisas e experi\u00eancias sobre o tema.<\/p>\n<p>As conversas buscaram colaborar no <strong>reconhecimento das situa\u00e7\u00f5es de viol\u00eancia baseada em g\u00eanero vivenciadas na universidade<\/strong>, al\u00e9m de discutir caminhos poss\u00edveis para a <strong>preven\u00e7\u00e3o e o enfrentamento dessas viol\u00eancias<\/strong>. A abordagem interdisciplinar e acolhedora permitiu o envolvimento da comunidade acad\u00eamica em uma escuta qualificada e cr\u00edtica, promovendo o fortalecimento de pr\u00e1ticas institucionais mais seguras e igualit\u00e1rias.<\/p>\n<p>A participa\u00e7\u00e3o foi aberta a toda a comunidade, sem necessidade de inscri\u00e7\u00e3o pr\u00e9via, e foram oferecidos certificados \u00e0s pessoas interessadas.<\/p>\n<p>&nbsp;<\/p>\n<p><strong>Sobre as convidadas:<\/strong><\/p>\n<ul>\n<li style=\"list-style-type: none;\">\n<ul>\n<li><strong>Maria Beatriz Reis Dion\u00edsio<\/strong> \u00e9 psic\u00f3loga, mestra e doutoranda em Psicologia pela UFSCar, com especializa\u00e7\u00e3o em Direitos Humanos e Quest\u00f5es \u00c9tnico-Sociais. Desenvolve pesquisa sobre viol\u00eancia de g\u00eanero no contexto universit\u00e1rio pelo LAPREV.<\/li>\n<li><strong>Yasmin Curvelo<\/strong> \u00e9 psic\u00f3loga cl\u00ednica, especialista em Terapia Comportamental e mestranda em Psicologia na UFSCar, tamb\u00e9m atuando em pesquisa sobre viol\u00eancia de g\u00eanero no ambiente universit\u00e1rio pelo LAPREV.<\/li>\n<\/ul>\n<\/li>\n<\/ul>\n","protected":false},"excerpt":{"rendered":"<p>\u201cVamos conversar sobre a viol\u00eancia baseada no g\u00eanero na universidade?\u201d Nos dias 01 e 02 de abril de 2025, as Comiss\u00f5es de Inclus\u00e3o e Pertencimento (CIP) do campus da USP S\u00e3o Carlos, em parceria com o Servi\u00e7o de Promo\u00e7\u00e3o Social da PUSP-SC, promoveram o evento \u201cVamos conversar sobre a viol\u00eancia baseada no g\u00eanero na universidade?\u201d. [&hellip;]<\/p>\n","protected":false},"author":6,"featured_media":0,"parent":0,"menu_order":0,"comment_status":"closed","ping_status":"closed","template":"","meta":{"footnotes":""},"class_list":["post-9932","page","type-page","status-publish","hentry"],"yoast_head":"<!-- This site is optimized with the Yoast SEO plugin v27.1.1 - https:\/\/yoast.com\/product\/yoast-seo-wordpress\/ -->\n<title>Palestra - Comiss\u00e3o de Inclus\u00e3o e Pertencimento (CIP)<\/title>\n<meta name=\"robots\" content=\"index, follow, max-snippet:-1, max-image-preview:large, max-video-preview:-1\" \/>\n<link rel=\"canonical\" href=\"https:\/\/www.ifsc.usp.br\/cip\/palestra_violgen\/\" \/>\n<meta property=\"og:locale\" content=\"pt_BR\" \/>\n<meta property=\"og:type\" content=\"article\" \/>\n<meta property=\"og:title\" content=\"Palestra - Comiss\u00e3o de Inclus\u00e3o e Pertencimento (CIP)\" \/>\n<meta property=\"og:description\" content=\"\u201cVamos conversar sobre a viol\u00eancia baseada no g\u00eanero na universidade?\u201d Nos dias 01 e 02 de abril de 2025, as Comiss\u00f5es de Inclus\u00e3o e Pertencimento (CIP) do campus da USP S\u00e3o Carlos, em parceria com o Servi\u00e7o de Promo\u00e7\u00e3o Social da PUSP-SC, promoveram o evento \u201cVamos conversar sobre a viol\u00eancia baseada no g\u00eanero na universidade?\u201d. [&hellip;]\" \/>\n<meta property=\"og:url\" content=\"https:\/\/www.ifsc.usp.br\/cip\/palestra_violgen\/\" \/>\n<meta property=\"og:site_name\" content=\"Comiss\u00e3o de Inclus\u00e3o e Pertencimento (CIP)\" \/>\n<meta property=\"article:modified_time\" content=\"2025-05-15T15:22:51+00:00\" \/>\n<meta name=\"twitter:card\" content=\"summary_large_image\" \/>\n<meta name=\"twitter:label1\" content=\"Est. tempo de leitura\" \/>\n\t<meta name=\"twitter:data1\" content=\"2 minutos\" \/>\n<script type=\"application\/ld+json\" class=\"yoast-schema-graph\">{\"@context\":\"https:\/\/schema.org\",\"@graph\":[{\"@type\":\"WebPage\",\"@id\":\"https:\/\/www.ifsc.usp.br\/cip\/palestra_violgen\/\",\"url\":\"https:\/\/www.ifsc.usp.br\/cip\/palestra_violgen\/\",\"name\":\"Palestra - Comiss\u00e3o de Inclus\u00e3o e Pertencimento (CIP)\",\"isPartOf\":{\"@id\":\"https:\/\/www.ifsc.usp.br\/cip\/#website\"},\"datePublished\":\"2025-05-15T15:08:13+00:00\",\"dateModified\":\"2025-05-15T15:22:51+00:00\",\"breadcrumb\":{\"@id\":\"https:\/\/www.ifsc.usp.br\/cip\/palestra_violgen\/#breadcrumb\"},\"inLanguage\":\"pt-BR\",\"potentialAction\":[{\"@type\":\"ReadAction\",\"target\":[\"https:\/\/www.ifsc.usp.br\/cip\/palestra_violgen\/\"]}]},{\"@type\":\"BreadcrumbList\",\"@id\":\"https:\/\/www.ifsc.usp.br\/cip\/palestra_violgen\/#breadcrumb\",\"itemListElement\":[{\"@type\":\"ListItem\",\"position\":1,\"name\":\"Home\",\"item\":\"https:\/\/www.ifsc.usp.br\/cip\/\"},{\"@type\":\"ListItem\",\"position\":2,\"name\":\"Palestra\"}]},{\"@type\":\"WebSite\",\"@id\":\"https:\/\/www.ifsc.usp.br\/cip\/#website\",\"url\":\"https:\/\/www.ifsc.usp.br\/cip\/\",\"name\":\"Comiss\u00e3o de Inclus\u00e3o e Pertencimento (CIP)\",\"description\":\"Instituto de F\u00edsica de S\u00e3o Carlos\",\"potentialAction\":[{\"@type\":\"SearchAction\",\"target\":{\"@type\":\"EntryPoint\",\"urlTemplate\":\"https:\/\/www.ifsc.usp.br\/cip\/?s={search_term_string}\"},\"query-input\":{\"@type\":\"PropertyValueSpecification\",\"valueRequired\":true,\"valueName\":\"search_term_string\"}}],\"inLanguage\":\"pt-BR\"}]}<\/script>\n<!-- \/ Yoast SEO plugin. -->","yoast_head_json":{"title":"Palestra - Comiss\u00e3o de Inclus\u00e3o e Pertencimento (CIP)","robots":{"index":"index","follow":"follow","max-snippet":"max-snippet:-1","max-image-preview":"max-image-preview:large","max-video-preview":"max-video-preview:-1"},"canonical":"https:\/\/www.ifsc.usp.br\/cip\/palestra_violgen\/","og_locale":"pt_BR","og_type":"article","og_title":"Palestra - Comiss\u00e3o de Inclus\u00e3o e Pertencimento (CIP)","og_description":"\u201cVamos conversar sobre a viol\u00eancia baseada no g\u00eanero na universidade?\u201d Nos dias 01 e 02 de abril de 2025, as Comiss\u00f5es de Inclus\u00e3o e Pertencimento (CIP) do campus da USP S\u00e3o Carlos, em parceria com o Servi\u00e7o de Promo\u00e7\u00e3o Social da PUSP-SC, promoveram o evento \u201cVamos conversar sobre a viol\u00eancia baseada no g\u00eanero na universidade?\u201d. [&hellip;]","og_url":"https:\/\/www.ifsc.usp.br\/cip\/palestra_violgen\/","og_site_name":"Comiss\u00e3o de Inclus\u00e3o e Pertencimento (CIP)","article_modified_time":"2025-05-15T15:22:51+00:00","twitter_card":"summary_large_image","twitter_misc":{"Est. tempo de leitura":"2 minutos"},"schema":{"@context":"https:\/\/schema.org","@graph":[{"@type":"WebPage","@id":"https:\/\/www.ifsc.usp.br\/cip\/palestra_violgen\/","url":"https:\/\/www.ifsc.usp.br\/cip\/palestra_violgen\/","name":"Palestra - Comiss\u00e3o de Inclus\u00e3o e Pertencimento (CIP)","isPartOf":{"@id":"https:\/\/www.ifsc.usp.br\/cip\/#website"},"datePublished":"2025-05-15T15:08:13+00:00","dateModified":"2025-05-15T15:22:51+00:00","breadcrumb":{"@id":"https:\/\/www.ifsc.usp.br\/cip\/palestra_violgen\/#breadcrumb"},"inLanguage":"pt-BR","potentialAction":[{"@type":"ReadAction","target":["https:\/\/www.ifsc.usp.br\/cip\/palestra_violgen\/"]}]},{"@type":"BreadcrumbList","@id":"https:\/\/www.ifsc.usp.br\/cip\/palestra_violgen\/#breadcrumb","itemListElement":[{"@type":"ListItem","position":1,"name":"Home","item":"https:\/\/www.ifsc.usp.br\/cip\/"},{"@type":"ListItem","position":2,"name":"Palestra"}]},{"@type":"WebSite","@id":"https:\/\/www.ifsc.usp.br\/cip\/#website","url":"https:\/\/www.ifsc.usp.br\/cip\/","name":"Comiss\u00e3o de Inclus\u00e3o e Pertencimento (CIP)","description":"Instituto de F\u00edsica de S\u00e3o Carlos","potentialAction":[{"@type":"SearchAction","target":{"@type":"EntryPoint","urlTemplate":"https:\/\/www.ifsc.usp.br\/cip\/?s={search_term_string}"},"query-input":{"@type":"PropertyValueSpecification","valueRequired":true,"valueName":"search_term_string"}}],"inLanguage":"pt-BR"}]}},"_links":{"self":[{"href":"https:\/\/www.ifsc.usp.br\/cip\/wp-json\/wp\/v2\/pages\/9932","targetHints":{"allow":["GET"]}}],"collection":[{"href":"https:\/\/www.ifsc.usp.br\/cip\/wp-json\/wp\/v2\/pages"}],"about":[{"href":"https:\/\/www.ifsc.usp.br\/cip\/wp-json\/wp\/v2\/types\/page"}],"author":[{"embeddable":true,"href":"https:\/\/www.ifsc.usp.br\/cip\/wp-json\/wp\/v2\/users\/6"}],"replies":[{"embeddable":true,"href":"https:\/\/www.ifsc.usp.br\/cip\/wp-json\/wp\/v2\/comments?post=9932"}],"version-history":[{"count":8,"href":"https:\/\/www.ifsc.usp.br\/cip\/wp-json\/wp\/v2\/pages\/9932\/revisions"}],"predecessor-version":[{"id":9941,"href":"https:\/\/www.ifsc.usp.br\/cip\/wp-json\/wp\/v2\/pages\/9932\/revisions\/9941"}],"wp:attachment":[{"href":"https:\/\/www.ifsc.usp.br\/cip\/wp-json\/wp\/v2\/media?parent=9932"}],"curies":[{"name":"wp","href":"https:\/\/api.w.org\/{rel}","templated":true}]}}