{"id":8392,"date":"2017-05-17T17:01:11","date_gmt":"2017-05-17T20:01:11","guid":{"rendered":"http:\/\/www.ifsc.usp.br\/~cpq\/cpqwp\/?page_id=8392"},"modified":"2023-07-26T10:07:21","modified_gmt":"2023-07-26T13:07:21","slug":"programas-iniciacao-cientifica","status":"publish","type":"page","link":"https:\/\/www.ifsc.usp.br\/cpqi\/programas-iniciacao-cientifica\/","title":{"rendered":"Programas &#8211; Inicia\u00e7\u00e3o Cient\u00edfica"},"content":{"rendered":"<p>[vc_row rt_row_background_width=&#8221;default&#8221; rt_row_style=&#8221;default-style&#8221; rt_row_borders=&#8221;&#8221; rt_row_paddings=&#8221;true&#8221; rt_bg_effect=&#8221;classic&#8221; rt_bg_image_repeat=&#8221;repeat&#8221; rt_bg_size=&#8221;cover&#8221; rt_bg_position=&#8221;right top&#8221; rt_bg_attachment=&#8221;scroll&#8221; rt_bg_video_format=&#8221;self-hosted&#8221;][vc_column rt_wrp_col_paddings=&#8221;false&#8221; rt_border_top=&#8221;&#8221; rt_border_bottom=&#8221;&#8221; rt_border_left=&#8221;&#8221; rt_border_right=&#8221;&#8221; rt_border_top_mobile=&#8221;&#8221; rt_border_bottom_mobile=&#8221;&#8221; rt_border_left_mobile=&#8221;&#8221; rt_border_right_mobile=&#8221;&#8221; rt_bg_image_repeat=&#8221;repeat&#8221; rt_bg_size=&#8221;auto auto&#8221; rt_bg_position=&#8221;right top&#8221; rt_bg_attachment=&#8221;scroll&#8221;][vc_column_text]<\/p>\n<p style=\"text-align: left;\"><strong> <span class=\"fontstyle0\">Programa de Inicia\u00e7\u00e3o Cient\u00edfica e de Inicia\u00e7\u00e3o em Desenvolvimento Tecnol\u00f3gico e Inova\u00e7\u00e3o da USP<\/span> <\/strong><\/p>\n<p><a href=\"https:\/\/www.ifsc.usp.br\/cpq\/wp-content\/uploads\/2019\/03\/Guia-para-a-Inicia\u00e7\u00e3o-Cient\u00edfica-e-Tecnol\u00f3gica.pdf\" target=\"_blank\" rel=\"noopener\">Guia para Inicia\u00e7\u00e3o Cient\u00edfica e Tecnol\u00f3gica<\/a><\/p>\n<ul>\n<li><a href=\"https:\/\/prpi.usp.br\/programas\/iniciacao-cientifica-e-tecnologica\/\" target=\"_blank\" rel=\"noopener\">PIBIC e\u00a0PIBITI<\/a><\/li>\n<li><a href=\"https:\/\/prpi.usp.br\/programas\/pre-iniciacao-cientifica\/\" target=\"_blank\" rel=\"noopener\">Pr\u00e9 IC<\/a><\/li>\n<\/ul>\n<p><strong>Objetivo:\u00a0<\/strong>\u00a0Promover a cultura cient\u00edfica e tecnol\u00f3gica dos estudantes de gradua\u00e7\u00e3o, mediante o desenvolvimento de projeto de pesquisa sob orienta\u00e7\u00e3o.<\/p>\n<p><strong>Quem pode participar?\u00a0<\/strong>Podem participar do programa\u00a0\u00a0os\u00a0alunos regulares de cursos de Gradua\u00e7\u00e3o da Universidade de S\u00e3o Paulo ou de outra Institui\u00e7\u00e3o de Ensino Superior.<\/p>\n<p><strong>Qual a dura\u00e7\u00e3o do Programa?\u00a0<\/strong>O aluno dever\u00e1 cumprir, no m\u00ednimo,\u00a0\u00a0480 horas de atividades de pesquisa, preferencialmente dentro do per\u00edodo de 12 meses.<\/p>\n<p><strong>\u00c9 necess\u00e1rio ser bolsista?\u00a0\u00a0<\/strong>Podem participar do programa estudantes com ou sem bolsa. A participa\u00e7\u00e3o no programa independe dos editais de bolsas, de forma que o estudante pode cumprir parte do programa com bolsa e parte sem bolsa, ou com bolsas diferentes, de quaisquer entidades financiadoras.<strong><br \/>\n<\/strong><\/p>\n<p><strong>Qual o per\u00edodo de inscri\u00e7\u00f5es?\u00a0<\/strong>As inscri\u00e7\u00f5es s\u00e3o aceitas em fluxo cont\u00ednuo, exceto para as propostas vinculadas ao Programa Institucional de Bolsas de Inicia\u00e7\u00e3o Cient\u00edfica e de Inicia\u00e7\u00e3o em Desenvolvimento Tecnol\u00f3gico e Inova\u00e7\u00e3o da USP- PIBIC\/PIBITI\/USP, que dever\u00e3o atender aos calend\u00e1rios definidos pelos editais do referido programa.<\/p>\n<p><a href=\"..\/siicusp\">SIICUSP<\/a><\/p>\n<p><strong>Legisla\u00e7\u00e3o:<\/strong><\/p>\n<ul>\n<li><a href=\"http:\/\/www.leginf.usp.br\/?resolucao=resolucao-copq-no-7786-de-26-de-agosto-de-2019\" target=\"_blank\" rel=\"noopener\" data-saferedirecturl=\"https:\/\/www.google.com\/url?q=http:\/\/www.leginf.usp.br\/?resolucao%3Dresolucao-copq-no-7786-de-26-de-agosto-de-2019&amp;source=gmail&amp;ust=1651320074010000&amp;usg=AOvVaw1xFZpNjdtrm9O8S8eG6d-a\">Resolu\u00e7\u00e3o CoPq n\u00ba7.786, de 26 de agosto de 2019<\/a><\/li>\n<li><a href=\"http:\/\/www.leginf.usp.br\/?resolucao=resolucao-copq-no-7312-de-24-de-fevereiro-de-2017\" target=\"_blank\" rel=\"noreferrer noopener\" data-saferedirecturl=\"https:\/\/www.google.com\/url?q=http:\/\/www.leginf.usp.br\/?resolucao%3Dresolucao-copq-no-7312-de-24-de-fevereiro-de-2017&amp;source=gmail&amp;ust=1651320074010000&amp;usg=AOvVaw1q6oYFIWK-WAO-IFuDDwVT\">Resolu\u00e7\u00e3o CoPq n\u00ba 7.312, de 24 de fevereiro de 2017<\/a><\/li>\n<li><a href=\"http:\/\/www.leginf.usp.br\/?resolucao=resolucao-copq-no-7236-de-22-de-julho-de-2016\" target=\"_blank\" rel=\"noreferrer noopener\" data-saferedirecturl=\"https:\/\/www.google.com\/url?q=http:\/\/www.leginf.usp.br\/?resolucao%3Dresolucao-copq-no-7236-de-22-de-julho-de-2016&amp;source=gmail&amp;ust=1651320074010000&amp;usg=AOvVaw1ocL8OoiFBZ4K5_fk1K1Sr\">Resolu\u00e7\u00e3o CoPq n\u00ba 7.236, de 22 de julho de 2016<\/a><\/li>\n<li><a href=\"https:\/\/www.ifsc.usp.br\/cpq\/portaria-ifsc-no-34-2017-07-08-2017\/\" target=\"_blank\" rel=\"noopener\" data-saferedirecturl=\"https:\/\/www.google.com\/url?q=https:\/\/www.ifsc.usp.br\/cpq\/portaria-ifsc-no-34-2017-07-08-2017\/&amp;source=gmail&amp;ust=1651320074010000&amp;usg=AOvVaw163sJnjVtVCh8pAWwzIq07\">Portaria IFSC N\u00ba 34\/2017, 07.08.2017<\/a><\/li>\n<li><a href=\"http:\/\/www.leginf.usp.br\/?resolucao=resolucao-copq-no-7311-de-24-de-fevereiro-de-2017\" target=\"_blank\" rel=\"noreferrer noopener\" data-saferedirecturl=\"https:\/\/www.google.com\/url?q=http:\/\/www.leginf.usp.br\/?resolucao%3Dresolucao-copq-no-7311-de-24-de-fevereiro-de-2017&amp;source=gmail&amp;ust=1651320074010000&amp;usg=AOvVaw0BAUY9GS4ghxKVCCLgN9oR\">Resolu\u00e7\u00e3o CoPq n\u00ba 7.311, de 24 de fevereiro de 2017<\/a><\/li>\n<li><a href=\"http:\/\/www.leginf.usp.br\/?resolucao=resolucao-copq-no-7235-de-22-de-julho-de-2016\" target=\"_blank\" rel=\"noreferrer noopener\" data-saferedirecturl=\"https:\/\/www.google.com\/url?q=http:\/\/www.leginf.usp.br\/?resolucao%3Dresolucao-copq-no-7235-de-22-de-julho-de-2016&amp;source=gmail&amp;ust=1651320074010000&amp;usg=AOvVaw0v1AaKP8WlfcGKxTnEK57F\">Resolu\u00e7\u00e3o CoPq n\u00ba 7.235, de 22 de julho de 2016<\/a><\/li>\n<\/ul>\n<p>[\/vc_column_text][\/vc_column][\/vc_row]<\/p>\n","protected":false},"excerpt":{"rendered":"<p>[vc_row rt_row_background_width=&#8221;default&#8221; rt_row_style=&#8221;default-style&#8221; rt_row_borders=&#8221;&#8221; rt_row_paddings=&#8221;true&#8221; rt_bg_effect=&#8221;classic&#8221; rt_bg_image_repeat=&#8221;repeat&#8221; rt_bg_size=&#8221;cover&#8221; rt_bg_position=&#8221;right top&#8221; rt_bg_attachment=&#8221;scroll&#8221; rt_bg_video_format=&#8221;self-hosted&#8221;][vc_column rt_wrp_col_paddings=&#8221;false&#8221; rt_border_top=&#8221;&#8221; rt_border_bottom=&#8221;&#8221; rt_border_left=&#8221;&#8221; rt_border_right=&#8221;&#8221; rt_border_top_mobile=&#8221;&#8221; rt_border_bottom_mobile=&#8221;&#8221; rt_border_left_mobile=&#8221;&#8221; rt_border_right_mobile=&#8221;&#8221; rt_bg_image_repeat=&#8221;repeat&#8221; rt_bg_size=&#8221;auto auto&#8221; rt_bg_position=&#8221;right top&#8221; rt_bg_attachment=&#8221;scroll&#8221;][vc_column_text] Programa de Inicia\u00e7\u00e3o Cient\u00edfica e de Inicia\u00e7\u00e3o em Desenvolvimento Tecnol\u00f3gico e Inova\u00e7\u00e3o da USP Guia para Inicia\u00e7\u00e3o Cient\u00edfica e Tecnol\u00f3gica PIBIC e\u00a0PIBITI Pr\u00e9 IC Objetivo:\u00a0\u00a0Promover a cultura cient\u00edfica [&hellip;]<\/p>\n","protected":false},"author":1,"featured_media":0,"parent":0,"menu_order":0,"comment_status":"closed","ping_status":"closed","template":"","meta":{"footnotes":""},"class_list":["post-8392","page","type-page","status-publish","hentry"],"yoast_head":"<!-- This site is optimized with the Yoast SEO plugin v27.1.1 - https:\/\/yoast.com\/product\/yoast-seo-wordpress\/ -->\n<title>Programas - Inicia\u00e7\u00e3o Cient\u00edfica - Comiss\u00e3o de Pesquisa e Inova\u00e7\u00e3o - CPqI<\/title>\n<meta name=\"robots\" content=\"index, follow, max-snippet:-1, max-image-preview:large, max-video-preview:-1\" \/>\n<link rel=\"canonical\" href=\"https:\/\/www.ifsc.usp.br\/cpqi\/programas-iniciacao-cientifica\/\" \/>\n<meta property=\"og:locale\" content=\"pt_BR\" \/>\n<meta property=\"og:type\" content=\"article\" \/>\n<meta property=\"og:title\" content=\"Programas - Inicia\u00e7\u00e3o Cient\u00edfica - Comiss\u00e3o de Pesquisa e Inova\u00e7\u00e3o - CPqI\" \/>\n<meta property=\"og:description\" content=\"[vc_row rt_row_background_width=&#8221;default&#8221; rt_row_style=&#8221;default-style&#8221; rt_row_borders=&#8221;&#8221; rt_row_paddings=&#8221;true&#8221; rt_bg_effect=&#8221;classic&#8221; rt_bg_image_repeat=&#8221;repeat&#8221; rt_bg_size=&#8221;cover&#8221; rt_bg_position=&#8221;right top&#8221; rt_bg_attachment=&#8221;scroll&#8221; rt_bg_video_format=&#8221;self-hosted&#8221;][vc_column rt_wrp_col_paddings=&#8221;false&#8221; rt_border_top=&#8221;&#8221; rt_border_bottom=&#8221;&#8221; rt_border_left=&#8221;&#8221; rt_border_right=&#8221;&#8221; rt_border_top_mobile=&#8221;&#8221; rt_border_bottom_mobile=&#8221;&#8221; rt_border_left_mobile=&#8221;&#8221; rt_border_right_mobile=&#8221;&#8221; rt_bg_image_repeat=&#8221;repeat&#8221; rt_bg_size=&#8221;auto auto&#8221; rt_bg_position=&#8221;right top&#8221; rt_bg_attachment=&#8221;scroll&#8221;][vc_column_text] Programa de Inicia\u00e7\u00e3o Cient\u00edfica e de Inicia\u00e7\u00e3o em Desenvolvimento Tecnol\u00f3gico e Inova\u00e7\u00e3o da USP Guia para Inicia\u00e7\u00e3o Cient\u00edfica e Tecnol\u00f3gica PIBIC e\u00a0PIBITI Pr\u00e9 IC Objetivo:\u00a0\u00a0Promover a cultura cient\u00edfica [&hellip;]\" \/>\n<meta property=\"og:url\" content=\"https:\/\/www.ifsc.usp.br\/cpqi\/programas-iniciacao-cientifica\/\" \/>\n<meta property=\"og:site_name\" content=\"Comiss\u00e3o de Pesquisa e Inova\u00e7\u00e3o - CPqI\" \/>\n<meta property=\"article:modified_time\" content=\"2023-07-26T13:07:21+00:00\" \/>\n<meta name=\"twitter:card\" content=\"summary_large_image\" \/>\n<meta name=\"twitter:label1\" content=\"Est. tempo de leitura\" \/>\n\t<meta name=\"twitter:data1\" content=\"2 minutos\" \/>\n<script type=\"application\/ld+json\" class=\"yoast-schema-graph\">{\"@context\":\"https:\/\/schema.org\",\"@graph\":[{\"@type\":\"WebPage\",\"@id\":\"https:\/\/www.ifsc.usp.br\/cpqi\/programas-iniciacao-cientifica\/\",\"url\":\"https:\/\/www.ifsc.usp.br\/cpqi\/programas-iniciacao-cientifica\/\",\"name\":\"Programas - Inicia\u00e7\u00e3o Cient\u00edfica - Comiss\u00e3o de Pesquisa e Inova\u00e7\u00e3o - CPqI\",\"isPartOf\":{\"@id\":\"https:\/\/www.ifsc.usp.br\/cpqi\/#website\"},\"datePublished\":\"2017-05-17T20:01:11+00:00\",\"dateModified\":\"2023-07-26T13:07:21+00:00\",\"breadcrumb\":{\"@id\":\"https:\/\/www.ifsc.usp.br\/cpqi\/programas-iniciacao-cientifica\/#breadcrumb\"},\"inLanguage\":\"pt-BR\",\"potentialAction\":[{\"@type\":\"ReadAction\",\"target\":[\"https:\/\/www.ifsc.usp.br\/cpqi\/programas-iniciacao-cientifica\/\"]}]},{\"@type\":\"BreadcrumbList\",\"@id\":\"https:\/\/www.ifsc.usp.br\/cpqi\/programas-iniciacao-cientifica\/#breadcrumb\",\"itemListElement\":[{\"@type\":\"ListItem\",\"position\":1,\"name\":\"Home\",\"item\":\"https:\/\/www.ifsc.usp.br\/cpqi\/\"},{\"@type\":\"ListItem\",\"position\":2,\"name\":\"Programas &#8211; Inicia\u00e7\u00e3o Cient\u00edfica\"}]},{\"@type\":\"WebSite\",\"@id\":\"https:\/\/www.ifsc.usp.br\/cpqi\/#website\",\"url\":\"https:\/\/www.ifsc.usp.br\/cpqi\/\",\"name\":\"Comiss\u00e3o de Pesquisa e Inova\u00e7\u00e3o - CPqI\",\"description\":\"Instituto de F\u00edsica de S\u00e3o Carlos\",\"potentialAction\":[{\"@type\":\"SearchAction\",\"target\":{\"@type\":\"EntryPoint\",\"urlTemplate\":\"https:\/\/www.ifsc.usp.br\/cpqi\/?s={search_term_string}\"},\"query-input\":{\"@type\":\"PropertyValueSpecification\",\"valueRequired\":true,\"valueName\":\"search_term_string\"}}],\"inLanguage\":\"pt-BR\"}]}<\/script>\n<!-- \/ Yoast SEO plugin. -->","yoast_head_json":{"title":"Programas - Inicia\u00e7\u00e3o Cient\u00edfica - Comiss\u00e3o de Pesquisa e Inova\u00e7\u00e3o - CPqI","robots":{"index":"index","follow":"follow","max-snippet":"max-snippet:-1","max-image-preview":"max-image-preview:large","max-video-preview":"max-video-preview:-1"},"canonical":"https:\/\/www.ifsc.usp.br\/cpqi\/programas-iniciacao-cientifica\/","og_locale":"pt_BR","og_type":"article","og_title":"Programas - Inicia\u00e7\u00e3o Cient\u00edfica - Comiss\u00e3o de Pesquisa e Inova\u00e7\u00e3o - CPqI","og_description":"[vc_row rt_row_background_width=&#8221;default&#8221; rt_row_style=&#8221;default-style&#8221; rt_row_borders=&#8221;&#8221; rt_row_paddings=&#8221;true&#8221; rt_bg_effect=&#8221;classic&#8221; rt_bg_image_repeat=&#8221;repeat&#8221; rt_bg_size=&#8221;cover&#8221; rt_bg_position=&#8221;right top&#8221; rt_bg_attachment=&#8221;scroll&#8221; rt_bg_video_format=&#8221;self-hosted&#8221;][vc_column rt_wrp_col_paddings=&#8221;false&#8221; rt_border_top=&#8221;&#8221; rt_border_bottom=&#8221;&#8221; rt_border_left=&#8221;&#8221; rt_border_right=&#8221;&#8221; rt_border_top_mobile=&#8221;&#8221; rt_border_bottom_mobile=&#8221;&#8221; rt_border_left_mobile=&#8221;&#8221; rt_border_right_mobile=&#8221;&#8221; rt_bg_image_repeat=&#8221;repeat&#8221; rt_bg_size=&#8221;auto auto&#8221; rt_bg_position=&#8221;right top&#8221; rt_bg_attachment=&#8221;scroll&#8221;][vc_column_text] Programa de Inicia\u00e7\u00e3o Cient\u00edfica e de Inicia\u00e7\u00e3o em Desenvolvimento Tecnol\u00f3gico e Inova\u00e7\u00e3o da USP Guia para Inicia\u00e7\u00e3o Cient\u00edfica e Tecnol\u00f3gica PIBIC e\u00a0PIBITI Pr\u00e9 IC Objetivo:\u00a0\u00a0Promover a cultura cient\u00edfica [&hellip;]","og_url":"https:\/\/www.ifsc.usp.br\/cpqi\/programas-iniciacao-cientifica\/","og_site_name":"Comiss\u00e3o de Pesquisa e Inova\u00e7\u00e3o - CPqI","article_modified_time":"2023-07-26T13:07:21+00:00","twitter_card":"summary_large_image","twitter_misc":{"Est. tempo de leitura":"2 minutos"},"schema":{"@context":"https:\/\/schema.org","@graph":[{"@type":"WebPage","@id":"https:\/\/www.ifsc.usp.br\/cpqi\/programas-iniciacao-cientifica\/","url":"https:\/\/www.ifsc.usp.br\/cpqi\/programas-iniciacao-cientifica\/","name":"Programas - Inicia\u00e7\u00e3o Cient\u00edfica - Comiss\u00e3o de Pesquisa e Inova\u00e7\u00e3o - CPqI","isPartOf":{"@id":"https:\/\/www.ifsc.usp.br\/cpqi\/#website"},"datePublished":"2017-05-17T20:01:11+00:00","dateModified":"2023-07-26T13:07:21+00:00","breadcrumb":{"@id":"https:\/\/www.ifsc.usp.br\/cpqi\/programas-iniciacao-cientifica\/#breadcrumb"},"inLanguage":"pt-BR","potentialAction":[{"@type":"ReadAction","target":["https:\/\/www.ifsc.usp.br\/cpqi\/programas-iniciacao-cientifica\/"]}]},{"@type":"BreadcrumbList","@id":"https:\/\/www.ifsc.usp.br\/cpqi\/programas-iniciacao-cientifica\/#breadcrumb","itemListElement":[{"@type":"ListItem","position":1,"name":"Home","item":"https:\/\/www.ifsc.usp.br\/cpqi\/"},{"@type":"ListItem","position":2,"name":"Programas &#8211; Inicia\u00e7\u00e3o Cient\u00edfica"}]},{"@type":"WebSite","@id":"https:\/\/www.ifsc.usp.br\/cpqi\/#website","url":"https:\/\/www.ifsc.usp.br\/cpqi\/","name":"Comiss\u00e3o de Pesquisa e Inova\u00e7\u00e3o - CPqI","description":"Instituto de F\u00edsica de S\u00e3o Carlos","potentialAction":[{"@type":"SearchAction","target":{"@type":"EntryPoint","urlTemplate":"https:\/\/www.ifsc.usp.br\/cpqi\/?s={search_term_string}"},"query-input":{"@type":"PropertyValueSpecification","valueRequired":true,"valueName":"search_term_string"}}],"inLanguage":"pt-BR"}]}},"_links":{"self":[{"href":"https:\/\/www.ifsc.usp.br\/cpqi\/wp-json\/wp\/v2\/pages\/8392","targetHints":{"allow":["GET"]}}],"collection":[{"href":"https:\/\/www.ifsc.usp.br\/cpqi\/wp-json\/wp\/v2\/pages"}],"about":[{"href":"https:\/\/www.ifsc.usp.br\/cpqi\/wp-json\/wp\/v2\/types\/page"}],"author":[{"embeddable":true,"href":"https:\/\/www.ifsc.usp.br\/cpqi\/wp-json\/wp\/v2\/users\/1"}],"replies":[{"embeddable":true,"href":"https:\/\/www.ifsc.usp.br\/cpqi\/wp-json\/wp\/v2\/comments?post=8392"}],"version-history":[{"count":25,"href":"https:\/\/www.ifsc.usp.br\/cpqi\/wp-json\/wp\/v2\/pages\/8392\/revisions"}],"predecessor-version":[{"id":9618,"href":"https:\/\/www.ifsc.usp.br\/cpqi\/wp-json\/wp\/v2\/pages\/8392\/revisions\/9618"}],"wp:attachment":[{"href":"https:\/\/www.ifsc.usp.br\/cpqi\/wp-json\/wp\/v2\/media?parent=8392"}],"curies":[{"name":"wp","href":"https:\/\/api.w.org\/{rel}","templated":true}]}}