{"id":8438,"date":"2017-05-18T10:53:17","date_gmt":"2017-05-18T13:53:17","guid":{"rendered":"http:\/\/www.ifsc.usp.br\/~cpq\/cpqwp\/?page_id=8438"},"modified":"2024-02-27T17:20:39","modified_gmt":"2024-02-27T20:20:39","slug":"capacitacao-didatica","status":"publish","type":"page","link":"https:\/\/www.ifsc.usp.br\/cpqi\/capacitacao-didatica\/","title":{"rendered":"Capacita\u00e7\u00e3o Did\u00e1tica em Atividades dos Cursos de Gradua\u00e7\u00e3o"},"content":{"rendered":"<p>[vc_row rt_row_background_width=&#8221;default&#8221; rt_row_style=&#8221;default-style&#8221; rt_row_borders=&#8221;&#8221; rt_row_paddings=&#8221;true&#8221; rt_bg_effect=&#8221;classic&#8221; rt_bg_image_repeat=&#8221;repeat&#8221; rt_bg_size=&#8221;cover&#8221; rt_bg_position=&#8221;right top&#8221; rt_bg_attachment=&#8221;scroll&#8221; rt_bg_video_format=&#8221;self-hosted&#8221;][vc_column rt_wrp_col_paddings=&#8221;false&#8221; rt_border_top=&#8221;&#8221; rt_border_bottom=&#8221;&#8221; rt_border_left=&#8221;&#8221; rt_border_right=&#8221;&#8221; rt_border_top_mobile=&#8221;&#8221; rt_border_bottom_mobile=&#8221;&#8221; rt_border_left_mobile=&#8221;&#8221; rt_border_right_mobile=&#8221;&#8221; rt_bg_image_repeat=&#8221;repeat&#8221; rt_bg_size=&#8221;auto auto&#8221; rt_bg_position=&#8221;right top&#8221; rt_bg_attachment=&#8221;scroll&#8221;][vc_column_text]<span class=\"fontstyle0\">Durante o programa de pesquisa, os p\u00f3s-doutorandos e pesquisadores colaboradores regularmente admitidos e inscritos poder\u00e3o participar de capacita\u00e7\u00e3o did\u00e1tica em atividades dos cursos de gradua\u00e7\u00e3o,\u00a0<\/span><span class=\"fontstyle0\">sob supervis\u00e3o de docente da Universidade.<\/span><\/p>\n<p>O Programa tem por objetivo contribuir para o desenvolvimento das compet\u00eancias necess\u00e1rias para o ensino em n\u00edvel superior dos p\u00f3s-doutorandos e pesquisadores colaboradores.<\/p>\n<p>Os participantes poder\u00e3o atuar em aulas pr\u00e1ticas, semin\u00e1rios e aulas de exerc\u00edcios; orienta\u00e7\u00e3o de grupos de estudos e discuss\u00e3o de casos cl\u00ednicos; aplica\u00e7\u00e3o de provas, exames e trabalhos; supervis\u00e3o da aprendizagem dos estudantes, tutoria ou orienta\u00e7\u00e3o de graduandos, inclusive em trabalhos de conclus\u00e3o de curso, atividades de campo e viagens did\u00e1ticas e na prepara\u00e7\u00e3o de material did\u00e1tico.<\/p>\n<p><strong>Inscri\u00e7\u00f5es<\/strong>: o pesquisador deve informar seus dados pessoais e anexar declara\u00e7\u00f5es de anu\u00eancia do supervisor e do docente respons\u00e1vel pela disciplina, al\u00e9m de plano de trabalho a ser desenvolvido no per\u00edodo (modelos dispon\u00edveis na p\u00e1gina de inscri\u00e7\u00e3o). As inscri\u00e7\u00f5es ser\u00e3o avaliadas pela CPqI e pela CG. Verifique o per\u00edodo de inscri\u00e7\u00e3o e as disciplinas dispon\u00edveis.<\/p>\n<p><strong>Per\u00edodo de Inscri\u00e7\u00e3o: AGUARDEM!<\/strong><\/p>\n<p>Consulte <a href=\"https:\/\/www.ifsc.usp.br\/cpq\/wp-content\/uploads\/2023\/07\/PlanilhaDIsciplinas_20232_CapacitacaoDidatica.pdf\">aqui<\/a> as disciplinas oferecidas pelo IFSC neste semestre.<\/p>\n<p><strong>Clique Aqui para realizar sua inscri\u00e7\u00e3o!<br \/>\nINSCRI\u00c7\u00d5ES ENCERRADAS! Aguarde o pr\u00f3ximo semestre.<\/strong><\/p>\n<p>Legisla\u00e7\u00e3o (<a href=\"http:\/\/leginf.usp.br\/?resolucao=resolucao-copq-no-7406-de-03-de-outubro-de-2017\">Resolu\u00e7\u00e3o CoPq 7406\/2017, Artigo 9\u00ba<\/a>)[\/vc_column_text][\/vc_column][\/vc_row]<\/p>\n","protected":false},"excerpt":{"rendered":"<p>[vc_row rt_row_background_width=&#8221;default&#8221; rt_row_style=&#8221;default-style&#8221; rt_row_borders=&#8221;&#8221; rt_row_paddings=&#8221;true&#8221; rt_bg_effect=&#8221;classic&#8221; rt_bg_image_repeat=&#8221;repeat&#8221; rt_bg_size=&#8221;cover&#8221; rt_bg_position=&#8221;right top&#8221; rt_bg_attachment=&#8221;scroll&#8221; rt_bg_video_format=&#8221;self-hosted&#8221;][vc_column rt_wrp_col_paddings=&#8221;false&#8221; rt_border_top=&#8221;&#8221; rt_border_bottom=&#8221;&#8221; rt_border_left=&#8221;&#8221; rt_border_right=&#8221;&#8221; rt_border_top_mobile=&#8221;&#8221; rt_border_bottom_mobile=&#8221;&#8221; rt_border_left_mobile=&#8221;&#8221; rt_border_right_mobile=&#8221;&#8221; rt_bg_image_repeat=&#8221;repeat&#8221; rt_bg_size=&#8221;auto auto&#8221; rt_bg_position=&#8221;right top&#8221; rt_bg_attachment=&#8221;scroll&#8221;][vc_column_text]Durante o programa de pesquisa, os p\u00f3s-doutorandos e pesquisadores colaboradores regularmente admitidos e inscritos poder\u00e3o participar de capacita\u00e7\u00e3o did\u00e1tica em atividades dos cursos de gradua\u00e7\u00e3o,\u00a0sob supervis\u00e3o de docente da [&hellip;]<\/p>\n","protected":false},"author":1,"featured_media":0,"parent":0,"menu_order":0,"comment_status":"closed","ping_status":"closed","template":"","meta":{"footnotes":""},"class_list":["post-8438","page","type-page","status-publish","hentry"],"yoast_head":"<!-- This site is optimized with the Yoast SEO plugin v27.4 - https:\/\/yoast.com\/product\/yoast-seo-wordpress\/ -->\n<title>Capacita\u00e7\u00e3o Did\u00e1tica em Atividades dos Cursos de Gradua\u00e7\u00e3o - Comiss\u00e3o de Pesquisa e Inova\u00e7\u00e3o - CPqI<\/title>\n<meta name=\"robots\" content=\"index, follow, max-snippet:-1, max-image-preview:large, max-video-preview:-1\" \/>\n<link rel=\"canonical\" href=\"https:\/\/www.ifsc.usp.br\/cpqi\/capacitacao-didatica\/\" \/>\n<meta property=\"og:locale\" content=\"pt_BR\" \/>\n<meta property=\"og:type\" content=\"article\" \/>\n<meta property=\"og:title\" content=\"Capacita\u00e7\u00e3o Did\u00e1tica em Atividades dos Cursos de Gradua\u00e7\u00e3o - Comiss\u00e3o de Pesquisa e Inova\u00e7\u00e3o - CPqI\" \/>\n<meta property=\"og:description\" content=\"[vc_row rt_row_background_width=&#8221;default&#8221; rt_row_style=&#8221;default-style&#8221; rt_row_borders=&#8221;&#8221; rt_row_paddings=&#8221;true&#8221; rt_bg_effect=&#8221;classic&#8221; rt_bg_image_repeat=&#8221;repeat&#8221; rt_bg_size=&#8221;cover&#8221; rt_bg_position=&#8221;right top&#8221; rt_bg_attachment=&#8221;scroll&#8221; rt_bg_video_format=&#8221;self-hosted&#8221;][vc_column rt_wrp_col_paddings=&#8221;false&#8221; rt_border_top=&#8221;&#8221; rt_border_bottom=&#8221;&#8221; rt_border_left=&#8221;&#8221; rt_border_right=&#8221;&#8221; rt_border_top_mobile=&#8221;&#8221; rt_border_bottom_mobile=&#8221;&#8221; rt_border_left_mobile=&#8221;&#8221; rt_border_right_mobile=&#8221;&#8221; rt_bg_image_repeat=&#8221;repeat&#8221; rt_bg_size=&#8221;auto auto&#8221; rt_bg_position=&#8221;right top&#8221; rt_bg_attachment=&#8221;scroll&#8221;][vc_column_text]Durante o programa de pesquisa, os p\u00f3s-doutorandos e pesquisadores colaboradores regularmente admitidos e inscritos poder\u00e3o participar de capacita\u00e7\u00e3o did\u00e1tica em atividades dos cursos de gradua\u00e7\u00e3o,\u00a0sob supervis\u00e3o de docente da [&hellip;]\" \/>\n<meta property=\"og:url\" content=\"https:\/\/www.ifsc.usp.br\/cpqi\/capacitacao-didatica\/\" \/>\n<meta property=\"og:site_name\" content=\"Comiss\u00e3o de Pesquisa e Inova\u00e7\u00e3o - CPqI\" \/>\n<meta property=\"article:modified_time\" content=\"2024-02-27T20:20:39+00:00\" \/>\n<meta name=\"twitter:card\" content=\"summary_large_image\" \/>\n<meta name=\"twitter:label1\" content=\"Est. tempo de leitura\" \/>\n\t<meta name=\"twitter:data1\" content=\"2 minutos\" \/>\n<script type=\"application\/ld+json\" class=\"yoast-schema-graph\">{\"@context\":\"https:\\\/\\\/schema.org\",\"@graph\":[{\"@type\":\"WebPage\",\"@id\":\"https:\\\/\\\/www.ifsc.usp.br\\\/cpqi\\\/capacitacao-didatica\\\/\",\"url\":\"https:\\\/\\\/www.ifsc.usp.br\\\/cpqi\\\/capacitacao-didatica\\\/\",\"name\":\"Capacita\u00e7\u00e3o Did\u00e1tica em Atividades dos Cursos de Gradua\u00e7\u00e3o - Comiss\u00e3o de Pesquisa e Inova\u00e7\u00e3o - CPqI\",\"isPartOf\":{\"@id\":\"https:\\\/\\\/www.ifsc.usp.br\\\/cpqi\\\/#website\"},\"datePublished\":\"2017-05-18T13:53:17+00:00\",\"dateModified\":\"2024-02-27T20:20:39+00:00\",\"breadcrumb\":{\"@id\":\"https:\\\/\\\/www.ifsc.usp.br\\\/cpqi\\\/capacitacao-didatica\\\/#breadcrumb\"},\"inLanguage\":\"pt-BR\",\"potentialAction\":[{\"@type\":\"ReadAction\",\"target\":[\"https:\\\/\\\/www.ifsc.usp.br\\\/cpqi\\\/capacitacao-didatica\\\/\"]}]},{\"@type\":\"BreadcrumbList\",\"@id\":\"https:\\\/\\\/www.ifsc.usp.br\\\/cpqi\\\/capacitacao-didatica\\\/#breadcrumb\",\"itemListElement\":[{\"@type\":\"ListItem\",\"position\":1,\"name\":\"Home\",\"item\":\"https:\\\/\\\/www.ifsc.usp.br\\\/cpqi\\\/\"},{\"@type\":\"ListItem\",\"position\":2,\"name\":\"Capacita\u00e7\u00e3o Did\u00e1tica em Atividades dos Cursos de Gradua\u00e7\u00e3o\"}]},{\"@type\":\"WebSite\",\"@id\":\"https:\\\/\\\/www.ifsc.usp.br\\\/cpqi\\\/#website\",\"url\":\"https:\\\/\\\/www.ifsc.usp.br\\\/cpqi\\\/\",\"name\":\"Comiss\u00e3o de Pesquisa e Inova\u00e7\u00e3o - CPqI\",\"description\":\"Instituto de F\u00edsica de S\u00e3o Carlos\",\"potentialAction\":[{\"@type\":\"SearchAction\",\"target\":{\"@type\":\"EntryPoint\",\"urlTemplate\":\"https:\\\/\\\/www.ifsc.usp.br\\\/cpqi\\\/?s={search_term_string}\"},\"query-input\":{\"@type\":\"PropertyValueSpecification\",\"valueRequired\":true,\"valueName\":\"search_term_string\"}}],\"inLanguage\":\"pt-BR\"}]}<\/script>\n<!-- \/ Yoast SEO plugin. -->","yoast_head_json":{"title":"Capacita\u00e7\u00e3o Did\u00e1tica em Atividades dos Cursos de Gradua\u00e7\u00e3o - Comiss\u00e3o de Pesquisa e Inova\u00e7\u00e3o - CPqI","robots":{"index":"index","follow":"follow","max-snippet":"max-snippet:-1","max-image-preview":"max-image-preview:large","max-video-preview":"max-video-preview:-1"},"canonical":"https:\/\/www.ifsc.usp.br\/cpqi\/capacitacao-didatica\/","og_locale":"pt_BR","og_type":"article","og_title":"Capacita\u00e7\u00e3o Did\u00e1tica em Atividades dos Cursos de Gradua\u00e7\u00e3o - Comiss\u00e3o de Pesquisa e Inova\u00e7\u00e3o - CPqI","og_description":"[vc_row rt_row_background_width=&#8221;default&#8221; rt_row_style=&#8221;default-style&#8221; rt_row_borders=&#8221;&#8221; rt_row_paddings=&#8221;true&#8221; rt_bg_effect=&#8221;classic&#8221; rt_bg_image_repeat=&#8221;repeat&#8221; rt_bg_size=&#8221;cover&#8221; rt_bg_position=&#8221;right top&#8221; rt_bg_attachment=&#8221;scroll&#8221; rt_bg_video_format=&#8221;self-hosted&#8221;][vc_column rt_wrp_col_paddings=&#8221;false&#8221; rt_border_top=&#8221;&#8221; rt_border_bottom=&#8221;&#8221; rt_border_left=&#8221;&#8221; rt_border_right=&#8221;&#8221; rt_border_top_mobile=&#8221;&#8221; rt_border_bottom_mobile=&#8221;&#8221; rt_border_left_mobile=&#8221;&#8221; rt_border_right_mobile=&#8221;&#8221; rt_bg_image_repeat=&#8221;repeat&#8221; rt_bg_size=&#8221;auto auto&#8221; rt_bg_position=&#8221;right top&#8221; rt_bg_attachment=&#8221;scroll&#8221;][vc_column_text]Durante o programa de pesquisa, os p\u00f3s-doutorandos e pesquisadores colaboradores regularmente admitidos e inscritos poder\u00e3o participar de capacita\u00e7\u00e3o did\u00e1tica em atividades dos cursos de gradua\u00e7\u00e3o,\u00a0sob supervis\u00e3o de docente da [&hellip;]","og_url":"https:\/\/www.ifsc.usp.br\/cpqi\/capacitacao-didatica\/","og_site_name":"Comiss\u00e3o de Pesquisa e Inova\u00e7\u00e3o - CPqI","article_modified_time":"2024-02-27T20:20:39+00:00","twitter_card":"summary_large_image","twitter_misc":{"Est. tempo de leitura":"2 minutos"},"schema":{"@context":"https:\/\/schema.org","@graph":[{"@type":"WebPage","@id":"https:\/\/www.ifsc.usp.br\/cpqi\/capacitacao-didatica\/","url":"https:\/\/www.ifsc.usp.br\/cpqi\/capacitacao-didatica\/","name":"Capacita\u00e7\u00e3o Did\u00e1tica em Atividades dos Cursos de Gradua\u00e7\u00e3o - Comiss\u00e3o de Pesquisa e Inova\u00e7\u00e3o - CPqI","isPartOf":{"@id":"https:\/\/www.ifsc.usp.br\/cpqi\/#website"},"datePublished":"2017-05-18T13:53:17+00:00","dateModified":"2024-02-27T20:20:39+00:00","breadcrumb":{"@id":"https:\/\/www.ifsc.usp.br\/cpqi\/capacitacao-didatica\/#breadcrumb"},"inLanguage":"pt-BR","potentialAction":[{"@type":"ReadAction","target":["https:\/\/www.ifsc.usp.br\/cpqi\/capacitacao-didatica\/"]}]},{"@type":"BreadcrumbList","@id":"https:\/\/www.ifsc.usp.br\/cpqi\/capacitacao-didatica\/#breadcrumb","itemListElement":[{"@type":"ListItem","position":1,"name":"Home","item":"https:\/\/www.ifsc.usp.br\/cpqi\/"},{"@type":"ListItem","position":2,"name":"Capacita\u00e7\u00e3o Did\u00e1tica em Atividades dos Cursos de Gradua\u00e7\u00e3o"}]},{"@type":"WebSite","@id":"https:\/\/www.ifsc.usp.br\/cpqi\/#website","url":"https:\/\/www.ifsc.usp.br\/cpqi\/","name":"Comiss\u00e3o de Pesquisa e Inova\u00e7\u00e3o - CPqI","description":"Instituto de F\u00edsica de S\u00e3o Carlos","potentialAction":[{"@type":"SearchAction","target":{"@type":"EntryPoint","urlTemplate":"https:\/\/www.ifsc.usp.br\/cpqi\/?s={search_term_string}"},"query-input":{"@type":"PropertyValueSpecification","valueRequired":true,"valueName":"search_term_string"}}],"inLanguage":"pt-BR"}]}},"_links":{"self":[{"href":"https:\/\/www.ifsc.usp.br\/cpqi\/wp-json\/wp\/v2\/pages\/8438","targetHints":{"allow":["GET"]}}],"collection":[{"href":"https:\/\/www.ifsc.usp.br\/cpqi\/wp-json\/wp\/v2\/pages"}],"about":[{"href":"https:\/\/www.ifsc.usp.br\/cpqi\/wp-json\/wp\/v2\/types\/page"}],"author":[{"embeddable":true,"href":"https:\/\/www.ifsc.usp.br\/cpqi\/wp-json\/wp\/v2\/users\/1"}],"replies":[{"embeddable":true,"href":"https:\/\/www.ifsc.usp.br\/cpqi\/wp-json\/wp\/v2\/comments?post=8438"}],"version-history":[{"count":47,"href":"https:\/\/www.ifsc.usp.br\/cpqi\/wp-json\/wp\/v2\/pages\/8438\/revisions"}],"predecessor-version":[{"id":9644,"href":"https:\/\/www.ifsc.usp.br\/cpqi\/wp-json\/wp\/v2\/pages\/8438\/revisions\/9644"}],"wp:attachment":[{"href":"https:\/\/www.ifsc.usp.br\/cpqi\/wp-json\/wp\/v2\/media?parent=8438"}],"curies":[{"name":"wp","href":"https:\/\/api.w.org\/{rel}","templated":true}]}}