{"id":8277,"date":"2017-06-07T11:16:35","date_gmt":"2017-06-07T14:16:35","guid":{"rendered":"http:\/\/www.ifsc.usp.br\/~lavfis\/lavfiswp\/?page_id=8277"},"modified":"2025-09-05T14:34:24","modified_gmt":"2025-09-05T17:34:24","slug":"apostilas","status":"publish","type":"page","link":"https:\/\/www.ifsc.usp.br\/lavfis\/apostilas\/","title":{"rendered":"Experimentos"},"content":{"rendered":"<p>[vc_row rt_row_background_width=&#8221;default&#8221; rt_row_style=&#8221;default-style&#8221; rt_row_borders=&#8221;&#8221; rt_row_paddings=&#8221;true&#8221; rt_bg_effect=&#8221;classic&#8221; rt_bg_image_repeat=&#8221;repeat&#8221; rt_bg_size=&#8221;cover&#8221; rt_bg_position=&#8221;right top&#8221; rt_bg_attachment=&#8221;scroll&#8221; rt_bg_video_format=&#8221;self-hosted&#8221;][vc_column rt_wrp_col_paddings=&#8221;false&#8221; rt_border_top=&#8221;&#8221; rt_border_bottom=&#8221;&#8221; rt_border_left=&#8221;&#8221; rt_border_right=&#8221;&#8221; rt_border_top_mobile=&#8221;&#8221; rt_border_bottom_mobile=&#8221;&#8221; rt_border_left_mobile=&#8221;&#8221; rt_border_right_mobile=&#8221;&#8221; rt_bg_image_repeat=&#8221;repeat&#8221; rt_bg_size=&#8221;auto auto&#8221; rt_bg_position=&#8221;right top&#8221; rt_bg_attachment=&#8221;scroll&#8221;][vc_column_text]<a href=\"http:\/\/www.ifsc.usp.br\/lavfis\/constante-de-planck\/\">Constantes f\u00edsicas fundamentais &#8211; constante de Planck &#8211; rela\u00e7\u00e3o entre energia e frequ\u00eancia de f\u00f3tons &#8211; defini\u00e7\u00e3o do quilograma<\/a><\/p>\n<p><a href=\"http:\/\/www.ifsc.usp.br\/lavfis\/ek\/\">Constantes f\u00edsicas fundamentais &#8211; rela\u00e7\u00e3o carga do el\u00e9tron e constante de Boltzmann (e\/k) &#8211; propor\u00e7\u00e3o relevante em fen\u00f4menos termoel\u00e9tricos e el\u00e9tricos<\/a><\/p>\n<p><a href=\"http:\/\/www.ifsc.usp.br\/lavfis\/velocidade-da-luz\">Constantes f\u00edsicas fundamentais &#8211; velocidade da luz &#8211; limite m\u00e1ximo de velocidade e base do eletromagnetismo &#8211; defini\u00e7\u00e3o do metro<\/a><\/p>\n<p><a href=\"https:\/\/www.ifsc.usp.br\/lavfis\/efeito-faraday\/\">Efeito Faraday &#8211; rota\u00e7\u00e3o do plano de polariza\u00e7\u00e3o pela intera\u00e7\u00e3o da mat\u00e9ria com campo magn\u00e9tico externo<\/a><\/p>\n<p><a href=\"http:\/\/www.ifsc.usp.br\/lavfis\/efeito-fotoeletrico\/\">Efeito Fotoel\u00e9trico &#8211; emiss\u00e3o de el\u00e9trons por superf\u00edcies met\u00e1licas iluminadas por luz &#8211; conceito de f\u00f3ton<\/a><\/p>\n<p><a href=\"http:\/\/www.ifsc.usp.br\/lavfis\/efeito-hall-e-condutividade\/\">Efeito Hall e Condutividade &#8211; deflex\u00e3o de cargas em condutores sob campos magn\u00e9ticos e caracteriza\u00e7\u00e3o de portadores de carga em semicondutores e metais<\/a><\/p>\n<p><a href=\"https:\/\/www.ifsc.usp.br\/lavfis\/efeito-kerr\/\">Efeito Kerr &#8211; rota\u00e7\u00e3o do plano de polariza\u00e7\u00e3o (altera\u00e7\u00e3o do \u00edndice de refra\u00e7\u00e3o) pela intera\u00e7\u00e3o da mat\u00e9ria com campo el\u00e9trico externo<\/a><\/p>\n<p><a href=\"http:\/\/www.ifsc.usp.br\/lavfis\/efeito-zeeman\">Efeito Zeeman &#8211; divis\u00e3o de linhas espectrais emitidas por um \u00e1tomo devido a um campo magn\u00e9tico externo an\u00e1lise atrav\u00e9s de um interfer\u00f4metro de Fabry Perot<\/a><\/p>\n<p><a href=\"https:\/\/www.ifsc.usp.br\/lavfis\/efeitozeemanmonocromador\/\">Efeito Zeeman &#8211; divis\u00e3o de linhas espectrais emitidas por um \u00e1tomo devido a um campo magn\u00e9tico externo an\u00e1lise atrav\u00e9s de um monocromador de alta resolu\u00e7\u00e3o<\/a><\/p>\n<p><a href=\"http:\/\/www.ifsc.usp.br\/lavfis\/emissao-termoionica\">Emiss\u00e3o Termi\u00f4nica &#8211; emiss\u00e3o de el\u00e9trons em metais devido a temperatura<\/a><\/p>\n<p><a href=\"https:\/\/www.ifsc.usp.br\/lavfis\/eletrons\/\">El\u00e9tron : part\u00edcula (raz\u00e3o de sua carga e massa) : onda (difra\u00e7\u00e3o Debye-Scherrer polycrystalline lattice)<\/a><\/p>\n<p><a href=\"https:\/\/www.ifsc.usp.br\/lavfis\/espectroscopia-com-rede-de-difracao\/\">Espectroscopia \u00d3ptica &#8211; emiss\u00e3o (incandesc\u00eancia e luminesc\u00eancia) &#8211; investiga\u00e7\u00e3o de propriedades de \u00e1tomos utilizando goni\u00f4metro de precis\u00e3o e redes de difra\u00e7\u00e3o<\/a><\/p>\n<p><a href=\"https:\/\/www.ifsc.usp.br\/lavfis\/espectroscopia-optica-1\/\">Espectroscopia \u00d3ptica &#8211; emiss\u00e3o (incandesc\u00eancia e luminesc\u00eancia), absor\u00e7\u00e3o e emiss\u00e3o de terras raras &#8211; investiga\u00e7\u00e3o de propriedades de \u00e1tomos e mol\u00e9culas e suas intera\u00e7\u00f5es com a luz utilizando monocromador e lock-in<\/a><\/p>\n<p><a href=\"https:\/\/www.ifsc.usp.br\/lavfis\/espectroscopia-optica-monocromador-emissao-hidrogenio-e-deuterio\/\">Espectroscopia \u00d3ptica &#8211; monocromador de alta resolu\u00e7\u00e3o: emiss\u00e3o hidrog\u00eanio e deut\u00e9rio &#8211; o n\u00eautron<\/a><\/p>\n<p><a href=\"https:\/\/www.ifsc.usp.br\/lavfis\/espectroscopia-optica-2\/\">Espectroscopia \u00d3ptica &#8211; emiss\u00e3o (incandesc\u00eancia e luminesc\u00eancia), absor\u00e7\u00e3o e espalhamento (el\u00e1stico e inel\u00e1stico) &#8211; investiga\u00e7\u00e3o de propriedades de \u00e1tomos e mol\u00e9culas e suas intera\u00e7\u00f5es com a luz utilizando espectr\u00f4metro da empresa Ocean Optics<\/a><\/p>\n<p><a href=\"https:\/\/www.ifsc.usp.br\/lavfis\/espectroscopia-optica-1-2\/\">Espectroscopia \u00d3ptica &#8211; espalhamento Raman &#8211; espalhamento inel\u00e1stico da luz por mol\u00e9culas<\/a><\/p>\n<p><a href=\"https:\/\/www.ifsc.usp.br\/lavfis\/impedancia\">Espectroscopia de imped\u00e2ncia RLC<\/a><\/p>\n<p><a href=\"http:\/\/www.ifsc.usp.br\/lavfis\/franck-hertz\/\">Experimento de Franck-Hertz &#8211; valida\u00e7\u00e3o experimental de n\u00edveis de energia discretos em \u00e1tomos &#8211; colis\u00f5es inel\u00e1sticas de el\u00e9trons excitando \u00e1tomos<\/a><\/p>\n<p><a href=\"http:\/\/www.ifsc.usp.br\/lavfis\/millikan\/\">Experimento de Millikan &#8211; determina\u00e7\u00e3o da carga fundamental do el\u00e9tron e sua quantiza\u00e7\u00e3o &#8211; medida da carga do el\u00e9tron usando gotas de \u00f3leo<\/a><\/p>\n<p><a href=\"https:\/\/www.ifsc.usp.br\/lavfis\/fisicanuclear\">F\u00edsica Nuclear &#8211; Espectroscopia Gama e Flutua\u00e7\u00e3o Estat\u00edstica<\/a><\/p>\n<p><a href=\"http:\/\/www.ifsc.usp.br\/lavfis\/interferometro-de-fabry-perot\/\">Interfer\u00f4metro de Fabry-Perot &#8211; interfer\u00eancia da luz em cavidade \u00f3ptica &#8211; controle e medida de comprimento de onda da luz com alta resolu\u00e7\u00e3o<\/a><\/p>\n<p><a href=\"http:\/\/www.ifsc.usp.br\/lavfis\/interferometro-de-michelson\/\">Interfer\u00f4metro de Michelson &#8211; interfer\u00eancia da luz em cavidade \u00f3ptica com divisor de feixe &#8211; controle e medida de comprimento de onda da luz com alta resolu\u00e7\u00e3o<\/a><\/p>\n<p><a href=\"http:\/\/www.ifsc.usp.br\/lavfis\/interferometro-por-transformada-de-fourier\">Interfer\u00f4metro Michelson e Transformada de Fourier &#8211; Espectroscopia Por Transformada De Fourier &#8211; interfer\u00eancia da luz em cavidade \u00f3ptica com divisor de feixe &#8211; controle e medida de comprimento de onda da luz com alta resolu\u00e7\u00e3o &#8211; processamento matem\u00e1tico<\/a><\/p>\n<p><a href=\"https:\/\/www.ifsc.usp.br\/lavfis\/laser-nd\/\">LASER<\/a><\/p>\n<p><a href=\"http:\/\/www.ifsc.usp.br\/lavfis\/microondas\">Micro-ondas &#8211; gera\u00e7\u00e3o e fen\u00f4menos associados a radia\u00e7\u00e3o em frequ\u00eancias de micro-ondas<\/a><\/p>\n<p><a href=\"http:\/\/www.ifsc.usp.br\/lavfis\/radiacao-de-corpo-negro\/\">Radia\u00e7\u00e3o de Corpo Negro &#8211; caracteriza\u00e7\u00e3o de radia\u00e7\u00e3o t\u00e9rmica de corpos a diferentes temperaturas<\/a><\/p>\n<p><a href=\"http:\/\/www.ifsc.usp.br\/lavfis\/difracao-de-raios-x-basico\/\">Raios-X &#8211; gera\u00e7\u00e3o de raios-X e suas intera\u00e7\u00f5es com a mat\u00e9ria<\/a><\/p>\n<p><a href=\"http:\/\/www.ifsc.usp.br\/lavfis\/ressonancia-paramagnetica-eletronica\">Resson\u00e2ncia Paramagn\u00e9tica Eletr\u00f4nica (EPR) &#8211; investiga\u00e7\u00e3o de el\u00e9trons desemparelhados em sistemas qu\u00edmicos<\/a><\/p>\n<p>&nbsp;<\/p>\n<p><a href=\"https:\/\/www.ifsc.usp.br\/lavfis\/stm\/\">Scanning Tunneling Microscope (STM)<\/a><\/p>\n<p><a href=\"https:\/\/www.ifsc.usp.br\/lavfis\/absorcao-uv-vis\/\">Absor\u00e7\u00e3o UV-VIS<\/a><\/p>\n<p><a href=\"https:\/\/www.ifsc.usp.br\/lavfis\/quantica\/\">Quantica<\/a><\/p>\n<p>&nbsp;<\/p>\n<p><em><strong>Automatiza\u00e7\u00e3o:<\/strong><\/em><\/p>\n<p><em>National Instruments:<\/em><\/p>\n<p><a href=\"https:\/\/www.ifsc.usp.br\/lavfis\/wp-content\/uploads\/2025\/08\/usb-6008_specifications-National-Instruments.pdf\">usb-6008 specifications National Instruments<\/a><\/p>\n<p><a href=\"https:\/\/www.lsi.usp.br\/labview\/\">labview<\/a><\/p>\n<p><em>Arduino:<\/em><\/p>\n<p><a href=\"https:\/\/www.ifsc.usp.br\/lavfis\/wp-content\/uploads\/2025\/08\/LM358_100_GAIN_OPERATIONAL_AMPLIFIER_MODULE.pdf\">LM358_100_GAIN_OPERATIONAL_AMPLIFIER_MODULE<\/a><\/p>\n<p><a href=\"https:\/\/www.ifsc.usp.br\/lavfis\/wp-content\/uploads\/2025\/08\/max6675-Cold-Junction-Compensated-K-Thermocoupleto-Digital-Converter_.pdf\">Cold-Junction-Compensated K Thermocoupleto Digital Converter (0\u00b0C to +1024\u00b0C)<\/a><\/p>\n<p>&nbsp;<\/p>\n<p>&nbsp;<\/p>\n<p><a href=\"https:\/\/glasgowneuro.github.io\/usbdux\/\">USB based DAQ for Linux<\/a><\/p>\n<p>&nbsp;<\/p>\n<p>Bibliografia:<\/p>\n<p><a href=\"https:\/\/web.pdx.edu\/~pmoeck\/books\/Tipler_Llewellyn.pdf\">Modern Physics<\/a><\/p>\n<p><a href=\"https:\/\/www.andrew.cmu.edu\/user\/bbji\/Desktop\/University%20Physics%20with%20Modern%20Physics%2015th%20Edition%20By%20Hugh%20D.%20Young_compressed.pdf\">University Physics with Modern Physics<\/a><\/p>\n<p><a href=\"http:\/\/www.eyd3.com\/wp-content\/uploads\/2023\/09\/Adrian-C.-Melissinos-Jim-Napolitano-Experiments-in-modern-physics-Academic-Press.pdf\">Experiments in Modern Physics<\/a><\/p>\n<p><a href=\"https:\/\/archive.org\/details\/adrian-c.-melissinos-jim-napolitano-experiments-in-modern-physics-academic-press\/page\/178\/mode\/2up\">Experiments in Modern Physics<\/a><\/p>\n<p><a href=\"https:\/\/books.google.com.br\/books\/about\/Experiments_in_Modern_Physics.html?id=eTK1lX_oCUcC&amp;redir_esc=y\">Experiments in Modern Physics<\/a><\/p>\n<p><a href=\"https:\/\/www.ifsc.usp.br\/lavfis\/wp-content\/uploads\/2024\/08\/Poster1_tamanhoA1.pdf\">Part\u00edculas fundamentais e intera\u00e7\u00f5es<\/a><\/p>\n<p><a href=\"https:\/\/www.ifsc.usp.br\/lavfis\/wp-content\/uploads\/2024\/08\/Poster2_tamanhoA1.pdf\">Espectro eletromagn\u00e9tico<\/a><\/p>\n<p><a href=\"https:\/\/www.ifsc.usp.br\/lavfis\/wp-content\/uploads\/2024\/09\/Sistema-Internacional-de-Unidades-SI.pdf\">Sistema Internacional de Unidades SI<\/a><\/p>\n<p><a href=\"https:\/\/pml.nist.gov\/cuu\/Constants\/\">Fundamental constants<\/a><\/p>\n<p><a href=\"https:\/\/archive.org\/details\/leybold-physics-apparatus-for-teaching-purposes-1964-catalog\/Leybold_Physics-Apparatus-for-Teaching-Purposes_1964_Catalog\/page\/170\/mode\/2up\">Leybold Physics Apparatus For Teaching Purposes (1964) Product Catalog<\/a><\/p>\n<p><a href=\"https:\/\/www.ifsc.usp.br\/lavfis\/wp-content\/uploads\/2024\/09\/Fundamental-Physical-Constants-Extensive-Listing-2018.pdf\">Fundamental Physical Constants &#8211; Extensive Listing 2018<\/a>[\/vc_column_text][\/vc_column][\/vc_row]<\/p>\n","protected":false},"excerpt":{"rendered":"<p>[vc_row rt_row_background_width=&#8221;default&#8221; rt_row_style=&#8221;default-style&#8221; rt_row_borders=&#8221;&#8221; rt_row_paddings=&#8221;true&#8221; rt_bg_effect=&#8221;classic&#8221; rt_bg_image_repeat=&#8221;repeat&#8221; rt_bg_size=&#8221;cover&#8221; rt_bg_position=&#8221;right top&#8221; rt_bg_attachment=&#8221;scroll&#8221; rt_bg_video_format=&#8221;self-hosted&#8221;][vc_column rt_wrp_col_paddings=&#8221;false&#8221; rt_border_top=&#8221;&#8221; rt_border_bottom=&#8221;&#8221; rt_border_left=&#8221;&#8221; rt_border_right=&#8221;&#8221; rt_border_top_mobile=&#8221;&#8221; rt_border_bottom_mobile=&#8221;&#8221; rt_border_left_mobile=&#8221;&#8221; rt_border_right_mobile=&#8221;&#8221; rt_bg_image_repeat=&#8221;repeat&#8221; rt_bg_size=&#8221;auto auto&#8221; rt_bg_position=&#8221;right top&#8221; rt_bg_attachment=&#8221;scroll&#8221;][vc_column_text]Constantes f\u00edsicas fundamentais &#8211; constante de Planck &#8211; rela\u00e7\u00e3o entre energia e frequ\u00eancia de f\u00f3tons &#8211; defini\u00e7\u00e3o do quilograma Constantes f\u00edsicas fundamentais &#8211; rela\u00e7\u00e3o carga do el\u00e9tron e constante [&hellip;]<\/p>\n","protected":false},"author":2,"featured_media":0,"parent":0,"menu_order":0,"comment_status":"closed","ping_status":"closed","template":"","meta":{"footnotes":""},"class_list":["post-8277","page","type-page","status-publish","hentry"],"_links":{"self":[{"href":"https:\/\/www.ifsc.usp.br\/lavfis\/wp-json\/wp\/v2\/pages\/8277","targetHints":{"allow":["GET"]}}],"collection":[{"href":"https:\/\/www.ifsc.usp.br\/lavfis\/wp-json\/wp\/v2\/pages"}],"about":[{"href":"https:\/\/www.ifsc.usp.br\/lavfis\/wp-json\/wp\/v2\/types\/page"}],"author":[{"embeddable":true,"href":"https:\/\/www.ifsc.usp.br\/lavfis\/wp-json\/wp\/v2\/users\/2"}],"replies":[{"embeddable":true,"href":"https:\/\/www.ifsc.usp.br\/lavfis\/wp-json\/wp\/v2\/comments?post=8277"}],"version-history":[{"count":89,"href":"https:\/\/www.ifsc.usp.br\/lavfis\/wp-json\/wp\/v2\/pages\/8277\/revisions"}],"predecessor-version":[{"id":11004,"href":"https:\/\/www.ifsc.usp.br\/lavfis\/wp-json\/wp\/v2\/pages\/8277\/revisions\/11004"}],"wp:attachment":[{"href":"https:\/\/www.ifsc.usp.br\/lavfis\/wp-json\/wp\/v2\/media?parent=8277"}],"curies":[{"name":"wp","href":"https:\/\/api.w.org\/{rel}","templated":true}]}}