{"id":1180,"date":"2024-01-22T16:35:45","date_gmt":"2024-01-22T19:35:45","guid":{"rendered":"https:\/\/www.ifsc.usp.br\/~lef\/wplef\/?page_id=1180"},"modified":"2024-09-14T13:38:10","modified_gmt":"2024-09-14T16:38:10","slug":"apostilas","status":"publish","type":"page","link":"https:\/\/www.ifsc.usp.br\/lef\/index.php\/apostilas\/","title":{"rendered":"Apostilas"},"content":{"rendered":"\t\t<div data-elementor-type=\"wp-page\" data-elementor-id=\"1180\" class=\"elementor elementor-1180\">\n\t\t\t\t\t\t<section class=\"elementor-section elementor-top-section elementor-element elementor-element-f532b3c elementor-section-boxed elementor-section-height-default elementor-section-height-default\" data-id=\"f532b3c\" data-element_type=\"section\">\n\t\t\t\t\t\t<div class=\"elementor-container elementor-column-gap-default\">\n\t\t\t\t\t<div class=\"elementor-column elementor-col-100 elementor-top-column elementor-element elementor-element-e849077\" data-id=\"e849077\" data-element_type=\"column\">\n\t\t\t<div class=\"elementor-widget-wrap elementor-element-populated\">\n\t\t\t\t\t\t<div class=\"elementor-element elementor-element-ac65d16 elementor-widget__width-inherit elementor-invisible elementor-widget elementor-widget-text-editor\" data-id=\"ac65d16\" data-element_type=\"widget\" data-settings=\"{&quot;_animation&quot;:&quot;fadeInDown&quot;}\" data-widget_type=\"text-editor.default\">\n\t\t\t\t<div class=\"elementor-widget-container\">\n\t\t\t\t\t\t\t\t\t<p>Caro aluno,<\/p><p>Voc\u00ea ir\u00e1 receber a apostila IMPRESSA no primeiro dia de aula pr\u00e1tica. Caso voc\u00ea n\u00e3o compare\u00e7a nesta aula, procure o t\u00e9cnico de laborat\u00f3rio que ir\u00e1 assessorar o professor durante as aulas ou, aguarde at\u00e9 a pr\u00f3xima aula pr\u00e1tica.<\/p>\t\t\t\t\t\t\t\t<\/div>\n\t\t\t\t<\/div>\n\t\t\t\t\t<\/div>\n\t\t<\/div>\n\t\t\t\t\t<\/div>\n\t\t<\/section>\n\t\t\t\t<section class=\"elementor-section elementor-top-section elementor-element elementor-element-bfe38e4 elementor-section-boxed elementor-section-height-default elementor-section-height-default\" data-id=\"bfe38e4\" data-element_type=\"section\">\n\t\t\t\t\t\t<div class=\"elementor-container elementor-column-gap-default\">\n\t\t\t\t\t<div class=\"elementor-column elementor-col-100 elementor-top-column elementor-element elementor-element-1509bdb\" data-id=\"1509bdb\" data-element_type=\"column\">\n\t\t\t<div class=\"elementor-widget-wrap elementor-element-populated\">\n\t\t\t\t\t\t<div class=\"elementor-element elementor-element-c2dbf43 elementor-widget elementor-widget-toggle\" data-id=\"c2dbf43\" data-element_type=\"widget\" data-widget_type=\"toggle.default\">\n\t\t\t\t<div class=\"elementor-widget-container\">\n\t\t\t\t\t\t\t<div class=\"elementor-toggle\">\n\t\t\t\t\t\t\t<div class=\"elementor-toggle-item\">\n\t\t\t\t\t<div id=\"elementor-tab-title-2041\" class=\"elementor-tab-title\" data-tab=\"1\" role=\"button\" aria-controls=\"elementor-tab-content-2041\" aria-expanded=\"false\">\n\t\t\t\t\t\t\t\t\t\t\t\t<span class=\"elementor-toggle-icon elementor-toggle-icon-left\" aria-hidden=\"true\">\n\t\t\t\t\t\t\t\t\t\t\t\t\t\t\t<span class=\"elementor-toggle-icon-closed\"><i class=\"fas fa-caret-right\"><\/i><\/span>\n\t\t\t\t\t\t\t\t<span class=\"elementor-toggle-icon-opened\"><i class=\"elementor-toggle-icon-opened fas fa-caret-up\"><\/i><\/span>\n\t\t\t\t\t\t\t\t\t\t\t\t\t<\/span>\n\t\t\t\t\t\t\t\t\t\t\t\t<a class=\"elementor-toggle-title\" tabindex=\"0\">Apostilas para alunos do Bacharelado em F\u00edsica<\/a>\n\t\t\t\t\t<\/div>\n\n\t\t\t\t\t<div id=\"elementor-tab-content-2041\" class=\"elementor-tab-content elementor-clearfix\" data-tab=\"1\" role=\"region\" aria-labelledby=\"elementor-tab-title-2041\"><p>\u00a0<a href=\"http:\/\/www.ifsc.usp.br\/lef\/download\/apostilas\/fisicai-2017.pdf\" target=\"_blank\" rel=\"noopener\">* Apostila de F\u00edsica I (vers\u00e3o 2017)<\/a>\u00a0<\/p><p><a href=\"http:\/\/www.ifsc.usp.br\/lef\/download\/apostilas\/fisicaii-2018.pdf\" target=\"_blank\" rel=\"noopener\">* Apostila de F\u00edsica II (vers\u00e3o 2018)<\/a><\/p><p><a href=\"https:\/\/www.ifsc.usp.br\/lef\/wp-content\/uploads\/2024\/03\/LabFisicaIII-2024-Tomaz-Euclydes-Tannus.pdf\" target=\"_blank\" rel=\"noopener\">* Apostila de F\u00edsica III (vers\u00e3o 2023)<\/a><\/p><p><a href=\"http:\/\/www.ifsc.usp.br\/lef\/download\/apostilas\/fisicaiii-200815.pdf\" target=\"_blank\" rel=\"noopener\">* Apostila de F\u00edsica III (vers\u00e3o 2014)<\/a><\/p><p><a href=\"http:\/\/www.ifsc.usp.br\/lef\/download\/apostilas\/fisicaiv-200815.pdf\" target=\"_blank\" rel=\"noopener\">* Apostila de F\u00edsica IV (vers\u00e3o 2013)<\/a><\/p><p><a href=\"http:\/\/www.ifsc.usp.br\/lef\/download\/apostilas\/apostilaEletronicaMagon2019-v6.pdf\" target=\"_blank\" rel=\"noopener\">* Apostila de Eletr\u00f4nica (vers\u00e3o 2019-v.5)<\/a><\/p><\/div>\n\t\t\t\t<\/div>\n\t\t\t\t\t\t\t<div class=\"elementor-toggle-item\">\n\t\t\t\t\t<div id=\"elementor-tab-title-2042\" class=\"elementor-tab-title\" data-tab=\"2\" role=\"button\" aria-controls=\"elementor-tab-content-2042\" aria-expanded=\"false\">\n\t\t\t\t\t\t\t\t\t\t\t\t<span class=\"elementor-toggle-icon elementor-toggle-icon-left\" aria-hidden=\"true\">\n\t\t\t\t\t\t\t\t\t\t\t\t\t\t\t<span class=\"elementor-toggle-icon-closed\"><i class=\"fas fa-caret-right\"><\/i><\/span>\n\t\t\t\t\t\t\t\t<span class=\"elementor-toggle-icon-opened\"><i class=\"elementor-toggle-icon-opened fas fa-caret-up\"><\/i><\/span>\n\t\t\t\t\t\t\t\t\t\t\t\t\t<\/span>\n\t\t\t\t\t\t\t\t\t\t\t\t<a class=\"elementor-toggle-title\" tabindex=\"0\">Apostilas para alunos dos demais cursos do Campus<\/a>\n\t\t\t\t\t<\/div>\n\n\t\t\t\t\t<div id=\"elementor-tab-content-2042\" class=\"elementor-tab-content elementor-clearfix\" data-tab=\"2\" role=\"region\" aria-labelledby=\"elementor-tab-title-2042\"><p><a href=\"http:\/\/www.ifsc.usp.br\/lef\/download\/apostilas\/labfisicageraliii_2022.pdf\" target=\"_blank\" rel=\"noopener\">* Apostila de F\u00eds\u00edca Geral III (vers\u00e3o 2022)<\/a><\/p><p><a href=\"http:\/\/www.ifsc.usp.br\/lef\/download\/apostilas\/fisicaiv-quimicos.pdf\" target=\"_blank\" rel=\"noopener\">* Apostila de F\u00edsica IV &#8211; Qu\u00edmicos (vers\u00e3o 2015)<\/a><\/p><p>* <a href=\"http:\/\/www.ifsc.usp.br\/lef\/download\/apostilas\/slc629-labfluidostermod-2020.pdf\" target=\"_blank\" rel=\"noopener\">Apostila de Flu\u00eddos e Termodin\u00e2mica (vers\u00e3o 2020)<\/a><\/p><\/div>\n\t\t\t\t<\/div>\n\t\t\t\t\t\t\t\t<\/div>\n\t\t\t\t\t\t<\/div>\n\t\t\t\t<\/div>\n\t\t\t\t\t<\/div>\n\t\t<\/div>\n\t\t\t\t\t<\/div>\n\t\t<\/section>\n\t\t\t\t<section class=\"elementor-section elementor-top-section elementor-element elementor-element-264d5de elementor-section-boxed elementor-section-height-default elementor-section-height-default\" data-id=\"264d5de\" data-element_type=\"section\">\n\t\t\t\t\t\t<div class=\"elementor-container elementor-column-gap-default\">\n\t\t\t\t\t<div class=\"elementor-column elementor-col-100 elementor-top-column elementor-element elementor-element-045315d\" data-id=\"045315d\" data-element_type=\"column\">\n\t\t\t<div class=\"elementor-widget-wrap elementor-element-populated\">\n\t\t\t\t\t\t<div class=\"elementor-element elementor-element-323ac26 elementor-widget__width-inherit elementor-invisible elementor-widget elementor-widget-text-editor\" data-id=\"323ac26\" data-element_type=\"widget\" data-settings=\"{&quot;_animation&quot;:&quot;fadeInUp&quot;}\" data-widget_type=\"text-editor.default\">\n\t\t\t\t<div class=\"elementor-widget-container\">\n\t\t\t\t\t\t\t\t\t<p>Outros conte\u00fados podem ser encontrados no<strong> <a href=\"https:\/\/repositorio.ifsc.usp.br\/\" target=\"_blank\" rel=\"noopener\">Repos\u00edt\u00f3rio Institucional IFSC<\/a>\u00a0<\/strong><\/p>\t\t\t\t\t\t\t\t<\/div>\n\t\t\t\t<\/div>\n\t\t\t\t\t<\/div>\n\t\t<\/div>\n\t\t\t\t\t<\/div>\n\t\t<\/section>\n\t\t\t\t<\/div>\n\t\t","protected":false},"excerpt":{"rendered":"<p>Caro aluno, Voc\u00ea ir\u00e1 receber a apostila IMPRESSA no primeiro dia de aula pr\u00e1tica. Caso voc\u00ea n\u00e3o compare\u00e7a nesta aula, procure o t\u00e9cnico de laborat\u00f3rio que ir\u00e1 assessorar o professor durante as aulas ou, aguarde at\u00e9 a pr\u00f3xima aula pr\u00e1tica. Apostilas para alunos do Bacharelado em F\u00edsica \u00a0* Apostila de F\u00edsica I (vers\u00e3o 2017)\u00a0 * [&hellip;]<\/p>\n","protected":false},"author":1,"featured_media":0,"parent":0,"menu_order":0,"comment_status":"closed","ping_status":"closed","template":"","meta":{"footnotes":""},"class_list":["post-1180","page","type-page","status-publish","hentry"],"_links":{"self":[{"href":"https:\/\/www.ifsc.usp.br\/lef\/index.php\/wp-json\/wp\/v2\/pages\/1180","targetHints":{"allow":["GET"]}}],"collection":[{"href":"https:\/\/www.ifsc.usp.br\/lef\/index.php\/wp-json\/wp\/v2\/pages"}],"about":[{"href":"https:\/\/www.ifsc.usp.br\/lef\/index.php\/wp-json\/wp\/v2\/types\/page"}],"author":[{"embeddable":true,"href":"https:\/\/www.ifsc.usp.br\/lef\/index.php\/wp-json\/wp\/v2\/users\/1"}],"replies":[{"embeddable":true,"href":"https:\/\/www.ifsc.usp.br\/lef\/index.php\/wp-json\/wp\/v2\/comments?post=1180"}],"version-history":[{"count":52,"href":"https:\/\/www.ifsc.usp.br\/lef\/index.php\/wp-json\/wp\/v2\/pages\/1180\/revisions"}],"predecessor-version":[{"id":1994,"href":"https:\/\/www.ifsc.usp.br\/lef\/index.php\/wp-json\/wp\/v2\/pages\/1180\/revisions\/1994"}],"wp:attachment":[{"href":"https:\/\/www.ifsc.usp.br\/lef\/index.php\/wp-json\/wp\/v2\/media?parent=1180"}],"curies":[{"name":"wp","href":"https:\/\/api.w.org\/{rel}","templated":true}]}}