{"id":1492,"date":"2024-02-21T09:37:53","date_gmt":"2024-02-21T12:37:53","guid":{"rendered":"https:\/\/www.ifsc.usp.br\/~lef\/wplef\/?page_id=1492"},"modified":"2024-02-21T10:36:18","modified_gmt":"2024-02-21T13:36:18","slug":"eletronica","status":"publish","type":"page","link":"https:\/\/www.ifsc.usp.br\/lef\/index.php\/eletronica\/","title":{"rendered":"Eletr\u00f4nica"},"content":{"rendered":"\t\t<div data-elementor-type=\"wp-page\" data-elementor-id=\"1492\" class=\"elementor elementor-1492\">\n\t\t\t\t\t\t<section class=\"elementor-section elementor-top-section elementor-element elementor-element-6541f0e elementor-section-boxed elementor-section-height-default elementor-section-height-default\" data-id=\"6541f0e\" data-element_type=\"section\">\n\t\t\t\t\t\t<div class=\"elementor-container elementor-column-gap-default\">\n\t\t\t\t\t<div class=\"elementor-column elementor-col-66 elementor-top-column elementor-element elementor-element-2a237d3\" data-id=\"2a237d3\" data-element_type=\"column\">\n\t\t\t<div class=\"elementor-widget-wrap elementor-element-populated\">\n\t\t\t\t\t\t<div class=\"elementor-element elementor-element-b5a717f elementor-invisible elementor-widget elementor-widget-heading\" data-id=\"b5a717f\" data-element_type=\"widget\" data-settings=\"{&quot;_animation&quot;:&quot;zoomIn&quot;}\" data-widget_type=\"heading.default\">\n\t\t\t\t<div class=\"elementor-widget-container\">\n\t\t\t\t\t<h2 class=\"elementor-heading-title elementor-size-default\">Eletr\u00f4nica<\/h2>\t\t\t\t<\/div>\n\t\t\t\t<\/div>\n\t\t\t\t<div class=\"elementor-element elementor-element-52b9b39 elementor-invisible elementor-widget elementor-widget-text-editor\" data-id=\"52b9b39\" data-element_type=\"widget\" data-settings=\"{&quot;_animation&quot;:&quot;fadeInLeft&quot;}\" data-widget_type=\"text-editor.default\">\n\t\t\t\t<div class=\"elementor-widget-container\">\n\t\t\t\t\t\t\t\t\t<p><strong><span style=\"color: #2b519a;\">Objetivos<\/span><\/strong><br \/>Introduzir conceitos b\u00e1sicos de circuitos eletr\u00f4nicos abrangendo principalmente a parte anal\u00f3gica, conhecimentos b\u00e1sicos de l\u00f3gica digital, arquitetura, programa\u00e7\u00e3o e interfaceamento de microprocessadores, capacitando-o a desenvolver pequenos projetos de interfaces e instrumenta\u00e7\u00e3o microprocessada.<\/p>\t\t\t\t\t\t\t\t<\/div>\n\t\t\t\t<\/div>\n\t\t\t\t\t<\/div>\n\t\t<\/div>\n\t\t\t\t<div class=\"elementor-column elementor-col-33 elementor-top-column elementor-element elementor-element-33c8f7a\" data-id=\"33c8f7a\" data-element_type=\"column\">\n\t\t\t<div class=\"elementor-widget-wrap elementor-element-populated\">\n\t\t\t\t\t\t<div class=\"elementor-element elementor-element-dda2fd7 elementor-invisible elementor-widget elementor-widget-image\" data-id=\"dda2fd7\" data-element_type=\"widget\" data-settings=\"{&quot;_animation&quot;:&quot;fadeInRight&quot;}\" data-widget_type=\"image.default\">\n\t\t\t\t<div class=\"elementor-widget-container\">\n\t\t\t\t\t\t\t\t\t\t\t\t\t\t\t<img fetchpriority=\"high\" decoding=\"async\" width=\"580\" height=\"435\" src=\"https:\/\/www.ifsc.usp.br\/lef\/wp-content\/uploads\/2022\/02\/img_0585-1024x768.jpg\" class=\"attachment-large size-large wp-image-749\" alt=\"\" srcset=\"https:\/\/www.ifsc.usp.br\/lef\/wp-content\/uploads\/2022\/02\/img_0585-1024x768.jpg 1024w, https:\/\/www.ifsc.usp.br\/lef\/wp-content\/uploads\/2022\/02\/img_0585-300x225.jpg 300w, https:\/\/www.ifsc.usp.br\/lef\/wp-content\/uploads\/2022\/02\/img_0585-768x576.jpg 768w, https:\/\/www.ifsc.usp.br\/lef\/wp-content\/uploads\/2022\/02\/img_0585-1536x1152.jpg 1536w, https:\/\/www.ifsc.usp.br\/lef\/wp-content\/uploads\/2022\/02\/img_0585-2048x1536.jpg 2048w, https:\/\/www.ifsc.usp.br\/lef\/wp-content\/uploads\/2022\/02\/img_0585-1200x900.jpg 1200w, https:\/\/www.ifsc.usp.br\/lef\/wp-content\/uploads\/2022\/02\/img_0585-1980x1485.jpg 1980w\" sizes=\"(max-width: 580px) 100vw, 580px\" \/>\t\t\t\t\t\t\t\t\t\t\t\t\t\t\t<\/div>\n\t\t\t\t<\/div>\n\t\t\t\t\t<\/div>\n\t\t<\/div>\n\t\t\t\t\t<\/div>\n\t\t<\/section>\n\t\t\t\t<section class=\"elementor-section elementor-top-section elementor-element elementor-element-e393875 elementor-section-boxed elementor-section-height-default elementor-section-height-default\" data-id=\"e393875\" data-element_type=\"section\">\n\t\t\t\t\t\t<div class=\"elementor-container elementor-column-gap-default\">\n\t\t\t\t\t<div class=\"elementor-column elementor-col-100 elementor-top-column elementor-element elementor-element-89e49b1\" data-id=\"89e49b1\" data-element_type=\"column\">\n\t\t\t<div class=\"elementor-widget-wrap elementor-element-populated\">\n\t\t\t\t\t\t<div class=\"elementor-element elementor-element-9c1bea1 elementor-widget elementor-widget-toggle\" data-id=\"9c1bea1\" data-element_type=\"widget\" data-widget_type=\"toggle.default\">\n\t\t\t\t<div class=\"elementor-widget-container\">\n\t\t\t\t\t\t\t<div class=\"elementor-toggle\">\n\t\t\t\t\t\t\t<div class=\"elementor-toggle-item\">\n\t\t\t\t\t<div id=\"elementor-tab-title-1631\" class=\"elementor-tab-title\" data-tab=\"1\" role=\"button\" aria-controls=\"elementor-tab-content-1631\" aria-expanded=\"false\">\n\t\t\t\t\t\t\t\t\t\t\t\t<span class=\"elementor-toggle-icon elementor-toggle-icon-left\" aria-hidden=\"true\">\n\t\t\t\t\t\t\t\t\t\t\t\t\t\t\t<span class=\"elementor-toggle-icon-closed\"><i class=\"fas fa-caret-right\"><\/i><\/span>\n\t\t\t\t\t\t\t\t<span class=\"elementor-toggle-icon-opened\"><i class=\"elementor-toggle-icon-opened fas fa-caret-up\"><\/i><\/span>\n\t\t\t\t\t\t\t\t\t\t\t\t\t<\/span>\n\t\t\t\t\t\t\t\t\t\t\t\t<a class=\"elementor-toggle-title\" tabindex=\"0\">Programa Resumido<\/a>\n\t\t\t\t\t<\/div>\n\n\t\t\t\t\t<div id=\"elementor-tab-content-1631\" class=\"elementor-tab-content elementor-clearfix\" data-tab=\"1\" role=\"region\" aria-labelledby=\"elementor-tab-title-1631\"><p>&#8211; Circuitos de Corrente Cont\u00ednua, Circuitos de Corrente Alternada, Filtros RC, Diodos e Retificadores, Reguladores de Tens\u00e3o, Transistores, Circuitos baseados em Amplificadores Operacionais, Circuitos Opto-eletr\u00f4nicos, Circuitos com Transistores de Efeito de Campo, Ru\u00eddo, Amplificador Lock-In e Circuitos L\u00f3gicos.<br \/>&#8211; Sistemas de numera\u00e7\u00e3o e c\u00f3digos.<br \/>&#8211; Transistores, portas l\u00f3gicas; \u00e1lgebra booleana; circuitos l\u00f3gicos.<br \/>&#8211; O microcontrolador 8031 e o m\u00f3dulo SDM 9431.<br \/>&#8211; Linguagem de m\u00e1quina e linguagem de montagem.<br \/>&#8211; Opera\u00e7\u00e3o do m\u00f3dulo SDM 9431.<br \/>&#8211; Instru\u00e7\u00f5es para o microcontrolador 8031.<br \/>&#8211; Revis\u00e3o da arquitetura do microcontrolador 8031 e das principais instru\u00e7\u00f5es para o 8031.<br \/>&#8211; Esquema de funcionamento dos conversores digital-anal\u00f3gico (D\/A) e an\u00e1logo-digital (A\/D).<br \/>&#8211; Microcomputadores e microcontroladores.<br \/>&#8211; Temporizadores internos e contadores no 8031.<br \/>&#8211; Uso das portas do microcontrolador 8031.<\/p><\/div>\n\t\t\t\t<\/div>\n\t\t\t\t\t\t\t<div class=\"elementor-toggle-item\">\n\t\t\t\t\t<div id=\"elementor-tab-title-1632\" class=\"elementor-tab-title\" data-tab=\"2\" role=\"button\" aria-controls=\"elementor-tab-content-1632\" aria-expanded=\"false\">\n\t\t\t\t\t\t\t\t\t\t\t\t<span class=\"elementor-toggle-icon elementor-toggle-icon-left\" aria-hidden=\"true\">\n\t\t\t\t\t\t\t\t\t\t\t\t\t\t\t<span class=\"elementor-toggle-icon-closed\"><i class=\"fas fa-caret-right\"><\/i><\/span>\n\t\t\t\t\t\t\t\t<span class=\"elementor-toggle-icon-opened\"><i class=\"elementor-toggle-icon-opened fas fa-caret-up\"><\/i><\/span>\n\t\t\t\t\t\t\t\t\t\t\t\t\t<\/span>\n\t\t\t\t\t\t\t\t\t\t\t\t<a class=\"elementor-toggle-title\" tabindex=\"0\">Download<\/a>\n\t\t\t\t\t<\/div>\n\n\t\t\t\t\t<div id=\"elementor-tab-content-1632\" class=\"elementor-tab-content elementor-clearfix\" data-tab=\"2\" role=\"region\" aria-labelledby=\"elementor-tab-title-1632\"><p><a href=\"https:\/\/fritzing.org\/\" target=\"_blank\" rel=\"noopener\">&#8211; Montar circuito\/protoboard<\/a>\u00a0<\/p><p><a href=\"https:\/\/www.zeitnitz.eu\/scope_en\" target=\"_blank\" rel=\"noopener\">&#8211; Oscilosc\u00f3pio<\/a>\u00a0(recebe dados a partir da placa de som)<\/p><\/div>\n\t\t\t\t<\/div>\n\t\t\t\t\t\t\t\t<\/div>\n\t\t\t\t\t\t<\/div>\n\t\t\t\t<\/div>\n\t\t\t\t\t<\/div>\n\t\t<\/div>\n\t\t\t\t\t<\/div>\n\t\t<\/section>\n\t\t\t\t<\/div>\n\t\t","protected":false},"excerpt":{"rendered":"<p>Eletr\u00f4nica ObjetivosIntroduzir conceitos b\u00e1sicos de circuitos eletr\u00f4nicos abrangendo principalmente a parte anal\u00f3gica, conhecimentos b\u00e1sicos de l\u00f3gica digital, arquitetura, programa\u00e7\u00e3o e interfaceamento de microprocessadores, capacitando-o a desenvolver pequenos projetos de interfaces e instrumenta\u00e7\u00e3o microprocessada. Programa Resumido &#8211; Circuitos de Corrente Cont\u00ednua, Circuitos de Corrente Alternada, Filtros RC, Diodos e Retificadores, Reguladores de Tens\u00e3o, Transistores, Circuitos baseados [&hellip;]<\/p>\n","protected":false},"author":1,"featured_media":0,"parent":0,"menu_order":0,"comment_status":"closed","ping_status":"closed","template":"templates\/template-full-width.php","meta":{"footnotes":""},"class_list":["post-1492","page","type-page","status-publish","hentry"],"_links":{"self":[{"href":"https:\/\/www.ifsc.usp.br\/lef\/index.php\/wp-json\/wp\/v2\/pages\/1492","targetHints":{"allow":["GET"]}}],"collection":[{"href":"https:\/\/www.ifsc.usp.br\/lef\/index.php\/wp-json\/wp\/v2\/pages"}],"about":[{"href":"https:\/\/www.ifsc.usp.br\/lef\/index.php\/wp-json\/wp\/v2\/types\/page"}],"author":[{"embeddable":true,"href":"https:\/\/www.ifsc.usp.br\/lef\/index.php\/wp-json\/wp\/v2\/users\/1"}],"replies":[{"embeddable":true,"href":"https:\/\/www.ifsc.usp.br\/lef\/index.php\/wp-json\/wp\/v2\/comments?post=1492"}],"version-history":[{"count":15,"href":"https:\/\/www.ifsc.usp.br\/lef\/index.php\/wp-json\/wp\/v2\/pages\/1492\/revisions"}],"predecessor-version":[{"id":1537,"href":"https:\/\/www.ifsc.usp.br\/lef\/index.php\/wp-json\/wp\/v2\/pages\/1492\/revisions\/1537"}],"wp:attachment":[{"href":"https:\/\/www.ifsc.usp.br\/lef\/index.php\/wp-json\/wp\/v2\/media?parent=1492"}],"curies":[{"name":"wp","href":"https:\/\/api.w.org\/{rel}","templated":true}]}}