{"id":650,"date":"2022-02-10T16:26:37","date_gmt":"2022-02-10T19:26:37","guid":{"rendered":"https:\/\/www.ifsc.usp.br\/~lef\/wplef\/?page_id=650"},"modified":"2025-03-06T17:13:02","modified_gmt":"2025-03-06T20:13:02","slug":"laboratorios-2","status":"publish","type":"page","link":"https:\/\/www.ifsc.usp.br\/lef\/index.php\/laboratorios-2\/","title":{"rendered":"Laborat\u00f3rios"},"content":{"rendered":"\t\t<div data-elementor-type=\"wp-page\" data-elementor-id=\"650\" class=\"elementor elementor-650\">\n\t\t\t\t\t\t<section class=\"elementor-section elementor-top-section elementor-element elementor-element-6ef460d elementor-section-boxed elementor-section-height-default elementor-section-height-default\" data-id=\"6ef460d\" data-element_type=\"section\">\n\t\t\t\t\t\t<div class=\"elementor-container elementor-column-gap-default\">\n\t\t\t\t\t<div class=\"elementor-column elementor-col-25 elementor-top-column elementor-element elementor-element-1cd22c8\" data-id=\"1cd22c8\" data-element_type=\"column\">\n\t\t\t<div class=\"elementor-widget-wrap elementor-element-populated\">\n\t\t\t\t\t\t<div class=\"elementor-element elementor-element-e000185 elementor-invisible elementor-widget elementor-widget-image\" data-id=\"e000185\" data-element_type=\"widget\" data-settings=\"{&quot;_animation&quot;:&quot;fadeInDown&quot;}\" data-widget_type=\"image.default\">\n\t\t\t\t<div class=\"elementor-widget-container\">\n\t\t\t\t\t\t\t\t\t\t\t\t<figure class=\"wp-caption\">\n\t\t\t\t\t\t\t\t\t\t\t<a href=\"https:\/\/www.ifsc.usp.br\/lef\/index.php\/fisica-geral\/\" target=\"_blank\">\n\t\t\t\t\t\t\t<img fetchpriority=\"high\" decoding=\"async\" width=\"580\" height=\"435\" src=\"https:\/\/www.ifsc.usp.br\/lef\/wp-content\/uploads\/2024\/05\/WhatsApp-Image-2024-05-08-at-09.36.43-1024x768.jpeg\" class=\"elementor-animation-pulse attachment-large size-large wp-image-1849\" alt=\"\" srcset=\"https:\/\/www.ifsc.usp.br\/lef\/wp-content\/uploads\/2024\/05\/WhatsApp-Image-2024-05-08-at-09.36.43-1024x768.jpeg 1024w, https:\/\/www.ifsc.usp.br\/lef\/wp-content\/uploads\/2024\/05\/WhatsApp-Image-2024-05-08-at-09.36.43-300x225.jpeg 300w, https:\/\/www.ifsc.usp.br\/lef\/wp-content\/uploads\/2024\/05\/WhatsApp-Image-2024-05-08-at-09.36.43-768x576.jpeg 768w, https:\/\/www.ifsc.usp.br\/lef\/wp-content\/uploads\/2024\/05\/WhatsApp-Image-2024-05-08-at-09.36.43-1536x1152.jpeg 1536w, https:\/\/www.ifsc.usp.br\/lef\/wp-content\/uploads\/2024\/05\/WhatsApp-Image-2024-05-08-at-09.36.43-1200x900.jpeg 1200w, https:\/\/www.ifsc.usp.br\/lef\/wp-content\/uploads\/2024\/05\/WhatsApp-Image-2024-05-08-at-09.36.43.jpeg 1600w\" sizes=\"(max-width: 580px) 100vw, 580px\" \/>\t\t\t\t\t\t\t\t<\/a>\n\t\t\t\t\t\t\t\t\t\t\t<figcaption class=\"widget-image-caption wp-caption-text\">F\u00edsica Geral<\/figcaption>\n\t\t\t\t\t\t\t\t\t\t<\/figure>\n\t\t\t\t\t\t\t\t\t<\/div>\n\t\t\t\t<\/div>\n\t\t\t\t\t<\/div>\n\t\t<\/div>\n\t\t\t\t<div class=\"elementor-column elementor-col-25 elementor-top-column elementor-element elementor-element-55f5504\" data-id=\"55f5504\" data-element_type=\"column\">\n\t\t\t<div class=\"elementor-widget-wrap elementor-element-populated\">\n\t\t\t\t\t\t<div class=\"elementor-element elementor-element-485dcb0 elementor-invisible elementor-widget elementor-widget-image\" data-id=\"485dcb0\" data-element_type=\"widget\" data-settings=\"{&quot;_animation&quot;:&quot;fadeInDown&quot;}\" data-widget_type=\"image.default\">\n\t\t\t\t<div class=\"elementor-widget-container\">\n\t\t\t\t\t\t\t\t\t\t\t\t<figure class=\"wp-caption\">\n\t\t\t\t\t\t\t\t\t\t\t<a href=\"https:\/\/www.ifsc.usp.br\/lef\/index.php\/eletricidade\/\" target=\"_blank\">\n\t\t\t\t\t\t\t<img decoding=\"async\" width=\"580\" height=\"437\" src=\"https:\/\/www.ifsc.usp.br\/lef\/wp-content\/uploads\/2025\/03\/lab208-eletricidade-1024x771.jpg\" class=\"elementor-animation-pulse attachment-large size-large wp-image-2046\" alt=\"\" srcset=\"https:\/\/www.ifsc.usp.br\/lef\/wp-content\/uploads\/2025\/03\/lab208-eletricidade-1024x771.jpg 1024w, https:\/\/www.ifsc.usp.br\/lef\/wp-content\/uploads\/2025\/03\/lab208-eletricidade-300x226.jpg 300w, https:\/\/www.ifsc.usp.br\/lef\/wp-content\/uploads\/2025\/03\/lab208-eletricidade-768x578.jpg 768w, https:\/\/www.ifsc.usp.br\/lef\/wp-content\/uploads\/2025\/03\/lab208-eletricidade-1536x1157.jpg 1536w, https:\/\/www.ifsc.usp.br\/lef\/wp-content\/uploads\/2025\/03\/lab208-eletricidade-2048x1542.jpg 2048w, https:\/\/www.ifsc.usp.br\/lef\/wp-content\/uploads\/2025\/03\/lab208-eletricidade-1200x904.jpg 1200w, https:\/\/www.ifsc.usp.br\/lef\/wp-content\/uploads\/2025\/03\/lab208-eletricidade-1980x1491.jpg 1980w\" sizes=\"(max-width: 580px) 100vw, 580px\" \/>\t\t\t\t\t\t\t\t<\/a>\n\t\t\t\t\t\t\t\t\t\t\t<figcaption class=\"widget-image-caption wp-caption-text\">Eletricidade<\/figcaption>\n\t\t\t\t\t\t\t\t\t\t<\/figure>\n\t\t\t\t\t\t\t\t\t<\/div>\n\t\t\t\t<\/div>\n\t\t\t\t\t<\/div>\n\t\t<\/div>\n\t\t\t\t<div class=\"elementor-column elementor-col-25 elementor-top-column elementor-element elementor-element-77a12a7\" data-id=\"77a12a7\" data-element_type=\"column\">\n\t\t\t<div class=\"elementor-widget-wrap elementor-element-populated\">\n\t\t\t\t\t\t<div class=\"elementor-element elementor-element-8a87fdb elementor-invisible elementor-widget elementor-widget-image\" data-id=\"8a87fdb\" data-element_type=\"widget\" data-settings=\"{&quot;_animation&quot;:&quot;fadeInDown&quot;}\" data-widget_type=\"image.default\">\n\t\t\t\t<div class=\"elementor-widget-container\">\n\t\t\t\t\t\t\t\t\t\t\t\t<figure class=\"wp-caption\">\n\t\t\t\t\t\t\t\t\t\t\t<a href=\"https:\/\/www.ifsc.usp.br\/lef\/index.php\/eletronica\/\" target=\"_blank\">\n\t\t\t\t\t\t\t<img decoding=\"async\" width=\"580\" height=\"435\" src=\"https:\/\/www.ifsc.usp.br\/lef\/wp-content\/uploads\/2022\/02\/LabEletronica.jpg\" class=\"elementor-animation-pulse attachment-large size-large wp-image-683\" alt=\"\" srcset=\"https:\/\/www.ifsc.usp.br\/lef\/wp-content\/uploads\/2022\/02\/LabEletronica.jpg 1024w, https:\/\/www.ifsc.usp.br\/lef\/wp-content\/uploads\/2022\/02\/LabEletronica-300x225.jpg 300w, https:\/\/www.ifsc.usp.br\/lef\/wp-content\/uploads\/2022\/02\/LabEletronica-768x576.jpg 768w\" sizes=\"(max-width: 580px) 100vw, 580px\" \/>\t\t\t\t\t\t\t\t<\/a>\n\t\t\t\t\t\t\t\t\t\t\t<figcaption class=\"widget-image-caption wp-caption-text\">Eletr\u00f4nica<\/figcaption>\n\t\t\t\t\t\t\t\t\t\t<\/figure>\n\t\t\t\t\t\t\t\t\t<\/div>\n\t\t\t\t<\/div>\n\t\t\t\t\t<\/div>\n\t\t<\/div>\n\t\t\t\t<div class=\"elementor-column elementor-col-25 elementor-top-column elementor-element elementor-element-3101d82\" data-id=\"3101d82\" data-element_type=\"column\">\n\t\t\t<div class=\"elementor-widget-wrap elementor-element-populated\">\n\t\t\t\t\t\t<div class=\"elementor-element elementor-element-26674ff elementor-invisible elementor-widget elementor-widget-image\" data-id=\"26674ff\" data-element_type=\"widget\" data-settings=\"{&quot;_animation&quot;:&quot;fadeInDown&quot;}\" data-widget_type=\"image.default\">\n\t\t\t\t<div class=\"elementor-widget-container\">\n\t\t\t\t\t\t\t\t\t\t\t\t<figure class=\"wp-caption\">\n\t\t\t\t\t\t\t\t\t\t\t<a href=\"https:\/\/www.ifsc.usp.br\/lef\/index.php\/optica\/\" target=\"_blank\">\n\t\t\t\t\t\t\t<img loading=\"lazy\" decoding=\"async\" width=\"580\" height=\"435\" src=\"https:\/\/www.ifsc.usp.br\/lef\/wp-content\/uploads\/2022\/02\/LabOtica.jpg\" class=\"elementor-animation-pulse attachment-large size-large wp-image-649\" alt=\"\" srcset=\"https:\/\/www.ifsc.usp.br\/lef\/wp-content\/uploads\/2022\/02\/LabOtica.jpg 1024w, https:\/\/www.ifsc.usp.br\/lef\/wp-content\/uploads\/2022\/02\/LabOtica-300x225.jpg 300w, https:\/\/www.ifsc.usp.br\/lef\/wp-content\/uploads\/2022\/02\/LabOtica-768x576.jpg 768w\" sizes=\"(max-width: 580px) 100vw, 580px\" \/>\t\t\t\t\t\t\t\t<\/a>\n\t\t\t\t\t\t\t\t\t\t\t<figcaption class=\"widget-image-caption wp-caption-text\">\u00d3ptica<\/figcaption>\n\t\t\t\t\t\t\t\t\t\t<\/figure>\n\t\t\t\t\t\t\t\t\t<\/div>\n\t\t\t\t<\/div>\n\t\t\t\t\t<\/div>\n\t\t<\/div>\n\t\t\t\t\t<\/div>\n\t\t<\/section>\n\t\t\t\t<section class=\"elementor-section elementor-top-section elementor-element elementor-element-c15164c elementor-section-boxed elementor-section-height-default elementor-section-height-default\" data-id=\"c15164c\" data-element_type=\"section\">\n\t\t\t\t\t\t<div class=\"elementor-container elementor-column-gap-default\">\n\t\t\t\t\t<div class=\"elementor-column elementor-col-100 elementor-top-column elementor-element elementor-element-9a772ef\" data-id=\"9a772ef\" data-element_type=\"column\">\n\t\t\t<div class=\"elementor-widget-wrap elementor-element-populated\">\n\t\t\t\t\t\t<div class=\"elementor-element elementor-element-1168c1a elementor-widget elementor-widget-spacer\" data-id=\"1168c1a\" data-element_type=\"widget\" data-widget_type=\"spacer.default\">\n\t\t\t\t<div class=\"elementor-widget-container\">\n\t\t\t\t\t\t\t<div class=\"elementor-spacer\">\n\t\t\t<div class=\"elementor-spacer-inner\"><\/div>\n\t\t<\/div>\n\t\t\t\t\t\t<\/div>\n\t\t\t\t<\/div>\n\t\t\t\t\t<\/div>\n\t\t<\/div>\n\t\t\t\t\t<\/div>\n\t\t<\/section>\n\t\t\t\t<section class=\"elementor-section elementor-top-section elementor-element elementor-element-77a153a elementor-section-boxed elementor-section-height-default elementor-section-height-default\" data-id=\"77a153a\" data-element_type=\"section\">\n\t\t\t\t\t\t<div class=\"elementor-container elementor-column-gap-default\">\n\t\t\t\t\t<div class=\"elementor-column elementor-col-25 elementor-top-column elementor-element elementor-element-3183f44\" data-id=\"3183f44\" data-element_type=\"column\">\n\t\t\t<div class=\"elementor-widget-wrap elementor-element-populated\">\n\t\t\t\t\t\t<div class=\"elementor-element elementor-element-18f9935 elementor-invisible elementor-widget elementor-widget-image\" data-id=\"18f9935\" data-element_type=\"widget\" data-settings=\"{&quot;_animation&quot;:&quot;fadeInUp&quot;}\" data-widget_type=\"image.default\">\n\t\t\t\t<div class=\"elementor-widget-container\">\n\t\t\t\t\t\t\t\t\t\t\t\t<figure class=\"wp-caption\">\n\t\t\t\t\t\t\t\t\t\t<img loading=\"lazy\" decoding=\"async\" width=\"580\" height=\"435\" src=\"https:\/\/www.ifsc.usp.br\/lef\/wp-content\/uploads\/2022\/02\/lab302-4-1024x768.jpg\" class=\"elementor-animation-pulse attachment-large size-large wp-image-753\" alt=\"\" srcset=\"https:\/\/www.ifsc.usp.br\/lef\/wp-content\/uploads\/2022\/02\/lab302-4-1024x768.jpg 1024w, https:\/\/www.ifsc.usp.br\/lef\/wp-content\/uploads\/2022\/02\/lab302-4-300x225.jpg 300w, https:\/\/www.ifsc.usp.br\/lef\/wp-content\/uploads\/2022\/02\/lab302-4-768x576.jpg 768w, https:\/\/www.ifsc.usp.br\/lef\/wp-content\/uploads\/2022\/02\/lab302-4-1536x1152.jpg 1536w, https:\/\/www.ifsc.usp.br\/lef\/wp-content\/uploads\/2022\/02\/lab302-4-2048x1536.jpg 2048w, https:\/\/www.ifsc.usp.br\/lef\/wp-content\/uploads\/2022\/02\/lab302-4-1200x900.jpg 1200w, https:\/\/www.ifsc.usp.br\/lef\/wp-content\/uploads\/2022\/02\/lab302-4-1980x1485.jpg 1980w\" sizes=\"(max-width: 580px) 100vw, 580px\" \/>\t\t\t\t\t\t\t\t\t\t\t<figcaption class=\"widget-image-caption wp-caption-text\">Apoio ao Ensino F\u00edsica<\/figcaption>\n\t\t\t\t\t\t\t\t\t\t<\/figure>\n\t\t\t\t\t\t\t\t\t<\/div>\n\t\t\t\t<\/div>\n\t\t\t\t\t<\/div>\n\t\t<\/div>\n\t\t\t\t<div class=\"elementor-column elementor-col-25 elementor-top-column elementor-element elementor-element-0cc5449\" data-id=\"0cc5449\" data-element_type=\"column\">\n\t\t\t<div class=\"elementor-widget-wrap elementor-element-populated\">\n\t\t\t\t\t\t<div class=\"elementor-element elementor-element-9f34a73 elementor-invisible elementor-widget elementor-widget-image\" data-id=\"9f34a73\" data-element_type=\"widget\" data-settings=\"{&quot;_animation&quot;:&quot;fadeInUp&quot;}\" data-widget_type=\"image.default\">\n\t\t\t\t<div class=\"elementor-widget-container\">\n\t\t\t\t\t\t\t\t\t\t\t\t<figure class=\"wp-caption\">\n\t\t\t\t\t\t\t\t\t\t\t<a href=\"http:\/\/www.ifsc.usp.br\/lavfis\" target=\"_blank\">\n\t\t\t\t\t\t\t<img loading=\"lazy\" decoding=\"async\" width=\"580\" height=\"435\" src=\"https:\/\/www.ifsc.usp.br\/lef\/wp-content\/uploads\/2022\/02\/avancado-2022-1-768x576.jpg\" class=\"elementor-animation-pulse attachment-medium_large size-medium_large wp-image-942\" alt=\"\" srcset=\"https:\/\/www.ifsc.usp.br\/lef\/wp-content\/uploads\/2022\/02\/avancado-2022-1-768x576.jpg 768w, https:\/\/www.ifsc.usp.br\/lef\/wp-content\/uploads\/2022\/02\/avancado-2022-1-300x225.jpg 300w, https:\/\/www.ifsc.usp.br\/lef\/wp-content\/uploads\/2022\/02\/avancado-2022-1-1024x768.jpg 1024w, https:\/\/www.ifsc.usp.br\/lef\/wp-content\/uploads\/2022\/02\/avancado-2022-1-1536x1152.jpg 1536w, https:\/\/www.ifsc.usp.br\/lef\/wp-content\/uploads\/2022\/02\/avancado-2022-1-2048x1536.jpg 2048w, https:\/\/www.ifsc.usp.br\/lef\/wp-content\/uploads\/2022\/02\/avancado-2022-1-1200x900.jpg 1200w, https:\/\/www.ifsc.usp.br\/lef\/wp-content\/uploads\/2022\/02\/avancado-2022-1-1980x1485.jpg 1980w\" sizes=\"(max-width: 580px) 100vw, 580px\" \/>\t\t\t\t\t\t\t\t<\/a>\n\t\t\t\t\t\t\t\t\t\t\t<figcaption class=\"widget-image-caption wp-caption-text\">Avan\u00e7ado<\/figcaption>\n\t\t\t\t\t\t\t\t\t\t<\/figure>\n\t\t\t\t\t\t\t\t\t<\/div>\n\t\t\t\t<\/div>\n\t\t\t\t\t<\/div>\n\t\t<\/div>\n\t\t\t\t<div class=\"elementor-column elementor-col-25 elementor-top-column elementor-element elementor-element-b0c8fb1\" data-id=\"b0c8fb1\" data-element_type=\"column\">\n\t\t\t<div class=\"elementor-widget-wrap elementor-element-populated\">\n\t\t\t\t\t\t<div class=\"elementor-element elementor-element-5c668e8 elementor-invisible elementor-widget elementor-widget-image\" data-id=\"5c668e8\" data-element_type=\"widget\" data-settings=\"{&quot;_animation&quot;:&quot;fadeInUp&quot;}\" data-widget_type=\"image.default\">\n\t\t\t\t<div class=\"elementor-widget-container\">\n\t\t\t\t\t\t\t\t\t\t\t\t<figure class=\"wp-caption\">\n\t\t\t\t\t\t\t\t\t\t\t<a href=\"https:\/\/www.ifsc.usp.br\/lef\/index.php\/laboratorios-de-computacao\/\" target=\"_blank\">\n\t\t\t\t\t\t\t<img loading=\"lazy\" decoding=\"async\" width=\"580\" height=\"435\" src=\"https:\/\/www.ifsc.usp.br\/lef\/wp-content\/uploads\/2022\/02\/lab206-2022-1024x768.jpg\" class=\"elementor-animation-pulse attachment-large size-large wp-image-938\" alt=\"\" srcset=\"https:\/\/www.ifsc.usp.br\/lef\/wp-content\/uploads\/2022\/02\/lab206-2022-1024x768.jpg 1024w, https:\/\/www.ifsc.usp.br\/lef\/wp-content\/uploads\/2022\/02\/lab206-2022-300x225.jpg 300w, https:\/\/www.ifsc.usp.br\/lef\/wp-content\/uploads\/2022\/02\/lab206-2022-768x576.jpg 768w, https:\/\/www.ifsc.usp.br\/lef\/wp-content\/uploads\/2022\/02\/lab206-2022-1536x1152.jpg 1536w, https:\/\/www.ifsc.usp.br\/lef\/wp-content\/uploads\/2022\/02\/lab206-2022-2048x1536.jpg 2048w, https:\/\/www.ifsc.usp.br\/lef\/wp-content\/uploads\/2022\/02\/lab206-2022-1200x900.jpg 1200w, https:\/\/www.ifsc.usp.br\/lef\/wp-content\/uploads\/2022\/02\/lab206-2022-1980x1485.jpg 1980w\" sizes=\"(max-width: 580px) 100vw, 580px\" \/>\t\t\t\t\t\t\t\t<\/a>\n\t\t\t\t\t\t\t\t\t\t\t<figcaption class=\"widget-image-caption wp-caption-text\">Computa\u00e7\u00e3o<\/figcaption>\n\t\t\t\t\t\t\t\t\t\t<\/figure>\n\t\t\t\t\t\t\t\t\t<\/div>\n\t\t\t\t<\/div>\n\t\t\t\t\t<\/div>\n\t\t<\/div>\n\t\t\t\t<div class=\"elementor-column elementor-col-25 elementor-top-column elementor-element elementor-element-d9dc42c\" data-id=\"d9dc42c\" data-element_type=\"column\">\n\t\t\t<div class=\"elementor-widget-wrap elementor-element-populated\">\n\t\t\t\t\t\t<div class=\"elementor-element elementor-element-3ac6c8d elementor-invisible elementor-widget elementor-widget-image\" data-id=\"3ac6c8d\" data-element_type=\"widget\" data-settings=\"{&quot;_animation&quot;:&quot;fadeInUp&quot;}\" data-widget_type=\"image.default\">\n\t\t\t\t<div class=\"elementor-widget-container\">\n\t\t\t\t\t\t\t\t\t\t\t\t<figure class=\"wp-caption\">\n\t\t\t\t\t\t\t\t\t\t\t<a href=\"http:\/\/biologia.ifsc.usp.br\" target=\"_blank\">\n\t\t\t\t\t\t\t<img loading=\"lazy\" decoding=\"async\" width=\"580\" height=\"435\" src=\"https:\/\/www.ifsc.usp.br\/lef\/wp-content\/uploads\/2022\/02\/00001-1024x768.jpg\" class=\"elementor-animation-pulse attachment-large size-large wp-image-735\" alt=\"\" srcset=\"https:\/\/www.ifsc.usp.br\/lef\/wp-content\/uploads\/2022\/02\/00001-1024x768.jpg 1024w, https:\/\/www.ifsc.usp.br\/lef\/wp-content\/uploads\/2022\/02\/00001-300x225.jpg 300w, https:\/\/www.ifsc.usp.br\/lef\/wp-content\/uploads\/2022\/02\/00001-768x576.jpg 768w, https:\/\/www.ifsc.usp.br\/lef\/wp-content\/uploads\/2022\/02\/00001-1536x1152.jpg 1536w, https:\/\/www.ifsc.usp.br\/lef\/wp-content\/uploads\/2022\/02\/00001-1200x900.jpg 1200w, https:\/\/www.ifsc.usp.br\/lef\/wp-content\/uploads\/2022\/02\/00001.jpg 1600w\" sizes=\"(max-width: 580px) 100vw, 580px\" \/>\t\t\t\t\t\t\t\t<\/a>\n\t\t\t\t\t\t\t\t\t\t\t<figcaption class=\"widget-image-caption wp-caption-text\">Biologia<\/figcaption>\n\t\t\t\t\t\t\t\t\t\t<\/figure>\n\t\t\t\t\t\t\t\t\t<\/div>\n\t\t\t\t<\/div>\n\t\t\t\t\t<\/div>\n\t\t<\/div>\n\t\t\t\t\t<\/div>\n\t\t<\/section>\n\t\t\t\t<\/div>\n\t\t","protected":false},"excerpt":{"rendered":"<p>F\u00edsica Geral Eletricidade Eletr\u00f4nica \u00d3ptica Apoio ao Ensino F\u00edsica Avan\u00e7ado Computa\u00e7\u00e3o Biologia<\/p>\n","protected":false},"author":1,"featured_media":0,"parent":0,"menu_order":0,"comment_status":"closed","ping_status":"closed","template":"templates\/template-full-width.php","meta":{"footnotes":""},"class_list":["post-650","page","type-page","status-publish","hentry"],"_links":{"self":[{"href":"https:\/\/www.ifsc.usp.br\/lef\/index.php\/wp-json\/wp\/v2\/pages\/650","targetHints":{"allow":["GET"]}}],"collection":[{"href":"https:\/\/www.ifsc.usp.br\/lef\/index.php\/wp-json\/wp\/v2\/pages"}],"about":[{"href":"https:\/\/www.ifsc.usp.br\/lef\/index.php\/wp-json\/wp\/v2\/types\/page"}],"author":[{"embeddable":true,"href":"https:\/\/www.ifsc.usp.br\/lef\/index.php\/wp-json\/wp\/v2\/users\/1"}],"replies":[{"embeddable":true,"href":"https:\/\/www.ifsc.usp.br\/lef\/index.php\/wp-json\/wp\/v2\/comments?post=650"}],"version-history":[{"count":308,"href":"https:\/\/www.ifsc.usp.br\/lef\/index.php\/wp-json\/wp\/v2\/pages\/650\/revisions"}],"predecessor-version":[{"id":2049,"href":"https:\/\/www.ifsc.usp.br\/lef\/index.php\/wp-json\/wp\/v2\/pages\/650\/revisions\/2049"}],"wp:attachment":[{"href":"https:\/\/www.ifsc.usp.br\/lef\/index.php\/wp-json\/wp\/v2\/media?parent=650"}],"curies":[{"name":"wp","href":"https:\/\/api.w.org\/{rel}","templated":true}]}}