{"id":1051,"date":"2021-09-19T21:13:56","date_gmt":"2021-09-20T00:13:56","guid":{"rendered":"https:\/\/www.ifsc.usp.br\/lemaf\/?page_id=1051"},"modified":"2021-09-19T21:53:37","modified_gmt":"2021-09-20T00:53:37","slug":"de-camargo","status":"publish","type":"page","link":"https:\/\/www.ifsc.usp.br\/lemaf\/team\/de-camargo\/","title":{"rendered":"Prof. Dr. Andrea S. S. de Camargo"},"content":{"rendered":"<p style=\"text-align: justify;\"><span style=\"color: #000000;\">Prof. Andrea de Camargo holds a BSc (1996) and MSc in Chemistry with emphasis on Inorganic Chemistry (1999) from the State University of S\u00e3o Paulo J\u00falio de Mesquita Filho, and a PhD in Sciences: Applied Physics (2003) from the University of S\u00e3o Paulo. In 2006 she became an Assistant Professor and since 2015 is an Associate Professor of the S\u00e3o Carlos Institute of Physics IFSC\/USP.<br \/>\nHer research experience is in the areas of Materials Science and Physics: Optical and Spectroscopic Properties in Condensed Matter. Particularly, she is interested in the development and structural\/functional characterization of optical and luminescent materials, as glasses and glass ceramics doped with rare earth ions, and host-guest hybrid systems based on meso- and microporous matrices loaded with highly luminescent species such as organometallic complexes, dyes and quantum dots. The targeted materials find applications in a variety of fields from infrared lasing, solar concentrators and lighting, to photodynamic therapy. At IFSC\/USP, she leads LEMAF \u2013 Laboratory of Spectroscopy of Functional Materials and employs various optical and solid-state magnetic resonance spectroscopic techniques to seek for structural-functional correlations that lead to optimized materials. Prof. De Camargo is an ad hoc reviewer of CNPq, FAPESP, FUNDECT, CAPES and Funda\u00e7\u00e3o Serrapilheira, reviewer of several peer reviewed journals and, since 2020, an Editor of J. Materials Science. In 2007 she was granted the L\u00b4OR\u00c9AL Prize for Women in Science Brazil and nominated Affiliated Member of the Brazilian Academy of Sciences (2008-2013). Between 2016-2018, she acted as a member of the Gender Study Group of the Brazilian Physics Society. In 2020 she also became Scientific Director of the Brazilian Materials Research Society (SBPMat) and Brazilian Ambassador Scientist of the Alexander von Humboldt (AvH) Foundation. She has published more than 100 peer-reviewed papers which have received more than 1500 citations, and advised several Masters, PhD and postdoctoral fellows.<\/span><\/p>\n","protected":false},"excerpt":{"rendered":"Prof. Andrea de Camargo holds a BSc (1996) and MSc in Chemistry with emphasis on Inorganic Chemistry (1999) from the State University of S\u00e3o Paulo J\u00falio de Mesquita Filho, and a PhD in Sciences: Applied Physics (2003) from the University of S\u00e3o Paulo. In 2006 she became an Assistant Professor and since 2015 is an&hellip; <br> <a class=\"read-more\" href=\"https:\/\/www.ifsc.usp.br\/lemaf\/team\/de-camargo\/\">Read more<\/a>","protected":false},"author":2,"featured_media":0,"parent":31,"menu_order":0,"comment_status":"closed","ping_status":"closed","template":"","meta":{"_coblocks_attr":"","_coblocks_dimensions":"","_coblocks_responsive_height":"","_coblocks_accordion_ie_support":"","footnotes":""},"class_list":["post-1051","page","type-page","status-publish","hentry"],"_links":{"self":[{"href":"https:\/\/www.ifsc.usp.br\/lemaf\/wp-json\/wp\/v2\/pages\/1051"}],"collection":[{"href":"https:\/\/www.ifsc.usp.br\/lemaf\/wp-json\/wp\/v2\/pages"}],"about":[{"href":"https:\/\/www.ifsc.usp.br\/lemaf\/wp-json\/wp\/v2\/types\/page"}],"author":[{"embeddable":true,"href":"https:\/\/www.ifsc.usp.br\/lemaf\/wp-json\/wp\/v2\/users\/2"}],"replies":[{"embeddable":true,"href":"https:\/\/www.ifsc.usp.br\/lemaf\/wp-json\/wp\/v2\/comments?post=1051"}],"version-history":[{"count":2,"href":"https:\/\/www.ifsc.usp.br\/lemaf\/wp-json\/wp\/v2\/pages\/1051\/revisions"}],"predecessor-version":[{"id":1079,"href":"https:\/\/www.ifsc.usp.br\/lemaf\/wp-json\/wp\/v2\/pages\/1051\/revisions\/1079"}],"up":[{"embeddable":true,"href":"https:\/\/www.ifsc.usp.br\/lemaf\/wp-json\/wp\/v2\/pages\/31"}],"wp:attachment":[{"href":"https:\/\/www.ifsc.usp.br\/lemaf\/wp-json\/wp\/v2\/media?parent=1051"}],"curies":[{"name":"wp","href":"https:\/\/api.w.org\/{rel}","templated":true}]}}