{"id":227,"date":"2020-05-05T19:40:35","date_gmt":"2020-05-05T22:40:35","guid":{"rendered":"http:\/\/www.ifsc.usp.br\/lemaf\/lemaf-wp\/?page_id=227"},"modified":"2021-10-24T15:57:10","modified_gmt":"2021-10-24T18:57:10","slug":"alumni","status":"publish","type":"page","link":"https:\/\/www.ifsc.usp.br\/lemaf\/alumni\/","title":{"rendered":"Alumni"},"content":{"rendered":"<div class=\"mp-row-fluid motopress-row mpce-dsbl-margin-left mpce-dsbl-margin-right\">\n<div class=\"motopress-clmn mp-span12  mpce-dsbl-margin-left mpce-dsbl-margin-right\">\n<h3><strong>Advisories by Prof. Andrea de Camargo<\/strong><\/h3>\n<ul>\n<li><a href=\"http:\/\/lattes.cnpq.br\/8299607666463460\" target=\"_blank\" rel=\"noopener\">Thiago B. de Queiroz<\/a> (MSc 2009; PhD 2013) &#8211; Assistant Professor, Federal University of ABC, S\u00e3o Paulo \u2013 SP, Brazil\u00a0<\/li>\n<\/ul>\n<ul>\n<li><a href=\"http:\/\/lattes.cnpq.br\/6777379737880368\" target=\"_blank\" rel=\"noopener\">Roger Gomes Fernandes<\/a> (MSc 2012) &#8211; Postdoctoral fellow, Clausthal University of Technology, TU-CLAUSHTAL, Germany.<\/li>\n<\/ul>\n<ul>\n<li>Moema de Barros e Silva Botelho (PhD 2013) &#8211; Assistant Professor, Federal University of Brasilia, Brazil.<\/li>\n<\/ul>\n<ul>\n<li><a href=\"http:\/\/lattes.cnpq.br\/7715507914616395\" target=\"_blank\" rel=\"noopener\">T\u00e1ssia de Souza Gon\u00e7alves<\/a> (MSc 2014; PhD 2018) &#8211; Faculdade Mais de Ituiutaba, FACMAIS, Ituiutaba \u2013 MG, Brasil.<\/li>\n<\/ul>\n<ul>\n<li>Allysonn Jorge dos Santos (MSc 2016) &#8211; NET Servi\u00e7os de Comunica\u00e7\u00e3o S\/A, S\u00e3o Carlos \u2013 SP.<\/li>\n<\/ul>\n<ul>\n<li><a href=\"http:\/\/lattes.cnpq.br\/4499267719558750\" target=\"_blank\" rel=\"noopener\">Mohammad Reza Dousti<\/a> (PD 2016) &#8211; Assistant Professor, Rural Federal University of Pernambuco, Cabo de Sto. Agostinho \u2013 PE, Brazil.<\/li>\n<\/ul>\n<ul>\n<li><a href=\"https:\/\/scholar.google.co.in\/citations?user=GD2EhUsAAAAJ\" target=\"_blank\" rel=\"noopener\">Rajesh Dagupati<\/a> (PD 2017) &#8211; FunGlass-Center for Functional and Surface Functionalized Glass, University of Tren\u010d\u00edn, Slovakia<\/li>\n<\/ul>\n<ul>\n<li><a href=\"https:\/\/www.linkedin.com\/in\/malte-gr%C3%BCner-chemist\/\" target=\"_blank\" rel=\"noopener\">Malte Christian Gr\u00fcner<\/a> (PD 2018) &#8211; Regulatory Affairs CMC Manager at Novartis, Kufstein, Tyrol, Austria<\/li>\n<\/ul>\n<ul>\n<li>Priscila Fran\u00e7a Guidini (MSc 2018) &#8211; Opto-Eletronica, S\u00e3o Carlos \u2013 SP, Brazil.<\/li>\n<\/ul>\n<ul>\n<li><a href=\"https:\/\/scholar.google.com\/citations?user=nT8KjEAAAAAJ\" target=\"_blank\" rel=\"noopener\">Kassio Papi da Silva Zanoni<\/a> (PD 2018) &#8211; Researcher, Universidad de Valencia, Spain.<\/li>\n<\/ul>\n<ul>\n<li><a href=\"http:\/\/lattes.cnpq.br\/1122036257729614\" target=\"_blank\" rel=\"noopener\">Leandro Piaggi Ravaro<\/a> (PD 2019) &#8211; Postdoctorate, Federal University of Goi\u00e1s, Goi\u00e2nia \u2013 GO, Brazil.<\/li>\n<\/ul>\n<ul>\n<li><a href=\"https:\/\/www.researchgate.net\/profile\/Iago-Carvalho-Pinto\" target=\"_blank\" rel=\"noopener\">Iago de Carvalho Pinto<\/a> (MSc 2020) &#8211; PhD student at Universit\u00e9 Laval, Canada.<\/li>\n<\/ul>\n<p>\u00a0<\/p>\n<h3><strong>Advisories by Prof. Hellmut Eckert<\/strong><\/h3>\n<ul>\n<li>Daniel Mohr (PhD 2011) &#8211; BASF Coatings, M\u00fcnster, Germany<\/li>\n<\/ul>\n<ul>\n<li>Heinz Deters (PhD 2011) &#8211; ASK Chemicals, D\u00fcsseldorf, Germany.<\/li>\n<\/ul>\n<ul>\n<li><a href=\"https:\/\/www.linkedin.com\/in\/dr-frederik-behrends-4b795b161\/\" target=\"_blank\" rel=\"noopener\">Frederik Behrends<\/a> (PhD 2013) &#8211; Patentanwaltskanzlei Pelster, M\u00fcnster, Germany.<\/li>\n<\/ul>\n<ul>\n<li><a href=\"http:\/\/www.raphmoreira.com\/\" target=\"_blank\" rel=\"noopener\">Raphaell Moreira<\/a> (MSc 2014) &#8211; Founder of Institue REDI, British Columbia , Canada.<\/li>\n<\/ul>\n<ul>\n<li>Cynthia Regina Ferrari (PD 2015) &#8211; School Teaching, S\u00e3o Carlos \u2013 SP, Brazil.<\/li>\n<\/ul>\n<ul>\n<li><a href=\"https:\/\/www.linkedin.com\/in\/tobias-uesbeck-44619713b\" target=\"_blank\" rel=\"noopener\">Tobias Uesbeck<\/a> (PhD 2016) &#8211; Research Associate, University of Augsburg, Germany.<\/li>\n<\/ul>\n<ul>\n<li><a href=\"https:\/\/www.linkedin.com\/in\/cdoerenkamp\/\" target=\"_blank\" rel=\"noopener\">Carsten Doerenkamp<\/a> (PhD 2017) &#8211; Project Manager, IFG Ingolstadt, Germany.<\/li>\n<\/ul>\n<ul>\n<li><a href=\"https:\/\/www.linkedin.com\/in\/lena-marie-funke-14abb216a\/\" target=\"_blank\" rel=\"noopener\">Lena Funke<\/a> (PhD 2018) &#8211; Postdoctoral Fellow, University of California, Berkeley, USA.<\/li>\n<\/ul>\n<ul>\n<li><a href=\"https:\/\/www.researchgate.net\/profile\/Robert-Knitsch\" target=\"_blank\" rel=\"noopener\">Robert Knitsch<\/a> (PhD 2018) &#8211; Project Manager, Leibniz-Institute of Analytical Sciences, Dortmund, Germany.<\/li>\n<\/ul>\n<ul>\n<li><a href=\"http:\/\/lattes.cnpq.br\/8127030694190277\" target=\"_blank\" rel=\"noopener\">Maria Costa<\/a> (PhD 2019) &#8211; Postdoctoral Fellow, Imperial College, London, UK<\/li>\n<\/ul>\n<ul>\n<li><a href=\"http:\/\/lattes.cnpq.br\/9358421236344299\" target=\"_blank\" rel=\"noopener\">Guilherme Ferreira<\/a> &#8211; Assistant Professor, UFBA, Brazil<\/li>\n<\/ul>\n<\/div>\n<\/div>\n","protected":false},"excerpt":{"rendered":"Advisories by Prof. Andrea de Camargo Thiago B. de Queiroz (MSc 2009; PhD 2013) &#8211; Assistant Professor, Federal University of ABC, S\u00e3o Paulo \u2013 SP, Brazil\u00a0 Roger Gomes Fernandes (MSc 2012) &#8211; Postdoctoral fellow, Clausthal University of Technology, TU-CLAUSHTAL, Germany. Moema de Barros e Silva Botelho (PhD 2013) &#8211; Assistant Professor, Federal University of Brasilia,&hellip; <br> <a class=\"read-more\" href=\"https:\/\/www.ifsc.usp.br\/lemaf\/alumni\/\">Read more<\/a>","protected":false},"author":2,"featured_media":0,"parent":0,"menu_order":0,"comment_status":"closed","ping_status":"closed","template":"","meta":{"_coblocks_attr":"","_coblocks_dimensions":"","_coblocks_responsive_height":"","_coblocks_accordion_ie_support":"","footnotes":""},"class_list":["post-227","page","type-page","status-publish","hentry"],"_links":{"self":[{"href":"https:\/\/www.ifsc.usp.br\/lemaf\/wp-json\/wp\/v2\/pages\/227"}],"collection":[{"href":"https:\/\/www.ifsc.usp.br\/lemaf\/wp-json\/wp\/v2\/pages"}],"about":[{"href":"https:\/\/www.ifsc.usp.br\/lemaf\/wp-json\/wp\/v2\/types\/page"}],"author":[{"embeddable":true,"href":"https:\/\/www.ifsc.usp.br\/lemaf\/wp-json\/wp\/v2\/users\/2"}],"replies":[{"embeddable":true,"href":"https:\/\/www.ifsc.usp.br\/lemaf\/wp-json\/wp\/v2\/comments?post=227"}],"version-history":[{"count":7,"href":"https:\/\/www.ifsc.usp.br\/lemaf\/wp-json\/wp\/v2\/pages\/227\/revisions"}],"predecessor-version":[{"id":1126,"href":"https:\/\/www.ifsc.usp.br\/lemaf\/wp-json\/wp\/v2\/pages\/227\/revisions\/1126"}],"wp:attachment":[{"href":"https:\/\/www.ifsc.usp.br\/lemaf\/wp-json\/wp\/v2\/media?parent=227"}],"curies":[{"name":"wp","href":"https:\/\/api.w.org\/{rel}","templated":true}]}}