{"id":9744,"date":"2022-06-09T14:50:40","date_gmt":"2022-06-09T17:50:40","guid":{"rendered":"https:\/\/www.ifsc.usp.br\/multiusuarios\/?page_id=9744"},"modified":"2026-03-24T16:15:55","modified_gmt":"2026-03-24T19:15:55","slug":"rock-imager","status":"publish","type":"page","link":"https:\/\/www.ifsc.usp.br\/multiusuarios\/rock-imager\/","title":{"rendered":"Rock Imager 1000"},"content":{"rendered":"<p>[vc_row rt_row_background_width=&#8221;default&#8221; rt_row_style=&#8221;default-style&#8221; rt_row_borders=&#8221;&#8221; rt_row_paddings=&#8221;true&#8221; rt_bg_effect=&#8221;classic&#8221; rt_bg_image_repeat=&#8221;repeat&#8221; rt_bg_size=&#8221;cover&#8221; rt_bg_position=&#8221;right top&#8221; rt_bg_attachment=&#8221;scroll&#8221; rt_bg_video_format=&#8221;self-hosted&#8221;][vc_column rt_wrp_col_paddings=&#8221;false&#8221; rt_border_top=&#8221;&#8221; rt_border_bottom=&#8221;&#8221; rt_border_left=&#8221;&#8221; rt_border_right=&#8221;&#8221; rt_border_top_mobile=&#8221;&#8221; rt_border_bottom_mobile=&#8221;&#8221; rt_border_left_mobile=&#8221;&#8221; rt_border_right_mobile=&#8221;&#8221; rt_bg_image_repeat=&#8221;repeat&#8221; rt_bg_size=&#8221;auto auto&#8221; rt_bg_position=&#8221;right top&#8221; rt_bg_attachment=&#8221;scroll&#8221; rt_padding_left=&#8221;60px&#8221; rt_padding_right=&#8221;60px&#8221;][vc_column_text]<\/p>\n<h3>Sistema climatizado de armazenamento de placas de cristaliza\u00e7\u00e3o de prote\u00ednas com captador de imagens Rock Imager 1000<\/h3>\n<p><strong>Laborat\u00f3rio de Biologia Estrutural \u2013 IFSC \u2013 USP &#8211; \u00c1rea 2<\/strong><\/p>\n<p><strong><img loading=\"lazy\" decoding=\"async\" class=\"size-medium wp-image-9746 alignright\" src=\"https:\/\/www.ifsc.usp.br\/multiusuarios\/wp-content\/uploads\/2022\/06\/rockimager-152x300.png\" alt=\"\" width=\"152\" height=\"300\" srcset=\"https:\/\/www.ifsc.usp.br\/multiusuarios\/wp-content\/uploads\/2022\/06\/rockimager-152x300.png 152w, https:\/\/www.ifsc.usp.br\/multiusuarios\/wp-content\/uploads\/2022\/06\/rockimager.png 197w\" sizes=\"auto, (max-width: 152px) 100vw, 152px\" \/>Comit\u00ea Gestor:<\/strong><\/p>\n<ul>\n<li>Prof. Dr. Glaucius Oliva<\/li>\n<li>Prof. Dr. Rafael V. C. Guido<\/li>\n<\/ul>\n<p>E-mail para contato: oliva@ifsc.usp.br<\/p>\n<p><strong><span id=\"page14R_mcid7\" class=\"markedContent\"><span dir=\"ltr\" role=\"presentation\">Localiza\u00e7\u00e3o:<\/span><\/span><span id=\"page14R_mcid8\" class=\"markedContent\"><br role=\"presentation\" \/><\/span><\/strong><span id=\"page14R_mcid10\" class=\"markedContent\">IFSC\/USP &#8211; <span dir=\"ltr\" role=\"presentation\">Av. Jo\u00e3o Dagnone, 1100, Jd. Santa Angelina, <\/span><\/span><span id=\"page14R_mcid11\" class=\"markedContent\"><span dir=\"ltr\" role=\"presentation\">13563<\/span><span dir=\"ltr\" role=\"presentation\">&#8211;<\/span><span dir=\"ltr\" role=\"presentation\">120<\/span> <span dir=\"ltr\" role=\"presentation\">&#8211;<\/span> <span dir=\"ltr\" role=\"presentation\">S\u00e3o Carlos, SP, Brazil<\/span><\/span><span id=\"page14R_mcid12\" class=\"markedContent\"><\/span><span id=\"page14R_mcid13\" class=\"markedContent\"><br role=\"presentation\" \/><span dir=\"ltr\" role=\"presentation\">Endere\u00e7o para o Google Maps:<\/span> <span dir=\"ltr\" role=\"presentation\">https:\/\/goo.gl\/maps\/eUAb6yWkgXvbtgFb8<\/span><\/span><\/p>\n<p><span id=\"page14R_mcid0\" class=\"markedContent\"><\/span><strong><span id=\"page14R_mcid1\" class=\"markedContent\"><span dir=\"ltr\" role=\"presentation\">Administrador do equipamento:<\/span><\/span><\/strong><span id=\"page14R_mcid2\" class=\"markedContent\"><br role=\"presentation\" \/><\/span><span id=\"page14R_mcid4\" class=\"markedContent\"><span dir=\"ltr\" role=\"presentation\">Dr. Humberto D\u00b4Muniz Pereira\u00a0 &#8211; <\/span><\/span><span id=\"page14R_mcid5\" class=\"markedContent\"><span dir=\"ltr\" role=\"presentation\">E<\/span><span dir=\"ltr\" role=\"presentation\">&#8211;<\/span><span dir=\"ltr\" role=\"presentation\">mail<\/span><span dir=\"ltr\" role=\"presentation\">: hmuniz@ifsc.usp.br<\/span><\/span>[\/vc_column_text][\/vc_column][\/vc_row][vc_row rt_row_background_width=&#8221;default&#8221; rt_row_style=&#8221;default-style&#8221; rt_row_borders=&#8221;&#8221; rt_row_paddings=&#8221;true&#8221; rt_bg_effect=&#8221;classic&#8221; rt_bg_image_repeat=&#8221;repeat&#8221; rt_bg_size=&#8221;cover&#8221; rt_bg_position=&#8221;right top&#8221; rt_bg_attachment=&#8221;scroll&#8221; rt_bg_video_format=&#8221;self-hosted&#8221;][vc_column width=&#8221;1\/2&#8243; rt_wrp_col_paddings=&#8221;false&#8221; rt_border_top=&#8221;&#8221; rt_border_bottom=&#8221;&#8221; rt_border_left=&#8221;&#8221; rt_border_right=&#8221;&#8221; rt_border_top_mobile=&#8221;&#8221; rt_border_bottom_mobile=&#8221;&#8221; rt_border_left_mobile=&#8221;&#8221; rt_border_right_mobile=&#8221;&#8221; rt_bg_image_repeat=&#8221;repeat&#8221; rt_bg_size=&#8221;auto auto&#8221; rt_bg_position=&#8221;right top&#8221; rt_bg_attachment=&#8221;scroll&#8221; rt_padding_left=&#8221;60px&#8221;][vc_message icon_fontawesome=&#8221;fa fa-cog&#8221;]<strong>Equipamento<\/strong><\/p>\n<p><span id=\"page3R_mcid1\" class=\"markedContent\"><span dir=\"ltr\" role=\"presentation\">Nome<\/span> <span dir=\"ltr\" role=\"presentation\">do<\/span> <span dir=\"ltr\" role=\"presentation\">equipamento:<\/span> <span dir=\"ltr\" role=\"presentation\">Sistema<\/span> <span dir=\"ltr\" role=\"presentation\">climatizado<\/span> <span dir=\"ltr\" role=\"presentation\">de<\/span> <span dir=\"ltr\" role=\"presentation\">Armazenamento<\/span> <span dir=\"ltr\" role=\"presentation\">de<\/span> <span dir=\"ltr\" role=\"presentation\">placas<\/span> <span dir=\"ltr\" role=\"presentation\">de <\/span><span dir=\"ltr\" role=\"presentation\">cristaliza\u00e7\u00e3o de proteinas com captador de i<\/span><span dir=\"ltr\" role=\"presentation\">magens ROCK1000.<\/span><\/span><span id=\"page3R_mcid2\" class=\"markedContent\"><\/span><span id=\"page3R_mcid3\" class=\"markedContent\"><br role=\"presentation\" \/><span dir=\"ltr\" role=\"presentation\">Nome do equipamento em Ingl\u00eas:<\/span> <span dir=\"ltr\" role=\"presentation\">Rock Imager 1000.<br \/>\n<span id=\"page3R_mcid11\" class=\"markedContent\">Origem do equipamento: Formulatrix, San Diego, CA, USA.<br \/>\n<span id=\"page3R_mcid21\" class=\"markedContent\">Marca: Formulatrix.<\/span><span id=\"page3R_mcid22\" class=\"markedContent\"><\/span><span id=\"page3R_mcid23\" class=\"markedContent\"><br role=\"presentation\" \/>Modelo: Rock Imager 940 plates.<\/span><span id=\"page3R_mcid24\" class=\"markedContent\"><\/span><span id=\"page3R_mcid25\" class=\"markedContent\"><br role=\"presentation\" \/>Modelo em Ingl\u00eas: Rock Imager 940 plates.<\/span><span id=\"page3R_mcid26\" class=\"markedContent\"><\/span><span id=\"page3R_mcid27\" class=\"markedContent\"><\/span><span id=\"page3R_mcid28\" class=\"markedContent\"><br role=\"presentation\" \/>Ano de aquisi\u00e7\u00e3o: 2019.<\/span><\/span><br \/>\n<\/span><\/span><\/p>\n<p><span id=\"page3R_mcid14\" class=\"markedContent\"><span dir=\"ltr\" role=\"presentation\">Sistema<\/span><\/span><span id=\"page3R_mcid15\" class=\"markedContent\"> <span dir=\"ltr\" role=\"presentation\">climatizado de a<\/span><span dir=\"ltr\" role=\"presentation\">rmazenamento de<\/span> <span dir=\"ltr\" role=\"presentation\">placas<\/span> <span dir=\"ltr\" role=\"presentation\">de cris<\/span><span dir=\"ltr\" role=\"presentation\">taliza\u00e7\u00e3o de <\/span><span dir=\"ltr\" role=\"presentation\">prote\u00ednas<\/span> <span dir=\"ltr\" role=\"presentation\">com<\/span> <span dir=\"ltr\" role=\"presentation\">captador<\/span> <span dir=\"ltr\" role=\"presentation\">de<\/span> <span dir=\"ltr\" role=\"presentation\">imagens<\/span><\/span><span id=\"page3R_mcid16\" class=\"markedContent\"> <span dir=\"ltr\" role=\"presentation\">automatizado<\/span> <span dir=\"ltr\" role=\"presentation\">equipado<\/span> <span dir=\"ltr\" role=\"presentation\">com<\/span> <span dir=\"ltr\" role=\"presentation\">luz<\/span> <span dir=\"ltr\" role=\"presentation\">UV<\/span> <span dir=\"ltr\" role=\"presentation\">\/<\/span> <span dir=\"ltr\" role=\"presentation\">vis\u00edvel<\/span> <span dir=\"ltr\" role=\"presentation\">para <\/span><span dir=\"ltr\" role=\"presentation\">diferencia\u00e7\u00e3o de cristais de sal e prote\u00edna. Os experimentos s\u00e3o mantidos por at\u00e9 4 meses no <\/span><span dir=\"ltr\" role=\"presentation\">sistema com uma rotina de visualiza\u00e7\u00e3o programada seguindo a s\u00e9rie d<\/span><span dir=\"ltr\" role=\"presentation\">e Fibonacci por 55 dias\u00a0<\/span><br role=\"presentation\" \/><span dir=\"ltr\" role=\"presentation\">(0, 1, 2, 3, 5, 8, 13, 21, 34 e 55). Ap\u00f3s este per\u00edodo, as placas podem ser analisadas conforme <\/span><span dir=\"ltr\" role=\"presentation\">exigido<\/span> <span dir=\"ltr\" role=\"presentation\">pelo<\/span> <span dir=\"ltr\" role=\"presentation\">usu\u00e1rio.<\/span> <span dir=\"ltr\" role=\"presentation\">Os<\/span> <span dir=\"ltr\" role=\"presentation\">experimentos<\/span> <span dir=\"ltr\" role=\"presentation\">podem<\/span> <span dir=\"ltr\" role=\"presentation\">ser<\/span> <span dir=\"ltr\" role=\"presentation\">acessados<\/span> <span dir=\"ltr\" role=\"presentation\">via<\/span> <span dir=\"ltr\" role=\"presentation\">Internet<\/span> <span dir=\"ltr\" role=\"presentation\">por<\/span> <span dir=\"ltr\" role=\"presentation\">links<\/span><span dir=\"ltr\" role=\"presentation\">.<\/span> <span dir=\"ltr\" role=\"presentation\">O<\/span><br role=\"presentation\" \/><span dir=\"ltr\" role=\"presentation\">equipamento ser\u00e1 instalado no Laborat\u00f3rio de Biologi<\/span><span dir=\"ltr\" role=\"presentation\">a Estrutural, n\u00e3o requerendo adapta\u00e7\u00f5es <\/span><span dir=\"ltr\" role=\"presentation\">de infraestrutura.<\/span><\/span><\/p>\n<p><strong>Descri\u00e7\u00e3o:<\/strong> Sistema de imagem automatizado equipado com luz UV \/ vis\u00edvel para diferencia\u00e7\u00e3o de cristais de sal e prote\u00edna.<br \/>\nDescri\u00e7\u00e3o em Ingl\u00eas: Climatized storage system for protein crystallization plates with automated imager equipped with UV \/ visible light for differentiation of salt and protein crystals. The experiments are kept for up to 4 months in the system with a programmed visualization routine following the Fibonacci series for 55 days (0, 1, 2, 3, 5, 8, 13, 21, 34 and 55). After this period, the cards can be analyzed as required by the user. The experiments can be accessed via the Internet via links. The equipment will be installed in the Structural Biology Laboratory, requiring no infrastructure adaptations.<br \/>\n<strong>Servi\u00e7os oferecidos:<\/strong><br \/>\narmazenamento climatizado de placas de cristaliza\u00e7\u00e3o de prote\u00ednas com captura de imagens automatizada e peri\u00f3dica, seguida de identifica\u00e7\u00e3o de cristais e an\u00e1lise UV.<br \/>\n<strong>Aplica\u00e7\u00f5es:<\/strong><br \/>\nArmazenar placas de cristaliza\u00e7\u00e3o em ambiente climatizado e identificar cristais de macromol\u00e9cula.[\/vc_message][\/vc_column][vc_column width=&#8221;1\/2&#8243; rt_wrp_col_paddings=&#8221;false&#8221; rt_border_top=&#8221;&#8221; rt_border_bottom=&#8221;&#8221; rt_border_left=&#8221;&#8221; rt_border_right=&#8221;&#8221; rt_border_top_mobile=&#8221;&#8221; rt_border_bottom_mobile=&#8221;&#8221; rt_border_left_mobile=&#8221;&#8221; rt_border_right_mobile=&#8221;&#8221; rt_bg_image_repeat=&#8221;repeat&#8221; rt_bg_size=&#8221;auto auto&#8221; rt_bg_position=&#8221;right top&#8221; rt_bg_attachment=&#8221;scroll&#8221; rt_padding_right=&#8221;60px&#8221;][vc_message icon_fontawesome=&#8221;fa fa-user-o&#8221;]<strong>Plano de Gest\u00e3o de Uso<\/strong><\/p>\n<p>Usu\u00e1rios que tenham interesse em utilizar o equipamento, sejam do IFSC ou de qualquer outra institui\u00e7\u00e3o, dever\u00e3o submeter ao comit\u00ea gestor, via e-mail, o formul\u00e1rio dispon\u00edvel online <a href=\"https:\/\/www.ifsc.usp.br\/multiusuarios\/wp-content\/uploads\/2022\/06\/formulario-uso-emu-imager.docx\">Formul\u00e1rio Proposta de Uso<\/a>. Neste formul\u00e1rio dever\u00e3o ser fornecidas as caracter\u00edsticas das amostras (nome da amostra, peso molecular, concentra\u00e7\u00e3o, condi\u00e7\u00f5es testadas na placa). O pedido ser\u00e1 analisado pelo comit\u00ea gestor, que pode negar o acesso caso haja problemas com a amostra da prote\u00edna. <span id=\"page28R_mcid2\" class=\"markedContent\"><span dir=\"ltr\" role=\"presentation\">O <\/span><span dir=\"ltr\" role=\"presentation\">agendamento<\/span> <span dir=\"ltr\" role=\"presentation\">ser\u00e1<\/span> <span dir=\"ltr\" role=\"presentation\">mensal,<\/span> <span dir=\"ltr\" role=\"presentation\">mediante<\/span> <span dir=\"ltr\" role=\"presentation\">preen<\/span><span dir=\"ltr\" role=\"presentation\">chimento<\/span> <span dir=\"ltr\" role=\"presentation\">de<\/span> <span dir=\"ltr\" role=\"presentation\">formul\u00e1rio<\/span> <span dir=\"ltr\" role=\"presentation\">espec\u00edfico, <\/span><span dir=\"ltr\" role=\"presentation\">priorizando<\/span><span dir=\"ltr\" role=\"presentation\">&#8211;<\/span><span dir=\"ltr\" role=\"presentation\">se os Projetos Associados e Complementares desta solicita\u00e7\u00e3o.<\/span><\/span>[\/vc_message][vc_message icon_fontawesome=&#8221;fa fa-credit-card-alt&#8221;]<\/p>\n<div class=\"content\">\n<p><strong>Taxas de Servi\u00e7o e Agendamento<\/strong><\/p>\n<p><span id=\"page14R_mcid32\" class=\"markedContent\"><span dir=\"ltr\" role=\"presentation\">Tabela de pre\u00e7os:<\/span><\/span><span id=\"page14R_mcid33\" class=\"markedContent\"><br role=\"presentation\" \/><span dir=\"ltr\" role=\"presentation\">\u2022<\/span> <span dir=\"ltr\" role=\"presentation\">V\u00ednculo<\/span> <span dir=\"ltr\" role=\"presentation\">\u2013<\/span> <span dir=\"ltr\" role=\"presentation\">Qualquer<\/span> <span dir=\"ltr\" role=\"presentation\">usu\u00e1rio<\/span><\/span><span id=\"page14R_mcid34\" class=\"markedContent\"><br role=\"presentation\" \/><span dir=\"ltr\" role=\"presentation\">\u2022<\/span> <span dir=\"ltr\" role=\"presentation\">Valor<\/span><span dir=\"ltr\" role=\"presentation\">:<\/span> <span dir=\"ltr\" role=\"presentation\">por<\/span> <span dir=\"ltr\" role=\"presentation\">placa armazenada<\/span><\/span><span id=\"page14R_mcid35\" class=\"markedContent\"><br role=\"presentation\" \/><span dir=\"ltr\" role=\"presentation\">\u2022<\/span> <span dir=\"ltr\" role=\"presentation\">Dura\u00e7\u00e3o: at\u00e9 4 meses<\/span> <span dir=\"ltr\" role=\"presentation\">de armazenamento das placas de c<\/span><span dir=\"ltr\" role=\"presentation\">ristaliza\u00e7\u00e3o<\/span><\/span><span id=\"page14R_mcid36\" class=\"markedContent\"><br role=\"presentation\" \/><span dir=\"ltr\" role=\"presentation\">\u2022<\/span> <span dir=\"ltr\" role=\"presentation\">Pre\u00e7o<\/span><span dir=\"ltr\" role=\"presentation\">:<\/span> <span dir=\"ltr\" role=\"presentation\">R$ 30,00<\/span><\/span><span id=\"page14R_mcid37\" class=\"markedContent\"><\/span><span id=\"page14R_mcid38\" class=\"markedContent\"><\/span><\/p>\n<div class=\"page\" role=\"region\" data-page-number=\"2\" aria-label=\"P\u00e1gina 2\" data-loaded=\"true\">\n<div class=\"annotationLayer\">Hor\u00e1rio de funcionamento: segunda a sexta, das 8h \u00e0s 17h.<\/div>\n<\/div>\n<div class=\"page\" role=\"region\" data-page-number=\"3\" aria-label=\"P\u00e1gina 3\" data-loaded=\"true\">\n<div class=\"canvasWrapper\"><\/div>\n<\/div>\n<\/div>\n<p>[\/vc_message][vc_message icon_fontawesome=&#8221;fa fa-book&#8221;]<\/p>\n<div class=\"content\">\n<p><strong>Refer\u00eancias<\/strong><\/p>\n<p>Os trabalhos a serem publicados, bem como teses, disserta\u00e7\u00f5es e monografias dever\u00e3o mencionar o uso do Equipamento Multi-Usu\u00e1rio (EMU\/FAPESP) \/ CIBFar \/ Grupo de Cristalografia \/ IFSC.<\/p>\n<p><img loading=\"lazy\" decoding=\"async\" class=\"alignnone wp-image-9816\" src=\"https:\/\/www.ifsc.usp.br\/multiusuarios\/wp-content\/uploads\/2022\/06\/fapesp-300x65.jpg\" alt=\"\" width=\"100\" height=\"22\" srcset=\"https:\/\/www.ifsc.usp.br\/multiusuarios\/wp-content\/uploads\/2022\/06\/fapesp-300x65.jpg 300w, https:\/\/www.ifsc.usp.br\/multiusuarios\/wp-content\/uploads\/2022\/06\/fapesp.jpg 500w\" sizes=\"auto, (max-width: 100px) 100vw, 100px\" \/><\/p>\n<\/div>\n<p>[\/vc_message][\/vc_column][\/vc_row]<\/p>\n","protected":false},"excerpt":{"rendered":"<p>[vc_row rt_row_background_width=&#8221;default&#8221; rt_row_style=&#8221;default-style&#8221; rt_row_borders=&#8221;&#8221; rt_row_paddings=&#8221;true&#8221; rt_bg_effect=&#8221;classic&#8221; rt_bg_image_repeat=&#8221;repeat&#8221; rt_bg_size=&#8221;cover&#8221; rt_bg_position=&#8221;right top&#8221; rt_bg_attachment=&#8221;scroll&#8221; rt_bg_video_format=&#8221;self-hosted&#8221;][vc_column rt_wrp_col_paddings=&#8221;false&#8221; rt_border_top=&#8221;&#8221; rt_border_bottom=&#8221;&#8221; rt_border_left=&#8221;&#8221; rt_border_right=&#8221;&#8221; rt_border_top_mobile=&#8221;&#8221; rt_border_bottom_mobile=&#8221;&#8221; rt_border_left_mobile=&#8221;&#8221; rt_border_right_mobile=&#8221;&#8221; rt_bg_image_repeat=&#8221;repeat&#8221; rt_bg_size=&#8221;auto auto&#8221; rt_bg_position=&#8221;right top&#8221; rt_bg_attachment=&#8221;scroll&#8221; rt_padding_left=&#8221;60px&#8221; rt_padding_right=&#8221;60px&#8221;][vc_column_text] Sistema climatizado de armazenamento de placas de cristaliza\u00e7\u00e3o de prote\u00ednas com captador de imagens Rock Imager 1000 Laborat\u00f3rio de Biologia Estrutural \u2013 IFSC \u2013 USP &#8211; [&hellip;]<\/p>\n","protected":false},"author":1,"featured_media":0,"parent":0,"menu_order":0,"comment_status":"closed","ping_status":"closed","template":"","meta":{"footnotes":""},"class_list":["post-9744","page","type-page","status-publish","hentry"],"_links":{"self":[{"href":"https:\/\/www.ifsc.usp.br\/multiusuarios\/wp-json\/wp\/v2\/pages\/9744","targetHints":{"allow":["GET"]}}],"collection":[{"href":"https:\/\/www.ifsc.usp.br\/multiusuarios\/wp-json\/wp\/v2\/pages"}],"about":[{"href":"https:\/\/www.ifsc.usp.br\/multiusuarios\/wp-json\/wp\/v2\/types\/page"}],"author":[{"embeddable":true,"href":"https:\/\/www.ifsc.usp.br\/multiusuarios\/wp-json\/wp\/v2\/users\/1"}],"replies":[{"embeddable":true,"href":"https:\/\/www.ifsc.usp.br\/multiusuarios\/wp-json\/wp\/v2\/comments?post=9744"}],"version-history":[{"count":7,"href":"https:\/\/www.ifsc.usp.br\/multiusuarios\/wp-json\/wp\/v2\/pages\/9744\/revisions"}],"predecessor-version":[{"id":9964,"href":"https:\/\/www.ifsc.usp.br\/multiusuarios\/wp-json\/wp\/v2\/pages\/9744\/revisions\/9964"}],"wp:attachment":[{"href":"https:\/\/www.ifsc.usp.br\/multiusuarios\/wp-json\/wp\/v2\/media?parent=9744"}],"curies":[{"name":"wp","href":"https:\/\/api.w.org\/{rel}","templated":true}]}}