{"id":9761,"date":"2022-06-09T15:41:14","date_gmt":"2022-06-09T18:41:14","guid":{"rendered":"https:\/\/www.ifsc.usp.br\/multiusuarios\/?page_id=9761"},"modified":"2026-03-24T15:39:42","modified_gmt":"2026-03-24T18:39:42","slug":"cluster-rock","status":"publish","type":"page","link":"https:\/\/www.ifsc.usp.br\/multiusuarios\/cluster-rock\/","title":{"rendered":"Cluster rock de computadores"},"content":{"rendered":"<p>[vc_row rt_row_background_width=&#8221;default&#8221; rt_row_style=&#8221;default-style&#8221; rt_row_borders=&#8221;&#8221; rt_row_paddings=&#8221;true&#8221; rt_bg_effect=&#8221;classic&#8221; rt_bg_image_repeat=&#8221;repeat&#8221; rt_bg_size=&#8221;cover&#8221; rt_bg_position=&#8221;right top&#8221; rt_bg_attachment=&#8221;scroll&#8221; rt_bg_video_format=&#8221;self-hosted&#8221;][vc_column rt_wrp_col_paddings=&#8221;false&#8221; rt_border_top=&#8221;&#8221; rt_border_bottom=&#8221;&#8221; rt_border_left=&#8221;&#8221; rt_border_right=&#8221;&#8221; rt_border_top_mobile=&#8221;&#8221; rt_border_bottom_mobile=&#8221;&#8221; rt_border_left_mobile=&#8221;&#8221; rt_border_right_mobile=&#8221;&#8221; rt_bg_image_repeat=&#8221;repeat&#8221; rt_bg_size=&#8221;auto auto&#8221; rt_bg_position=&#8221;right top&#8221; rt_bg_attachment=&#8221;scroll&#8221; rt_padding_left=&#8221;60px&#8221; rt_padding_right=&#8221;60px&#8221;][vc_column_text]<\/p>\n<h3>Cluster rock de computadores<\/h3>\n<p><strong>Grupo de F\u00edsica Te\u00f3rica FCM \u2013 IFSC \u2013 USP<\/strong><\/p>\n<p><strong><img loading=\"lazy\" decoding=\"async\" class=\"size-full wp-image-9657 alignright\" src=\"https:\/\/www.ifsc.usp.br\/multiusuarios\/wp-content\/uploads\/2022\/06\/cluster145.jpg\" alt=\"\" width=\"191\" height=\"145\" \/>Comit\u00ea Gestor:<\/strong><\/p>\n<ul>\n<li>Prof. Dr. Francisco Castilho Alcaraz<\/li>\n<li>Prof. Dr. Jos\u00e9 Abel Hoyos Neto<\/li>\n<\/ul>\n<p>E-mail para contato: alcaraz@ifsc.usp.br<\/p>\n<p><strong><span id=\"page14R_mcid7\" class=\"markedContent\"><span dir=\"ltr\" role=\"presentation\">Localiza\u00e7\u00e3o:<\/span><\/span><span id=\"page14R_mcid8\" class=\"markedContent\"><br role=\"presentation\" \/><\/span><\/strong><span id=\"page14R_mcid10\" class=\"markedContent\">FCM &#8211; IFSC\/USP &#8211; Pr\u00e9dio Departamentos &#8211; Sala 13 &#8211; Bloco F1<br \/>\n<span dir=\"ltr\" role=\"presentation\">Av. Trabalhador S\u00e3ocarlense, 400, Parque Arnold Schmidt, <\/span><\/span><span id=\"page14R_mcid11\" class=\"markedContent\"><span dir=\"ltr\" role=\"presentation\">S\u00e3o Carlos, SP, Brazil<\/span><\/span><\/p>\n<p><strong><span id=\"page14R_mcid1\" class=\"markedContent\"><span dir=\"ltr\" role=\"presentation\">Administrador do equipamento:<\/span><\/span><\/strong><span id=\"page14R_mcid2\" class=\"markedContent\"><br role=\"presentation\" \/><\/span><span id=\"page14R_mcid4\" class=\"markedContent\"><span dir=\"ltr\" role=\"presentation\">Prof. Dr. Francisco Castilho Alcaraz\u00a0 &#8211; <\/span><\/span><span id=\"page14R_mcid5\" class=\"markedContent\"><span dir=\"ltr\" role=\"presentation\">E<\/span><span dir=\"ltr\" role=\"presentation\">&#8211;<\/span><span dir=\"ltr\" role=\"presentation\">mail<\/span><span dir=\"ltr\" role=\"presentation\">: alcaraz@ifsc.usp.br<\/span><\/span>[\/vc_column_text][\/vc_column][\/vc_row][vc_row rt_row_background_width=&#8221;default&#8221; rt_row_style=&#8221;default-style&#8221; rt_row_borders=&#8221;&#8221; rt_row_paddings=&#8221;true&#8221; rt_bg_effect=&#8221;classic&#8221; rt_bg_image_repeat=&#8221;repeat&#8221; rt_bg_size=&#8221;cover&#8221; rt_bg_position=&#8221;right top&#8221; rt_bg_attachment=&#8221;scroll&#8221; rt_bg_video_format=&#8221;self-hosted&#8221;][vc_column width=&#8221;1\/2&#8243; rt_wrp_col_paddings=&#8221;false&#8221; rt_border_top=&#8221;&#8221; rt_border_bottom=&#8221;&#8221; rt_border_left=&#8221;&#8221; rt_border_right=&#8221;&#8221; rt_border_top_mobile=&#8221;&#8221; rt_border_bottom_mobile=&#8221;&#8221; rt_border_left_mobile=&#8221;&#8221; rt_border_right_mobile=&#8221;&#8221; rt_bg_image_repeat=&#8221;repeat&#8221; rt_bg_size=&#8221;auto auto&#8221; rt_bg_position=&#8221;right top&#8221; rt_bg_attachment=&#8221;scroll&#8221; rt_padding_left=&#8221;60px&#8221;][vc_message icon_fontawesome=&#8221;fa fa-cog&#8221;]<strong>Equipamento<\/strong><\/p>\n<p><span id=\"page3R_mcid3\" class=\"markedContent\"><span dir=\"ltr\" role=\"presentation\"><span id=\"page3R_mcid11\" class=\"markedContent\"><span id=\"page3R_mcid28\" class=\"markedContent\"><span id=\"page3R_mcid2\" class=\"markedContent\">Nome do equipamento:<\/span> Cluster rock de computadores.<span id=\"page3R_mcid4\" class=\"markedContent\"><\/span><span id=\"page3R_mcid5\" class=\"markedContent\"><\/span><span id=\"page3R_mcid6\" class=\"markedContent\"><br role=\"presentation\" \/>Nome do equipamento em Ingl\u00eas:<\/span><span id=\"page3R_mcid7\" class=\"markedContent\"> Rock computer cluster.<br \/>\n<\/span><\/span><\/span><\/span><\/span><span id=\"page3R_mcid3\" class=\"markedContent\"><span dir=\"ltr\" role=\"presentation\"><span id=\"page3R_mcid11\" class=\"markedContent\"><span id=\"page3R_mcid28\" class=\"markedContent\">Ano de aquisi\u00e7\u00e3o: 2016.<br \/>\n<span id=\"page3R_mcid16\" class=\"markedContent\">Origem do equipamento: EMU\/FAPESP grant No. 2016\/10826-1<\/span><span id=\"page3R_mcid17\" class=\"markedContent\"><\/span><span id=\"page3R_mcid18\" class=\"markedContent\"><br role=\"presentation\" \/><\/span><span id=\"page3R_mcid22\" class=\"markedContent\">Modelo: Quad-core i7 and i5 processors, 32GB RAM memory and 500GB HD memory.<\/span><span id=\"page3R_mcid23\" class=\"markedContent\"><\/span><span id=\"page3R_mcid24\" class=\"markedContent\"><\/span><\/span><\/span><\/span><\/span><\/p>\n<p><strong><span id=\"page3R_mcid3\" class=\"markedContent\"><span dir=\"ltr\" role=\"presentation\"><span id=\"page3R_mcid11\" class=\"markedContent\"><span id=\"page3R_mcid28\" class=\"markedContent\"><span id=\"page3R_mcid18\" class=\"markedContent\">Apresenta\u00e7\u00e3o: <\/span><\/span><\/span><\/span><\/span><\/strong><span id=\"page3R_mcid3\" class=\"markedContent\"><span dir=\"ltr\" role=\"presentation\"><span id=\"page3R_mcid11\" class=\"markedContent\"><span id=\"page3R_mcid28\" class=\"markedContent\"><span id=\"page3R_mcid18\" class=\"markedContent\">Cluster de computadores utilizado para simula\u00e7\u00f5es e c\u00e1lculos num\u00e9ricos com intuitos cient\u00edficos. Sofware dispon\u00edvel: compilador FORTRAN.<\/span><\/span><\/span><\/span><\/span><\/p>\n<p><span id=\"page19R_mcid4\" class=\"markedContent\"><span dir=\"ltr\" role=\"presentation\"><strong>Servi\u00e7os oferecidos<\/strong><\/span><span dir=\"ltr\" role=\"presentation\">: <\/span><\/span><span id=\"page19R_mcid5\" class=\"markedContent\"><span dir=\"ltr\" role=\"presentation\">Utilizado para simula\u00e7\u00f5es e c\u00e1lculos num\u00e9ricos com intuitos cient\u00edficos.<\/span><\/span>[\/vc_message][vc_message icon_fontawesome=&#8221;fa fa-user-o&#8221;]<strong>Plano de Gest\u00e3o de Uso<\/strong><\/p>\n<p><span id=\"page19R_mcid10\" class=\"markedContent\"><span dir=\"ltr\" role=\"presentation\">Entrar em contato com o comit\u00ea gestor pelo email<\/span><\/span><span id=\"page19R_mcid11\" class=\"markedContent\"> <span dir=\"ltr\" role=\"presentation\">hoyos@ifsc.usp.br.<\/span><\/span>[\/vc_message][\/vc_column][vc_column width=&#8221;1\/2&#8243; rt_wrp_col_paddings=&#8221;false&#8221; rt_border_top=&#8221;&#8221; rt_border_bottom=&#8221;&#8221; rt_border_left=&#8221;&#8221; rt_border_right=&#8221;&#8221; rt_border_top_mobile=&#8221;&#8221; rt_border_bottom_mobile=&#8221;&#8221; rt_border_left_mobile=&#8221;&#8221; rt_border_right_mobile=&#8221;&#8221; rt_bg_image_repeat=&#8221;repeat&#8221; rt_bg_size=&#8221;auto auto&#8221; rt_bg_position=&#8221;right top&#8221; rt_bg_attachment=&#8221;scroll&#8221; rt_padding_right=&#8221;60px&#8221;][vc_message icon_fontawesome=&#8221;fa fa-credit-card-alt&#8221;]<\/p>\n<div class=\"content\">\n<p><strong>Taxas de Servi\u00e7o e Agendamento<\/strong><\/p>\n<p><span id=\"page19R_mcid14\" class=\"markedContent\"><span dir=\"ltr\" role=\"presentation\">Tabela de pre\u00e7os<\/span><span dir=\"ltr\" role=\"presentation\">:<\/span> <span dir=\"ltr\" role=\"presentation\">N\u00e3o h\u00e1 custo para usu\u00e1rios da academia. Para outros,<\/span> <span dir=\"ltr\" role=\"presentation\">h\u00e1 um custo de<\/span><br role=\"presentation\" \/><span dir=\"ltr\" role=\"presentation\">R$ 30,00 por hora de CPU utilizada a serem pagos na tesouraria do IFSC.<\/span><\/span><span id=\"page19R_mcid15\" class=\"markedContent\"><br role=\"presentation\" \/><span dir=\"ltr\" role=\"presentation\">\u2022<\/span> <span dir=\"ltr\" role=\"presentation\">V\u00ednculo<\/span> <span dir=\"ltr\" role=\"presentation\">\u2013<\/span> <span dir=\"ltr\" role=\"presentation\">N.A.<\/span><\/span><span id=\"page19R_mcid16\" class=\"markedContent\"><br role=\"presentation\" \/><span dir=\"ltr\" role=\"presentation\">\u2022<\/span> <span dir=\"ltr\" role=\"presentation\">Valor por<\/span> <span dir=\"ltr\" role=\"presentation\">\u2013<\/span> <span dir=\"ltr\" role=\"presentation\">R$ 30,00 por hora de CPU<\/span><\/span><span id=\"page19R_mcid17\" class=\"markedContent\"><br role=\"presentation\" \/><span dir=\"ltr\" role=\"presentation\">\u2022<\/span> <span dir=\"ltr\" role=\"presentation\">Dura\u00e7\u00e3o<\/span> <span dir=\"ltr\" role=\"presentation\">\u2013<\/span> <span dir=\"ltr\" role=\"presentation\">N.A.<\/span><\/span><span id=\"page19R_mcid18\" class=\"markedContent\"><br role=\"presentation\" \/><span dir=\"ltr\" role=\"presentation\">\u2022<\/span> <span dir=\"ltr\" role=\"presentation\">Pre\u00e7o<\/span> <span dir=\"ltr\" role=\"presentation\">\u2013<\/span> <span dir=\"ltr\" role=\"presentation\">R$ 30,00 x (Total de horas de CPU utilizadas)<\/span><\/span><\/p>\n<\/div>\n<div class=\"content\">\n<div class=\"page\" role=\"region\" data-page-number=\"2\" aria-label=\"P\u00e1gina 2\" data-loaded=\"true\">\n<div class=\"annotationLayer\">Hor\u00e1rio de funcionamento: <span id=\"page19R_mcid25\" class=\"markedContent\"><span dir=\"ltr\" role=\"presentation\">O agendamento ser\u00e1 definido em comum acordo pelo solicitante e o <\/span><span dir=\"ltr\" role=\"presentation\">comit\u00ea gestor atrav\u00e9s<\/span> <span dir=\"ltr\" role=\"presentation\">do contato via<\/span><\/span><span id=\"page19R_mcid26\" class=\"markedContent\"> <span dir=\"ltr\" role=\"presentation\">hoyos@ifsc.usp.br<\/span><\/span>.<\/div>\n<\/div>\n<div class=\"page\" role=\"region\" data-page-number=\"3\" aria-label=\"P\u00e1gina 3\" data-loaded=\"true\">\n<div class=\"canvasWrapper\"><\/div>\n<\/div>\n<\/div>\n<p>[\/vc_message][vc_message icon_fontawesome=&#8221;fa fa-book&#8221;]<\/p>\n<div class=\"content\">\n<p><strong>Refer\u00eancias<\/strong><\/p>\n<p><span id=\"page3R_mcid16\" class=\"markedContent\"><span dir=\"ltr\" role=\"presentation\">EMU\/F<\/span><span dir=\"ltr\" role=\"presentation\">APESP grant No. 2016\/10826-1.<\/span><\/span><\/p>\n<p><img loading=\"lazy\" decoding=\"async\" class=\"alignnone wp-image-9816\" src=\"https:\/\/www.ifsc.usp.br\/multiusuarios\/wp-content\/uploads\/2022\/06\/fapesp-300x65.jpg\" alt=\"\" width=\"100\" height=\"22\" srcset=\"https:\/\/www.ifsc.usp.br\/multiusuarios\/wp-content\/uploads\/2022\/06\/fapesp-300x65.jpg 300w, https:\/\/www.ifsc.usp.br\/multiusuarios\/wp-content\/uploads\/2022\/06\/fapesp.jpg 500w\" sizes=\"auto, (max-width: 100px) 100vw, 100px\" \/><\/p>\n<\/div>\n<p>[\/vc_message][\/vc_column][\/vc_row]<\/p>\n","protected":false},"excerpt":{"rendered":"<p>[vc_row rt_row_background_width=&#8221;default&#8221; rt_row_style=&#8221;default-style&#8221; rt_row_borders=&#8221;&#8221; rt_row_paddings=&#8221;true&#8221; rt_bg_effect=&#8221;classic&#8221; rt_bg_image_repeat=&#8221;repeat&#8221; rt_bg_size=&#8221;cover&#8221; rt_bg_position=&#8221;right top&#8221; rt_bg_attachment=&#8221;scroll&#8221; rt_bg_video_format=&#8221;self-hosted&#8221;][vc_column rt_wrp_col_paddings=&#8221;false&#8221; rt_border_top=&#8221;&#8221; rt_border_bottom=&#8221;&#8221; rt_border_left=&#8221;&#8221; rt_border_right=&#8221;&#8221; rt_border_top_mobile=&#8221;&#8221; rt_border_bottom_mobile=&#8221;&#8221; rt_border_left_mobile=&#8221;&#8221; rt_border_right_mobile=&#8221;&#8221; rt_bg_image_repeat=&#8221;repeat&#8221; rt_bg_size=&#8221;auto auto&#8221; rt_bg_position=&#8221;right top&#8221; rt_bg_attachment=&#8221;scroll&#8221; rt_padding_left=&#8221;60px&#8221; rt_padding_right=&#8221;60px&#8221;][vc_column_text] Cluster rock de computadores Grupo de F\u00edsica Te\u00f3rica FCM \u2013 IFSC \u2013 USP Comit\u00ea Gestor: Prof. Dr. Francisco Castilho Alcaraz Prof. Dr. Jos\u00e9 Abel Hoyos Neto [&hellip;]<\/p>\n","protected":false},"author":1,"featured_media":0,"parent":0,"menu_order":0,"comment_status":"closed","ping_status":"closed","template":"","meta":{"footnotes":""},"class_list":["post-9761","page","type-page","status-publish","hentry"],"_links":{"self":[{"href":"https:\/\/www.ifsc.usp.br\/multiusuarios\/wp-json\/wp\/v2\/pages\/9761","targetHints":{"allow":["GET"]}}],"collection":[{"href":"https:\/\/www.ifsc.usp.br\/multiusuarios\/wp-json\/wp\/v2\/pages"}],"about":[{"href":"https:\/\/www.ifsc.usp.br\/multiusuarios\/wp-json\/wp\/v2\/types\/page"}],"author":[{"embeddable":true,"href":"https:\/\/www.ifsc.usp.br\/multiusuarios\/wp-json\/wp\/v2\/users\/1"}],"replies":[{"embeddable":true,"href":"https:\/\/www.ifsc.usp.br\/multiusuarios\/wp-json\/wp\/v2\/comments?post=9761"}],"version-history":[{"count":5,"href":"https:\/\/www.ifsc.usp.br\/multiusuarios\/wp-json\/wp\/v2\/pages\/9761\/revisions"}],"predecessor-version":[{"id":9957,"href":"https:\/\/www.ifsc.usp.br\/multiusuarios\/wp-json\/wp\/v2\/pages\/9761\/revisions\/9957"}],"wp:attachment":[{"href":"https:\/\/www.ifsc.usp.br\/multiusuarios\/wp-json\/wp\/v2\/media?parent=9761"}],"curies":[{"name":"wp","href":"https:\/\/api.w.org\/{rel}","templated":true}]}}