{"id":8448,"date":"2017-05-30T12:08:04","date_gmt":"2017-05-30T15:08:04","guid":{"rendered":"http:\/\/www.ifsc.usp.br\/~qualidade\/qualidadewp\/?page_id=8448"},"modified":"2022-04-06T15:25:12","modified_gmt":"2022-04-06T18:25:12","slug":"programa-ifsc-5s-implantacao","status":"publish","type":"page","link":"https:\/\/www.ifsc.usp.br\/qualidade\/programa-ifsc-5s-implantacao\/","title":{"rendered":"Programa IFSC 5S &#8211; Implanta\u00e7\u00e3o"},"content":{"rendered":"<p>[vc_row rt_row_background_width=&#8221;default&#8221; rt_row_style=&#8221;default-style&#8221; rt_row_borders=&#8221;&#8221; rt_row_paddings=&#8221;true&#8221; rt_bg_effect=&#8221;classic&#8221; rt_bg_image_repeat=&#8221;repeat&#8221; rt_bg_size=&#8221;cover&#8221; rt_bg_position=&#8221;right top&#8221; rt_bg_attachment=&#8221;scroll&#8221; rt_bg_video_format=&#8221;self-hosted&#8221;][vc_column rt_wrp_col_paddings=&#8221;false&#8221; rt_border_top=&#8221;&#8221; rt_border_bottom=&#8221;&#8221; rt_border_left=&#8221;&#8221; rt_border_right=&#8221;&#8221; rt_border_top_mobile=&#8221;&#8221; rt_border_bottom_mobile=&#8221;&#8221; rt_border_left_mobile=&#8221;&#8221; rt_border_right_mobile=&#8221;&#8221; rt_bg_image_repeat=&#8221;repeat&#8221; rt_bg_size=&#8221;auto auto&#8221; rt_bg_position=&#8221;right top&#8221; rt_bg_attachment=&#8221;scroll&#8221;][vc_column_text]<\/p>\n<div>\n<p><b><img loading=\"lazy\" decoding=\"async\" class=\"alignnone wp-image-8462 size-full\" src=\"https:\/\/www.ifsc.usp.br\/qualidade\/wp-content\/uploads\/2017\/05\/logo5s.png\" alt=\"\" width=\"104\" height=\"95\" \/><\/b><\/p>\n<p><b>Instru\u00e7\u00f5es e Procedimentos<\/b><\/p>\n<p><a href=\"..\/arquivos\/2009_auditoria_procedimentos.pdf\" target=\"_blank\" rel=\"noopener noreferrer\">Procedimento de Auditoria &#8211; 2009<br \/>\n<\/a><br \/>\n<a href=\"..\/arquivos\/Procedimento_Auditoria_2010.pdf\" target=\"_blank\" rel=\"noopener noreferrer\">Procedimento de Auditoria &#8211; 2010<br \/>\n<\/a><br \/>\n<a href=\"..\/arquivos\/2009_padroes_orientacoes.pdf\" target=\"_blank\" rel=\"noopener noreferrer\">Padr\u00f5es 5S &#8211; Orienta\u00e7\u00f5es Gerais &#8211; 2009<\/a><\/p>\n<p><a href=\"..\/arquivos\/cartilha_5S_2009.pdf\" target=\"_blank\" rel=\"noopener noreferrer\">Cartilha Programa IFSC 5S (2\u00aa edi\u00e7\u00e3o)<\/a><\/p>\n<p><a href=\"..\/arquivos\/orientacao_multiplicadores_2009.pdf\" target=\"_blank\" rel=\"noopener noreferrer\">Orienta\u00e7\u00e3o aos Multiplicadores &#8211; 2009<\/a><\/p>\n<p><a href=\"..\/arquivos\/Orientaes_gerais_IFSC_5S_-_2010.pdf\" target=\"_blank\" rel=\"noopener\">Orienta\u00e7\u00e3o aos Multiplicadores &#8211; 2010<\/a><\/p>\n<p><strong>Cronogramas de Implanta\u00e7\u00e3o<\/strong><\/p>\n<p><a href=\"..\/arquivos\/Cronograma_2010_IFSC_5S.pdf\" target=\"_blank\" rel=\"noopener\">Cronograma 2010<\/a><\/p>\n<p><a href=\"https:\/\/www.ifsc.usp.br\/qualidade\/wp-content\/uploads\/2017\/05\/cronograma2009-ifsc5s.pdf\" target=\"_blank\" rel=\"noopener\">Cronograma 2009<\/a><\/p>\n<p><a href=\"https:\/\/www.ifsc.usp.br\/qualidade\/wp-content\/uploads\/2017\/05\/cronograma2008-ifsc5s.pdf\" target=\"_blank\" rel=\"noopener\">Cronograma 2007\/2008<\/a><\/p>\n<p><b>Divulga\u00e7\u00e3o de Eventos<\/b><\/p>\n<p>Workshop &#8220;Programa IFSC 5S&#8221; &#8211; 2009<\/p>\n<p><a href=\"..\/arquivos\/lanc_programa_5S.pdf\" target=\"_blank\" rel=\"noopener noreferrer\">Lan\u00e7amento do Programa 5S &#8211; 2007<\/a><\/p>\n<p><a href=\"..\/arquivos\/projeto_programa_IFSC_5S.pdf\" target=\"_blank\" rel=\"noopener noreferrer\">Sensibiliza\u00e7\u00e3o Programa 5S &#8211; 2007<\/a><\/p>\n<\/div>\n<p>[\/vc_column_text][\/vc_column][\/vc_row]<\/p>\n","protected":false},"excerpt":{"rendered":"<p>[vc_row rt_row_background_width=&#8221;default&#8221; rt_row_style=&#8221;default-style&#8221; rt_row_borders=&#8221;&#8221; rt_row_paddings=&#8221;true&#8221; rt_bg_effect=&#8221;classic&#8221; rt_bg_image_repeat=&#8221;repeat&#8221; rt_bg_size=&#8221;cover&#8221; rt_bg_position=&#8221;right top&#8221; rt_bg_attachment=&#8221;scroll&#8221; rt_bg_video_format=&#8221;self-hosted&#8221;][vc_column rt_wrp_col_paddings=&#8221;false&#8221; rt_border_top=&#8221;&#8221; rt_border_bottom=&#8221;&#8221; rt_border_left=&#8221;&#8221; rt_border_right=&#8221;&#8221; rt_border_top_mobile=&#8221;&#8221; rt_border_bottom_mobile=&#8221;&#8221; rt_border_left_mobile=&#8221;&#8221; rt_border_right_mobile=&#8221;&#8221; rt_bg_image_repeat=&#8221;repeat&#8221; rt_bg_size=&#8221;auto auto&#8221; rt_bg_position=&#8221;right top&#8221; rt_bg_attachment=&#8221;scroll&#8221;][vc_column_text] Instru\u00e7\u00f5es e Procedimentos Procedimento de Auditoria &#8211; 2009 Procedimento de Auditoria &#8211; 2010 Padr\u00f5es 5S &#8211; Orienta\u00e7\u00f5es Gerais &#8211; 2009 Cartilha Programa IFSC 5S (2\u00aa edi\u00e7\u00e3o) Orienta\u00e7\u00e3o aos [&hellip;]<\/p>\n","protected":false},"author":5,"featured_media":0,"parent":0,"menu_order":0,"comment_status":"closed","ping_status":"closed","template":"","meta":{"footnotes":""},"class_list":["post-8448","page","type-page","status-publish","hentry"],"_links":{"self":[{"href":"https:\/\/www.ifsc.usp.br\/qualidade\/wp-json\/wp\/v2\/pages\/8448","targetHints":{"allow":["GET"]}}],"collection":[{"href":"https:\/\/www.ifsc.usp.br\/qualidade\/wp-json\/wp\/v2\/pages"}],"about":[{"href":"https:\/\/www.ifsc.usp.br\/qualidade\/wp-json\/wp\/v2\/types\/page"}],"author":[{"embeddable":true,"href":"https:\/\/www.ifsc.usp.br\/qualidade\/wp-json\/wp\/v2\/users\/5"}],"replies":[{"embeddable":true,"href":"https:\/\/www.ifsc.usp.br\/qualidade\/wp-json\/wp\/v2\/comments?post=8448"}],"version-history":[{"count":10,"href":"https:\/\/www.ifsc.usp.br\/qualidade\/wp-json\/wp\/v2\/pages\/8448\/revisions"}],"predecessor-version":[{"id":9334,"href":"https:\/\/www.ifsc.usp.br\/qualidade\/wp-json\/wp\/v2\/pages\/8448\/revisions\/9334"}],"wp:attachment":[{"href":"https:\/\/www.ifsc.usp.br\/qualidade\/wp-json\/wp\/v2\/media?parent=8448"}],"curies":[{"name":"wp","href":"https:\/\/api.w.org\/{rel}","templated":true}]}}