{"id":8303,"date":"2017-03-30T11:59:23","date_gmt":"2017-03-30T14:59:23","guid":{"rendered":"http:\/\/www.ifsc.usp.br\/~scinfor\/scinforwp\/?page_id=8303"},"modified":"2022-01-12T10:17:25","modified_gmt":"2022-01-12T13:17:25","slug":"normas-ti","status":"publish","type":"page","link":"https:\/\/www.ifsc.usp.br\/scinfor\/normas-ti\/","title":{"rendered":"Normas TI"},"content":{"rendered":"<p>[vc_row rt_row_background_width=&#8221;default&#8221; rt_row_style=&#8221;default-style&#8221; rt_row_borders=&#8221;&#8221; rt_row_paddings=&#8221;true&#8221; rt_bg_effect=&#8221;classic&#8221; rt_bg_image_repeat=&#8221;repeat&#8221; rt_bg_size=&#8221;cover&#8221; rt_bg_position=&#8221;right top&#8221; rt_bg_attachment=&#8221;scroll&#8221; rt_bg_video_format=&#8221;self-hosted&#8221;][vc_column rt_wrp_col_paddings=&#8221;false&#8221; rt_border_top=&#8221;&#8221; rt_border_bottom=&#8221;&#8221; rt_border_left=&#8221;&#8221; rt_border_right=&#8221;&#8221; rt_border_top_mobile=&#8221;&#8221; rt_border_bottom_mobile=&#8221;&#8221; rt_border_left_mobile=&#8221;&#8221; rt_border_right_mobile=&#8221;&#8221; rt_bg_image_repeat=&#8221;repeat&#8221; rt_bg_size=&#8221;auto auto&#8221; rt_bg_position=&#8221;right top&#8221; rt_bg_attachment=&#8221;scroll&#8221;][vc_column_text]<strong>Normas IFSC para a \u00e1rea de Inform\u00e1tica:<\/strong><\/p>\n<p><a href=\"https:\/\/www.ifsc.usp.br\/scinfor\/wp-content\/uploads\/2019\/10\/PortariaIFSC-036-2019.pdf\" target=\"_blank\" rel=\"noopener noreferrer\">Portaria IFSC 036\/2019 &#8211; ScInfor<\/a><\/p>\n<p style=\"padding-left: 40px;\">Disp\u00f5e sobre as Diretrizes Gerais de Uso dos Recursos Computacionais e Equipamentos de Inform\u00e1tica no \u00e2mbito do Instituto de F\u00edsica de S\u00e3o Carlos.<\/p>\n<p><strong><br \/>\nNormas USP para a \u00e1rea de Inform\u00e1tica:<\/strong><\/p>\n<p><a href=\"http:\/\/www.sti.usp.br\/legislacao\/normas\/\" target=\"_blank\" rel=\"noopener noreferrer\">Normas USP &#8211; STI\/USP<\/a><\/p>\n<p><a href=\"http:\/\/www.security.usp.br\/normas.html\" target=\"_blank\" rel=\"noopener noreferrer\">Outras Normas de Seguran\u00e7a da USP<\/a>[\/vc_column_text][\/vc_column][\/vc_row]<\/p>\n","protected":false},"excerpt":{"rendered":"<p>[vc_row rt_row_background_width=&#8221;default&#8221; rt_row_style=&#8221;default-style&#8221; rt_row_borders=&#8221;&#8221; rt_row_paddings=&#8221;true&#8221; rt_bg_effect=&#8221;classic&#8221; rt_bg_image_repeat=&#8221;repeat&#8221; rt_bg_size=&#8221;cover&#8221; rt_bg_position=&#8221;right top&#8221; rt_bg_attachment=&#8221;scroll&#8221; rt_bg_video_format=&#8221;self-hosted&#8221;][vc_column rt_wrp_col_paddings=&#8221;false&#8221; rt_border_top=&#8221;&#8221; rt_border_bottom=&#8221;&#8221; rt_border_left=&#8221;&#8221; rt_border_right=&#8221;&#8221; rt_border_top_mobile=&#8221;&#8221; rt_border_bottom_mobile=&#8221;&#8221; rt_border_left_mobile=&#8221;&#8221; rt_border_right_mobile=&#8221;&#8221; rt_bg_image_repeat=&#8221;repeat&#8221; rt_bg_size=&#8221;auto auto&#8221; rt_bg_position=&#8221;right top&#8221; rt_bg_attachment=&#8221;scroll&#8221;][vc_column_text]Normas IFSC para a \u00e1rea de Inform\u00e1tica: Portaria IFSC 036\/2019 &#8211; ScInfor Disp\u00f5e sobre as Diretrizes Gerais de Uso dos Recursos Computacionais e Equipamentos de Inform\u00e1tica no \u00e2mbito do [&hellip;]<\/p>\n","protected":false},"author":1,"featured_media":0,"parent":0,"menu_order":0,"comment_status":"closed","ping_status":"closed","template":"","meta":{"footnotes":""},"class_list":["post-8303","page","type-page","status-publish","hentry"],"_links":{"self":[{"href":"https:\/\/www.ifsc.usp.br\/scinfor\/wp-json\/wp\/v2\/pages\/8303","targetHints":{"allow":["GET"]}}],"collection":[{"href":"https:\/\/www.ifsc.usp.br\/scinfor\/wp-json\/wp\/v2\/pages"}],"about":[{"href":"https:\/\/www.ifsc.usp.br\/scinfor\/wp-json\/wp\/v2\/types\/page"}],"author":[{"embeddable":true,"href":"https:\/\/www.ifsc.usp.br\/scinfor\/wp-json\/wp\/v2\/users\/1"}],"replies":[{"embeddable":true,"href":"https:\/\/www.ifsc.usp.br\/scinfor\/wp-json\/wp\/v2\/comments?post=8303"}],"version-history":[{"count":12,"href":"https:\/\/www.ifsc.usp.br\/scinfor\/wp-json\/wp\/v2\/pages\/8303\/revisions"}],"predecessor-version":[{"id":9127,"href":"https:\/\/www.ifsc.usp.br\/scinfor\/wp-json\/wp\/v2\/pages\/8303\/revisions\/9127"}],"wp:attachment":[{"href":"https:\/\/www.ifsc.usp.br\/scinfor\/wp-json\/wp\/v2\/media?parent=8303"}],"curies":[{"name":"wp","href":"https:\/\/api.w.org\/{rel}","templated":true}]}}