{"id":8327,"date":"2017-03-30T15:07:55","date_gmt":"2017-03-30T18:07:55","guid":{"rendered":"http:\/\/www.ifsc.usp.br\/~scinfor\/scinforwp\/?page_id=8327"},"modified":"2024-09-17T10:32:29","modified_gmt":"2024-09-17T13:32:29","slug":"tutoriais","status":"publish","type":"page","link":"https:\/\/www.ifsc.usp.br\/scinfor\/tutoriais\/","title":{"rendered":"Tutoriais"},"content":{"rendered":"<p>[vc_row rt_row_background_width=&#8221;default&#8221; rt_row_style=&#8221;default-style&#8221; rt_row_borders=&#8221;&#8221; rt_row_paddings=&#8221;true&#8221; rt_bg_effect=&#8221;classic&#8221; rt_bg_image_repeat=&#8221;repeat&#8221; rt_bg_size=&#8221;cover&#8221; rt_bg_position=&#8221;right top&#8221; rt_bg_attachment=&#8221;scroll&#8221; rt_bg_video_format=&#8221;self-hosted&#8221;][vc_column rt_wrp_col_paddings=&#8221;false&#8221; rt_border_top=&#8221;&#8221; rt_border_bottom=&#8221;&#8221; rt_border_left=&#8221;&#8221; rt_border_right=&#8221;&#8221; rt_border_top_mobile=&#8221;&#8221; rt_border_bottom_mobile=&#8221;&#8221; rt_border_left_mobile=&#8221;&#8221; rt_border_right_mobile=&#8221;&#8221; rt_bg_image_repeat=&#8221;repeat&#8221; rt_bg_size=&#8221;auto auto&#8221; rt_bg_position=&#8221;right top&#8221; rt_bg_attachment=&#8221;scroll&#8221;][vc_column_text]<strong>Eduroam<\/strong><\/p>\n<ul>\n<li><a href=\"http:\/\/eduroam.usp.br\" target=\"_blank\" rel=\"noopener\">Como configurar Eduroam no seu dispositivo<\/a><\/li>\n<\/ul>\n<p>&nbsp;<\/p>\n<p><strong>Telefonia<\/strong><\/p>\n<ul>\n<li><a href=\"https:\/\/www.ifsc.usp.br\/scinfor\/configurar-desvio-de-ramal\/\">Como programar desvio de ramal<\/a><\/li>\n<li><a href=\"https:\/\/www.ifsc.usp.br\/scinfor\/wp-content\/uploads\/2019\/12\/Guia-de-Utiliza\u00e7\u00e3o-T23G1.pdf\">Guia de Utiliza\u00e7\u00e3o Telefone VOIP modelo T23G<\/a><\/li>\n<\/ul>\n<p>&nbsp;<\/p>\n<p><span data-mce-mark=\"1\"><strong>Configura\u00e7\u00e3o VPN USP<\/strong><\/span><\/p>\n<ul>\n<li><a href=\"https:\/\/atendimento-prod.sti.usp.br\/otrs\/public.pl?Action=PublicFAQExplorer;CategoryID=12\" target=\"_blank\" rel=\"noopener noreferrer\">Tutoriais VPN USP<\/a> (do site da STI\/USP)<\/li>\n<\/ul>\n<p>&nbsp;<\/p>\n<p><strong>E-mail USP-G<\/strong><\/p>\n<ul>\n<li><a href=\"https:\/\/atendimentosti.usp.br\/otrs\/public.pl?Action=PublicFAQExplorer;CategoryID=85\" target=\"_blank\" rel=\"noopener noreferrer\">Tutoriais USP-G (Gsuite)<\/a>\u00a0(do site da STI\/USP)<\/li>\n<\/ul>\n<p>&nbsp;<\/p>\n<p><strong>Rede<\/strong><\/p>\n<ul>\n<li><a href=\"http:\/\/www.ifsc.usp.br\/scinfor\/wp-content\/uploads\/2017\/03\/tutor_dhcp_port.pdf\" target=\"_blank\" rel=\"noopener\">Configura\u00e7\u00e3o de DHCP (IP din\u00e2mico) &#8211; Windows 7 e Windows 10<\/a> (em portugu\u00eas)<\/li>\n<li><a href=\"http:\/\/www.ifsc.usp.br\/scinfor\/wp-content\/uploads\/2017\/03\/tutor_dhcp_ing.pdf\" target=\"_blank\" rel=\"noopener\">Configura\u00e7\u00e3o de DHCP (IP din\u00e2mico) &#8211; Windows 7 e Windows 10<\/a> (em ingl\u00eas)<\/li>\n<\/ul>\n<p>[\/vc_column_text][\/vc_column][\/vc_row]<\/p>\n","protected":false},"excerpt":{"rendered":"<p>[vc_row rt_row_background_width=&#8221;default&#8221; rt_row_style=&#8221;default-style&#8221; rt_row_borders=&#8221;&#8221; rt_row_paddings=&#8221;true&#8221; rt_bg_effect=&#8221;classic&#8221; rt_bg_image_repeat=&#8221;repeat&#8221; rt_bg_size=&#8221;cover&#8221; rt_bg_position=&#8221;right top&#8221; rt_bg_attachment=&#8221;scroll&#8221; rt_bg_video_format=&#8221;self-hosted&#8221;][vc_column rt_wrp_col_paddings=&#8221;false&#8221; rt_border_top=&#8221;&#8221; rt_border_bottom=&#8221;&#8221; rt_border_left=&#8221;&#8221; rt_border_right=&#8221;&#8221; rt_border_top_mobile=&#8221;&#8221; rt_border_bottom_mobile=&#8221;&#8221; rt_border_left_mobile=&#8221;&#8221; rt_border_right_mobile=&#8221;&#8221; rt_bg_image_repeat=&#8221;repeat&#8221; rt_bg_size=&#8221;auto auto&#8221; rt_bg_position=&#8221;right top&#8221; rt_bg_attachment=&#8221;scroll&#8221;][vc_column_text]Eduroam Como configurar Eduroam no seu dispositivo &nbsp; Telefonia Como programar desvio de ramal Guia de Utiliza\u00e7\u00e3o Telefone VOIP modelo T23G &nbsp; Configura\u00e7\u00e3o VPN USP Tutoriais VPN USP (do [&hellip;]<\/p>\n","protected":false},"author":1,"featured_media":0,"parent":0,"menu_order":0,"comment_status":"closed","ping_status":"closed","template":"","meta":{"footnotes":""},"class_list":["post-8327","page","type-page","status-publish","hentry"],"_links":{"self":[{"href":"https:\/\/www.ifsc.usp.br\/scinfor\/wp-json\/wp\/v2\/pages\/8327","targetHints":{"allow":["GET"]}}],"collection":[{"href":"https:\/\/www.ifsc.usp.br\/scinfor\/wp-json\/wp\/v2\/pages"}],"about":[{"href":"https:\/\/www.ifsc.usp.br\/scinfor\/wp-json\/wp\/v2\/types\/page"}],"author":[{"embeddable":true,"href":"https:\/\/www.ifsc.usp.br\/scinfor\/wp-json\/wp\/v2\/users\/1"}],"replies":[{"embeddable":true,"href":"https:\/\/www.ifsc.usp.br\/scinfor\/wp-json\/wp\/v2\/comments?post=8327"}],"version-history":[{"count":21,"href":"https:\/\/www.ifsc.usp.br\/scinfor\/wp-json\/wp\/v2\/pages\/8327\/revisions"}],"predecessor-version":[{"id":9474,"href":"https:\/\/www.ifsc.usp.br\/scinfor\/wp-json\/wp\/v2\/pages\/8327\/revisions\/9474"}],"wp:attachment":[{"href":"https:\/\/www.ifsc.usp.br\/scinfor\/wp-json\/wp\/v2\/media?parent=8327"}],"curies":[{"name":"wp","href":"https:\/\/api.w.org\/{rel}","templated":true}]}}