{"id":8359,"date":"2017-04-03T11:44:12","date_gmt":"2017-04-03T14:44:12","guid":{"rendered":"http:\/\/www.ifsc.usp.br\/~scinfor\/scinforwp\/?page_id=8359"},"modified":"2022-05-12T12:17:44","modified_gmt":"2022-05-12T15:17:44","slug":"rede-cabeada","status":"publish","type":"page","link":"https:\/\/www.ifsc.usp.br\/scinfor\/rede-cabeada\/","title":{"rendered":"Rede cabeada"},"content":{"rendered":"<p>[vc_row rt_row_background_width=&#8221;default&#8221; rt_row_style=&#8221;default-style&#8221; rt_row_borders=&#8221;&#8221; rt_row_paddings=&#8221;true&#8221; rt_bg_effect=&#8221;classic&#8221; rt_bg_image_repeat=&#8221;repeat&#8221; rt_bg_size=&#8221;cover&#8221; rt_bg_position=&#8221;right top&#8221; rt_bg_attachment=&#8221;scroll&#8221; rt_bg_video_format=&#8221;self-hosted&#8221;][vc_column rt_wrp_col_paddings=&#8221;false&#8221; rt_border_top=&#8221;&#8221; rt_border_bottom=&#8221;&#8221; rt_border_left=&#8221;&#8221; rt_border_right=&#8221;&#8221; rt_border_top_mobile=&#8221;&#8221; rt_border_bottom_mobile=&#8221;&#8221; rt_border_left_mobile=&#8221;&#8221; rt_border_right_mobile=&#8221;&#8221; rt_bg_image_repeat=&#8221;repeat&#8221; rt_bg_size=&#8221;auto auto&#8221; rt_bg_position=&#8221;right top&#8221; rt_bg_attachment=&#8221;scroll&#8221;][vc_column_text]<strong>Solicita\u00e7\u00e3o de acesso \u00e0 rede cabeada do IFSC<\/strong><\/p>\n<p>Para ter acesso \u00e0 rede cabeada, o usu\u00e1rio deve solicitar \u00e0 se\u00e7\u00e3o de Inform\u00e1tica a habilita\u00e7\u00e3o do ponto de rede na sala em que o computador est\u00e1 localizado e um n\u00famero IP para ser configurado no computador.<\/p>\n<p>Esta solicita\u00e7\u00e3o deve ser feita atrav\u00e9s do Sistema de Solicita\u00e7\u00e3o de Servi\u00e7os em <a href=\"http:\/\/servicos.ifsc.usp.br\/?solicitacao&amp;s=7\">http:\/\/servicos.ifsc.usp.br\/?solicitacao&amp;s=7<\/a>.<\/p>\n<p><strong>Descri\u00e7\u00e3o<\/strong><br \/>\nO ScInfor prov\u00ea e mant\u00e9m uma infraestrutura de rede de comunica\u00e7\u00e3o de dados implementada por cabeamento estruturado em UTP e fibras \u00f3pticas ligadas a um equipamento central de roteamento e v\u00e1rios switches Gigabit\/Fast Ethernet distribu\u00eddos nos racks de distribui\u00e7\u00e3o alocados pelos pr\u00e9dios do IFSC.<\/p>\n<p>Todos as salas e laborat\u00f3rios est\u00e3o interconectados a uma \u00fanica rede local, em que a velocidade no usu\u00e1rio final \u00e9 de 100Mbps ou 1Gbps, sendo a velocidade do <em>backbone<\/em> de conex\u00e3o com a Internet de 20Gbps.<\/p>\n<p>Essa infraestrutura tem permitido a interliga\u00e7\u00e3o de mais de 2000 equipamentos, dentre eles microcomputadores, laptops e esta\u00e7\u00f5es de trabalho existentes nos grupos de pesquisa e setores administrativos, bem como o acesso \u00e0 Internet via Centro de Inform\u00e1tica do <em>Campus<\/em> de S\u00e3o Carlos (CeTI-SC).[\/vc_column_text][\/vc_column][\/vc_row]<\/p>\n","protected":false},"excerpt":{"rendered":"<p>[vc_row rt_row_background_width=&#8221;default&#8221; rt_row_style=&#8221;default-style&#8221; rt_row_borders=&#8221;&#8221; rt_row_paddings=&#8221;true&#8221; rt_bg_effect=&#8221;classic&#8221; rt_bg_image_repeat=&#8221;repeat&#8221; rt_bg_size=&#8221;cover&#8221; rt_bg_position=&#8221;right top&#8221; rt_bg_attachment=&#8221;scroll&#8221; rt_bg_video_format=&#8221;self-hosted&#8221;][vc_column rt_wrp_col_paddings=&#8221;false&#8221; rt_border_top=&#8221;&#8221; rt_border_bottom=&#8221;&#8221; rt_border_left=&#8221;&#8221; rt_border_right=&#8221;&#8221; rt_border_top_mobile=&#8221;&#8221; rt_border_bottom_mobile=&#8221;&#8221; rt_border_left_mobile=&#8221;&#8221; rt_border_right_mobile=&#8221;&#8221; rt_bg_image_repeat=&#8221;repeat&#8221; rt_bg_size=&#8221;auto auto&#8221; rt_bg_position=&#8221;right top&#8221; rt_bg_attachment=&#8221;scroll&#8221;][vc_column_text]Solicita\u00e7\u00e3o de acesso \u00e0 rede cabeada do IFSC Para ter acesso \u00e0 rede cabeada, o usu\u00e1rio deve solicitar \u00e0 se\u00e7\u00e3o de Inform\u00e1tica a habilita\u00e7\u00e3o do ponto de rede na [&hellip;]<\/p>\n","protected":false},"author":1,"featured_media":0,"parent":0,"menu_order":0,"comment_status":"closed","ping_status":"closed","template":"","meta":{"footnotes":""},"class_list":["post-8359","page","type-page","status-publish","hentry"],"_links":{"self":[{"href":"https:\/\/www.ifsc.usp.br\/scinfor\/wp-json\/wp\/v2\/pages\/8359","targetHints":{"allow":["GET"]}}],"collection":[{"href":"https:\/\/www.ifsc.usp.br\/scinfor\/wp-json\/wp\/v2\/pages"}],"about":[{"href":"https:\/\/www.ifsc.usp.br\/scinfor\/wp-json\/wp\/v2\/types\/page"}],"author":[{"embeddable":true,"href":"https:\/\/www.ifsc.usp.br\/scinfor\/wp-json\/wp\/v2\/users\/1"}],"replies":[{"embeddable":true,"href":"https:\/\/www.ifsc.usp.br\/scinfor\/wp-json\/wp\/v2\/comments?post=8359"}],"version-history":[{"count":2,"href":"https:\/\/www.ifsc.usp.br\/scinfor\/wp-json\/wp\/v2\/pages\/8359\/revisions"}],"predecessor-version":[{"id":9278,"href":"https:\/\/www.ifsc.usp.br\/scinfor\/wp-json\/wp\/v2\/pages\/8359\/revisions\/9278"}],"wp:attachment":[{"href":"https:\/\/www.ifsc.usp.br\/scinfor\/wp-json\/wp\/v2\/media?parent=8359"}],"curies":[{"name":"wp","href":"https:\/\/api.w.org\/{rel}","templated":true}]}}