{"id":8402,"date":"2017-05-19T17:46:52","date_gmt":"2017-05-19T20:46:52","guid":{"rendered":"http:\/\/www.ifsc.usp.br\/~ted\/tedwp\/?page_id=8402"},"modified":"2024-11-25T15:14:32","modified_gmt":"2024-11-25T18:14:32","slug":"membros-do-comite","status":"publish","type":"page","link":"https:\/\/www.ifsc.usp.br\/ted\/membros-do-comite\/","title":{"rendered":"Membros do Comit\u00ea"},"content":{"rendered":"<p>[vc_row rt_row_background_width=&#8221;default&#8221; rt_row_style=&#8221;default-style&#8221; rt_row_borders=&#8221;&#8221; rt_row_paddings=&#8221;true&#8221; rt_bg_effect=&#8221;classic&#8221; rt_bg_image_repeat=&#8221;repeat&#8221; rt_bg_size=&#8221;cover&#8221; rt_bg_position=&#8221;right top&#8221; rt_bg_attachment=&#8221;scroll&#8221; rt_bg_video_format=&#8221;self-hosted&#8221;][vc_column rt_wrp_col_paddings=&#8221;false&#8221; rt_border_top=&#8221;&#8221; rt_border_bottom=&#8221;&#8221; rt_border_left=&#8221;&#8221; rt_border_right=&#8221;&#8221; rt_border_top_mobile=&#8221;&#8221; rt_border_bottom_mobile=&#8221;&#8221; rt_border_left_mobile=&#8221;&#8221; rt_border_right_mobile=&#8221;&#8221; rt_bg_image_repeat=&#8221;repeat&#8221; rt_bg_size=&#8221;auto auto&#8221; rt_bg_position=&#8221;right top&#8221; rt_bg_attachment=&#8221;scroll&#8221;][vc_column_text]O Comit\u00ea de Treinamento e Desenvolvimento (T&amp;D) do Instituto de F\u00edsica de S\u00e3o Carlos \u00e9 composto pelos seguintes membros (conforme \u00faltima composi\u00e7\u00e3o definida pela portaria <a href=\"https:\/\/www.ifsc.usp.br\/ted\/wp-content\/uploads\/2024\/02\/Portaria-IFSC-004-2024.pdf\" target=\"_blank\" rel=\"noopener\">Portaria IFSC 004\/2024<\/a>):<\/p>\n<p><strong>Membros:<\/strong><\/p>\n<p><strong>Neusa Aparecida Sorensen<\/strong> (Supervisora)<br \/>\nAssist\u00eancia T\u00e9cnica Administrativa (ATAd)<br \/>\nRamal: 739801<\/p>\n<p><strong>Fl\u00e1via O. Santos de S\u00e1 Lisboa\u00a0<\/strong><br \/>\nSe\u00e7\u00e3o T\u00e9cnica de Inform\u00e1tica (ScInfor)<br \/>\nRamal: 739759<\/p>\n<p><strong>Jos\u00e9 Fernando de Lima<br \/>\n<\/strong>Grupo de Biof\u00edsica e Biologia Estrutural (FCI\/BBE)<br \/>\nRamal: 736754<\/p>\n<p><strong>Kilvia Mayre Farias<\/strong><br \/>\nGrupo de \u00d3ptica (FCM\/GO)<br \/>\nRamal: 649482<\/p>\n<p><strong>Bruna Juliana Moreira Dias <\/strong>(Titular &#8211; Grupo T\u00e9cnico)<br \/>\nGrupo de Nanomedicina e Nanotoxicologia (FCM\/GNano)<br \/>\nRamal: 738061[\/vc_column_text][\/vc_column][\/vc_row]<\/p>\n","protected":false},"excerpt":{"rendered":"<p>[vc_row rt_row_background_width=&#8221;default&#8221; rt_row_style=&#8221;default-style&#8221; rt_row_borders=&#8221;&#8221; rt_row_paddings=&#8221;true&#8221; rt_bg_effect=&#8221;classic&#8221; rt_bg_image_repeat=&#8221;repeat&#8221; rt_bg_size=&#8221;cover&#8221; rt_bg_position=&#8221;right top&#8221; rt_bg_attachment=&#8221;scroll&#8221; rt_bg_video_format=&#8221;self-hosted&#8221;][vc_column rt_wrp_col_paddings=&#8221;false&#8221; rt_border_top=&#8221;&#8221; rt_border_bottom=&#8221;&#8221; rt_border_left=&#8221;&#8221; rt_border_right=&#8221;&#8221; rt_border_top_mobile=&#8221;&#8221; rt_border_bottom_mobile=&#8221;&#8221; rt_border_left_mobile=&#8221;&#8221; rt_border_right_mobile=&#8221;&#8221; rt_bg_image_repeat=&#8221;repeat&#8221; rt_bg_size=&#8221;auto auto&#8221; rt_bg_position=&#8221;right top&#8221; rt_bg_attachment=&#8221;scroll&#8221;][vc_column_text]O Comit\u00ea de Treinamento e Desenvolvimento (T&amp;D) do Instituto de F\u00edsica de S\u00e3o Carlos \u00e9 composto pelos seguintes membros (conforme \u00faltima composi\u00e7\u00e3o definida pela portaria Portaria IFSC 004\/2024): Membros: [&hellip;]<\/p>\n","protected":false},"author":1,"featured_media":0,"parent":0,"menu_order":0,"comment_status":"closed","ping_status":"closed","template":"","meta":{"footnotes":""},"class_list":["post-8402","page","type-page","status-publish","hentry"],"_links":{"self":[{"href":"https:\/\/www.ifsc.usp.br\/ted\/wp-json\/wp\/v2\/pages\/8402","targetHints":{"allow":["GET"]}}],"collection":[{"href":"https:\/\/www.ifsc.usp.br\/ted\/wp-json\/wp\/v2\/pages"}],"about":[{"href":"https:\/\/www.ifsc.usp.br\/ted\/wp-json\/wp\/v2\/types\/page"}],"author":[{"embeddable":true,"href":"https:\/\/www.ifsc.usp.br\/ted\/wp-json\/wp\/v2\/users\/1"}],"replies":[{"embeddable":true,"href":"https:\/\/www.ifsc.usp.br\/ted\/wp-json\/wp\/v2\/comments?post=8402"}],"version-history":[{"count":17,"href":"https:\/\/www.ifsc.usp.br\/ted\/wp-json\/wp\/v2\/pages\/8402\/revisions"}],"predecessor-version":[{"id":8859,"href":"https:\/\/www.ifsc.usp.br\/ted\/wp-json\/wp\/v2\/pages\/8402\/revisions\/8859"}],"wp:attachment":[{"href":"https:\/\/www.ifsc.usp.br\/ted\/wp-json\/wp\/v2\/media?parent=8402"}],"curies":[{"name":"wp","href":"https:\/\/api.w.org\/{rel}","templated":true}]}}