{"id":42,"date":"2024-02-21T15:52:01","date_gmt":"2024-02-21T18:52:01","guid":{"rendered":"https:\/\/www.ifsc.usp.br\/~henn\/?page_id=42"},"modified":"2025-03-21T16:18:44","modified_gmt":"2025-03-21T19:18:44","slug":"team-members","status":"publish","type":"page","link":"https:\/\/www.ifsc.usp.br\/~henn\/index.php\/team-members\/","title":{"rendered":"Team members"},"content":{"rendered":"<h2><strong>PhD Students<\/strong><\/h2>\n<p><a href=\"https:\/\/buscatextual.cnpq.br\/buscatextual\/visualizacv.do?id=K8052258P9&amp;tokenCaptchar=03AFcWeA5utdavJtVrOhazrhuog9BYoB8nQk1Ckz5efiw0DyjAqUF44JQPcOWibt_eNOfE7Bxwu8n2PYVFoLOsZDvAEhXQDR3-H2YFZmvCwfuQc53f_QvyOzIX8RX9--XpxLCBOE9Cq4QBEsaPNGJvrir4u9OCGHR99tgn6OZ0R4_X-EE8YSvDrWLZtmCsB0aVL4SPi9RFPZ6O-UPWxQzpbWHjKaULxg--lYPoAvJb5BU1LyvuX56bpcnnjxZBzJOwYlW3JqRoJVmk1QX0kl6PSs_8M3-JPyf4KXxyIjtw4dBfcm6rgczGY8lNpU63FOSqrk6HxH0ghgdk52v6xaE35ovZrc9gTIdIMZKa0faxJ3jDGajMnHtKPPlvi_tfAHk1zrI344C3Wc-RZQ5dekcZRINLY2fLJDN77NhtFm_zdDhp7BUPfFaRcx1dqnZV7XVwnDwFAXhOGD7WLtS_zJcCdBJysPYP87tDuIlKHjNXgYOMtxM5ribhs9KQ-W_ldkFXBTsbqLNrv0ym4hJBakeuMgpku0oBRKov0Ng9BpY5jRE1SYUHXGewtJpi9i7-ynHvsF8G1vgjreXr0ZVaN5LPmWBgMvgaWjOH5_dVe5r0QAxVKW8VXzBGjyXixdUmdnR085NUA6UMOY4uT73m9EnuFxnYaVM94sNCRiumuhhwwnWuJGJnnsK0Z0pnNtard4dhVLaoYKAnayKCyQ1LZa--5hyA-OD6-gVcEuG1biNhLmPr95-CeZ3Isp6xPAgTtaPpRdQZCZVYBSqKSPiU90Fdbc5SVshxnKDzXDnXOl5iOGR__nij-pNA_U0WhWAnH4FKBa4NCSXG8X4vKwOOcnpA4TnuuP5q4XQCJ555b1EdXWjJ2kf8CFj2vUDQZh2qoxmi-GF4neAIaGSqpIkXPG6C-13NwwZonRmzEBTxIinM2rXo5v1ev2mwThWa21oODbsok4EG2Pp69hKDnkH6GDLRhI4W65B3Q3Cx5yg24k5iVJViKDcS1lzy0x4\" target=\"_blank\" rel=\"noopener\">Pedro de Castro Diniz<\/a><\/p>\n<p><a href=\"https:\/\/buscatextual.cnpq.br\/buscatextual\/visualizacv.do?id=K4844559J7&amp;tokenCaptchar=03AFcWeA7l6SLOgPhC71v7Li2t1WI9bsPCZW4Vo6qFxEJFaO9ZDce_m6h5CAJEECAUm6Nr6FtHqvkc9-TGlC0CzJFVH0bbmuRbS3OpI4UeohsK4_6zYqPlF7d24oWMdXMFe4xGDA-fIIx2AAus2eto5GuAtP6d_A1dJ59auvZjymXbb-8k1aQRS0CNe5ByB_3o_KqAzh9S1nEl4m1tA_jyr3YKzhMFBmOkiN9p4ENTgP2HmvDi7qvxTHNsnG6FiRrbE-OaPGAoXQ4ArerptWfwqpCBgzO8qD3j_qexmR6bqdMJEGu4pQwTFT0Kv1DVAgeHByb8FF1dRCAxdcjgWQ4X3jOCWvInaKsdeYfb-XEpE3gp9d0dNFvwa6oPPr8z9341hDMLMMbuqvVLcI9718pbodsJmxBf2NZtm-XSnkAOiUzs5j7x7xW9N6ZeJ1D4KezM_6xmxraznRQ-gnk9LyQe6eo4kythEch9rvwKwtpJW7KB8HI6oZS8ltV4jTq7UUELmwwU6aI9igBG8DhMoE4kDusLqhrLK2Fd5FwxYlhBuxZJ3EG1NPXwVlu2ITNrC5VoV9iPfPE_JVUXQvbjewpc0EkH_julYUaPqEgb2-xbCQf9aiE9MhC1xxXLGUka2Ff0sNaBxn_xG5cag99av3Vq2Nj3RY59A2-h0q7Q43C1rIqJgeGzh7D8KLKsgGWpJinnBiU8bNPsKmsrWWfTimkck9uSkTictUifgM9ykdHa32__XFt71XsLs3u4VifB8Bou8gzghSWUNFAv5GVcwBhJYRV7GS9g1wzAekltWtgsEVnQdDl5tNl4jo7CcMCgPsBM7dwEP8D8Che08Eb7PY-u6uvk8ayCMP_9DPpz51ElWVKXYEUFgfspKJnqsNkPNiUFJjVsBzyFMWhn4GXS1RvZyPS7gv8EGVs8hlmBJ-TF85sgsoyfoONyaK7m0D0FS3WetxRPmPHrU3urVcsbT0zV70VPivwUdqqKhsCV_QHTx2qlfm2QKY0dBj5XtmyIcJpqJe41Y3WS3NOv\" target=\"_blank\" rel=\"noopener\">Jorge A. Gon\u00e7alves Attie<\/a><\/p>\n<h2><strong>Master Students<\/strong><\/h2>\n<p><a href=\"https:\/\/buscatextual.cnpq.br\/buscatextual\/visualizacv.do?id=K8219823U9&amp;tokenCaptchar=03AFcWeA6CHOrhrry5RaGtbK0CnozYs3_p_-D2ZdKP2iTOuLd3UyP8RWxXlD03ZuWIGaFZnWlJU6IV-VHBe8bUm1J1mVo8NVnfxcqjafTSzw0CxqZjfugHJp5ynxkFJvRIoyw4r2AMmGiXmVpqaaL8_A7ZHRVGHPKgtjbfedHaBYKxUQl2bxGztIjRhAXErK7e9-xbo7JLcNQEFmtHe1ccwH3demf9ux45PVtpfPPjNqrBrYpUwewH5p_aH6KTGqGQV02K5UM8MuzfvKqs-HUnphh_2Ys4mjfXpuZGAFqr0fKvOAwHuS2HeuWP4iN1D9oSWERKxhuVEW7zdVF0T6Vb94ALe0pMrjONv6rFOtAYHtPr-iTS_8pcDQy3ISBHEoZYkgiRwutJlenj1brEEFlzH9_8xkTCjuaebC-b46uwxBcrpm9EmRGMWUxeBRgDnUNcKwyXQ97tirbwmeiirkdVDlGzqgDp146aHofEv1ukDS7bM-NyN9qvbOHmUheJkiZaaaluAa14ES_mSqlWJQUTH4I19Px7jqNpy3EqrofhHmwkY56CFJHwpPv0IDdxRM8CZl1wT4i8xkVILrRwDr9F-kmDgBUD1jeIPU_3CfN5vfrJegCtm8NrbuyHvObM8ziCEbWC07YrGBxxhutiX-w_1ay51noWjvCiPu-weBJ5TELI5HTLxty3tS6xEQalh2NnMExpERR2vHGhI-6MSfHlZ-aznLRwzLO069_CTI1buT46E6tbM9V8qQz4i4BJ9EgRPDJqwa36yPv9uNuxCfZG5R875Ur7P_LnSk0Y2Px-i7suiXvhKr6Vs-ocq_fsmLaYPc8foZc2_Fem7WkFY7PxrycopL20vSqbmLPbuuKzIJgnHMmAqziqLjcgUMFF7KP_eq1LGGpj9dtXdOTg7zy9Mx5ppgslFYyS0kcEWL_UEAY3h6DKPzyNpUBNpXD1SmIwhC2LXbbhgTrBmHo-PlLtVhq5bBNH3QQknxg3BTGpQRcGWrvh8WQ_js_wrS5bkcKE9m1xmN0MCo98\" target=\"_blank\" rel=\"noopener\">Rafael Aparecido Rodrigues da Paz<\/a><\/p>\n<h2><strong>Current Undergraduate Students<\/strong><\/h2>\n<p><a href=\"https:\/\/buscatextual.cnpq.br\/buscatextual\/visualizacv.do?id=K1555593U6&amp;tokenCaptchar=03AFcWeA60hcmXo25W9o4YWp2W-7hSTIlDfkT8AP2Rp92jIT9s-rTKlbityoTs5JlfJGAz4ca7ueZ07g6GtCrccONbvBv2ymGQuo-fIMkfpyvKtZvaI2jz8yTnJHYKPQJAKADSGT6PcyIBTTl0UKVk9HH7gQLUMUBQyOEcXxc-ekDba_VnJ_fxiKtbkgW0PD8FeXJwNfXljkApwcwVXekK8P7vExIoKbDiaBp-lA0TzVIsBB5sY0QXSmqF10ZluLuQMc1bQubqOMMV82lf5QU-vpvyNZWQ4p39RYTHqHA6hXlBr9w1JzSUkYZdncHO_rH83DCJ-cY4RTzUB1wru1oxViESUkQD2wIoP5we_fGyP-fQK0gWxSSejF-Tza5qFFms_hlCkSj_-2wTKR1gj-zLrXe2ehvJSVUHmXEK4Qx3L7Z2zH42Sbr2bPgHI6glHY7CeuRuTDAkdbMjfiRjps_K4M_0N9ozBXndztzB9Jqjc-uEyOQH0x4YC6Tw1VQ3NlWyoUwuDcQ-jFIcpnGH0dCUs21rVvI0x-M0tc4c6u9Ix8txNzzwz2lhb2zKWmg9MzVwpoTzv_R00HweKJ37Lf0iuGSXqMoYvWzbeN25wqEhoy6CNaXJIQPlaowiaHSgfOJcGTn-Mqax4onknZFSNMAiVXHF2arSu4V16yWtum1zrvbiznK4hhqKvgc5qb1xSVC2xDRv9KCGo1Kew1LuRdSIqiChBqU4HMoo3Rib1EojOI1_wyChSP-Cre6wUksws7PehK6zdhG8RrKyPinXHrSvIi4jInMho41ImEbqqgSjnXjwKddp8oPZISTsg40rMERscoyo_c24iL9hfI2vZYvGYSgzfsMC4fRE4q4mSJyJSgw9_hRE1Yzh396FjUmWhfhWcw4jg9c6erHqm3Zp1DXR8iehhQRsm2TkRmvgO0VG11j2Ojxfl6hsVjZv9dLuAtZBMyUuuUrCejXBgPXYBS9RA7BeDCEKA7IKplW-L5YaocTepGGiAd3reK87zJocKBalfbDs0fk-jSFY\" target=\"_blank\" rel=\"noopener\">Caio Cesar Rocha Lima<\/a><\/p>\n<p><a href=\"https:\/\/buscatextual.cnpq.br\/buscatextual\/visualizacv.do?id=K1541706Y9&amp;tokenCaptchar=03AFcWeA7rbFIcbvfcFTuZrkOrS6v5Xn4deQYh4S6nU90zt4cCpnlC-YaAQxX-OPDW0nyPJmaLTESmjuCPjo_MMA3_VoEJRHk_lJOYJ_tFZGscUiA9d_OxDP_OXVRq7bKDaSyIsu0PRtKh1KUrng-u_sFTCE9HEgh979ZKX4Xqo67Zew1iyTz87lMTI1IzP0m_qCsEEr6B6qRPYpLzzsL9y-hMwc89tnubuDz7GeHLNWLa9kgXr4CGZGZBvCsp6oFqMF9-ll2lx8vyPvGIB35RPVoX0x4nBW5Rxq5hYY_D8cEU0s--FMsDBlRONB5MEwHxjmRRGnqmRs_2nAEbrn9r-BqPbEUS9xlHnzjUo372p8G0MoLnBuex8FF5SwDDYuUmBkGPv_efY-FdWJF2rdPOrn2zQrSP2cr-CKHnVvK4BUpsbmf_9wV8aufavIw3iFLKVk0lml6MP8KckPTqs33vCSKMJBH0AEpqxaqN2SaZ2ZrsWeDFriMlwjKbx3yzEuDesaH9fUV9NjUXs4WueeRdiyjRvutNl2S5wvw2bAPhctzojzZ8_Z_Ai1aNEdy5u9uo1ChSbgFG4IsE7_blrd69Zh5AqN91VRnjO15jGuQ6IDU7gaA0gcH_PHxZWKpV2TNs1X84tzhAw0gubw0_5uUrhleMKKgj7w69AbfhSJJMh0iSkbN0PawzgJ4jRtW8FXBELLlus2XI604co7ur6lmOghZIDaFAk7HQ1z1OMex7xe2rO6jXtwVb3IulGa4fmTrlh2PSSYzL4I1CjKNrE8vMAZ1pyd4_AYGpIqBaJPXnh2kYoRSX1lftiZlbQwNZ7BUvUuTmV0UReJJqosnfSNwiXdDyBPzQfVJ9WFH3dnxmoMG7tcPvhzPH_3KIAnLkHC1y2Xzkd8-IOVGyPRPsNMeCwPmqbUMqZRk1-qdWmG27DWr_MsJGrGuRfg08E8Y2XuB5izzA899Ye2fze0Q2XI1JkrtGtWyBJ1PEteP-ecx4jM-QP7_iydEru0g-NAOBA1mTmuAgP2_EMWLr\" target=\"_blank\" rel=\"noopener\">Iago Ferreira de Morais<\/a><\/p>\n<p><a href=\"https:\/\/buscatextual.cnpq.br\/buscatextual\/visualizacv.do?id=K1559703E6&amp;tokenCaptchar=03AFcWeA6I_227yYBLZxVD1JucGdx_gRfRJUca2XLWngx2PPgmoumlhwFHklIVd9BX5sWk4l8yGA0Zs8osvjnjnJbROGJxc50eg9NFWxI899Ki_iTPwNhqwlP9Pb60NjlLzdbXcdVm8OacAmwk4Y65PX4E77b-zz8bnX4O0Ns3BQwPSTtTeSpuhQnDT2xwVQdyCdVf3DjpOQ3_jRZqIjAnvi1QOttyXvrXJCnBpbpb9xRJDcmu2OnehkcJcedBHHD5rBenm1DhiHa84u-sxtY3xyxdsoD6fhpwJ3xhFpoL1sRNWIjxNn46cOH0cd6wRuOEefS4uZOuu0RlggmY3J4qVQPv8bstN_QpsvILB9RTmwEZQuByB1EZSeypU0gkjC8qvYcmvFWi5WlBWP_EtvFFOK2x-hjF7-iQAA6-x2KsuvQvc5wmAGTq8ZuF5Pkv8AtR-WtRgpSkwiuXH8kZNxDh6_DkVi4Ur1b7dCnCScs5iwQ_AWJNOW2CMqoy__poIbSnk68RJ_oOwvFG4uNCOo1c--x3FKAjIn9PTrXsxW9PStBtQMxZWZ9d3dllFJEjo6GWWuFbYJTM-3aBDgvyFVEEOWFh-56Kb2U4FrifI0jL629XPxhIePk1PC8mODflzxY0NEa0e3LD-07Eq1UxENyvAfMWGlmD4bIF1g4LOWFKaBphlEZbY5KnLgiipOQg4US58pTiiK3ePlXQPus3QhQC1g9lPJxemuKAzbd2gFei-3tkVWQ9CRTPh5Q5IPiLNH5otQWwNTFfqR_JkdaU-DmUULq5yZtpbHI9yRZd6A42QJZhrFRaojfY6jIHJc4LOBEvg5RIYxrzHimJH9rap4dJD7q4eDz-9kKW4sh_ec6ZVcis7eD0A0fuYm1xIU7zURRRkgr3oGuc7UkXOjHvZO6pCEVeXAB6i7HwyIJXnnTPGTh5O3G5czJme0B4nNfb1NC9XU2hnJn8r1MhDgoNnpnov0ugEPyLm8akEYlMAFkPiEyseY6pZk_WeL1K_lNIy-dH_rnFG8lQHM2P\" target=\"_blank\" rel=\"noopener\">Vinicius Albuquerque de Medeiros Gon\u00e7alves<\/a><\/p>\n<h2><strong>Former team members\u00a0<\/strong><\/h2>\n<div class=\"layout-cell layout-cell-1 text-align-right\">\n<div>\n<h3 class=\"layout-cell-pad-6 text-align-right\"><b>PhD Thesis<\/b><\/h3>\n<\/div>\n<div class=\"layout-cell layout-cell-11\">\n<p><span class=\"transform\"><a href=\"http:\/\/buscatextual.cnpq.br\/buscatextual\/visualizacv.do\" target=\"_blank\" rel=\"noopener\">Amilson Rogelso Fritsch<\/a>. <\/span><strong><span class=\"transform\">Estudo de excita\u00e7\u00f5es tipo-v\u00f3rtice em condensados de Bose-Einstein. 2012<\/span><\/strong><\/p>\n<\/div>\n<h3>Post-Docs<\/h3>\n<div>\n<div class=\"layout-cell layout-cell-11\"><span class=\"transform\">Ramon Gabriel Teixeira Rosa. 2018<\/span><\/div>\n<\/div>\n<h3 class=\"layout-cell-pad-6 text-align-right\"><b>Master Thesis<\/b><\/h3>\n<\/div>\n<div class=\"layout-cell layout-cell-11\"><span class=\"transform\"><a href=\"http:\/\/buscatextual.cnpq.br\/buscatextual\/visualizacv.do\" target=\"_blank\" rel=\"noopener\">Vinicius Jos\u00e9 Martinez.<\/a> <\/span><span class=\"transform\">Constru\u00e7\u00e3o de sistema de transla\u00e7\u00e3o \u00f3ptica de \u00e1tomos frios com uso de sistema de lentes de zoom opticamente compensadas. 2021.<\/span><\/div>\n<div><\/div>\n<div class=\"layout-cell layout-cell-11\"><span class=\"transform\"><a href=\"https:\/\/buscatextual.cnpq.br\/buscatextual\/visualizacv.do?id=K8059007Y3&amp;tokenCaptchar=03AFcWeA4wBvrp2FXsjvTgO_AAXHYhbuEfk5CPNeYhvMcRRRXdUG1CCmv0A_Le-basyVSZpSMGauO_UU6Jgwr5m9ms7IcMhyaUsMiemkTrRHZ6oYMKuEWsWfW7DAkmBSLdueAQwpqhcVim77ugZ52g3PxgWVahTG5S2EwJisrSA_3f730mSqCmf-3mnR7ejOIMmhbhUk7HUtg_33BEeIolbUP-AGzBbDMM4LzoCPeaoQQmp5Azf3yO8NZjo5Aq3UQKTf9gKXtWgBO0E0Cf9BE5A_kDrL1hJ0fZSWUlUHl68fytNKIkgw7U-EAleSbVcTevZV3Xt3VmLhbv9TVhZ7-xfPXqo0WOY3yhqmFGJ_3OontsVR8TocjT4C5T3IQpZ_6AeAU-o4AzrpA7pMX1ua0u9GIndlHBdxEkO8PngtOLnQjcadFlEmnIGecoyic7YGJtquv1_2CzhN0QWswDDMZc4KKoOmBOhfc__N0DtfiG0rwOWTC6Z9TJRmMylW8tCrqWWdiWi18svuI7GwAH9lWp8rpLR-4aDtCcumVZ6ED4v8rmN94Y75FvGxMJTOZyMfdDNVpMMhA_WmsXkfRQ6cOjgZ2muVthWMvzVUfdLcIHbPOSF5Shr9__b32FOC1kspZM01YAzfzK-NvUy9_sS2nBQJbWAwgSWhst2ojOWwLzsHmbowLeNxmq7nAWazxj2vSyEsp8nEZ6U1MjOkT65X7ngKlaf6y1zGKFWYSoUMDxHKOHce3XG8OxezrCyYKdwck7UigGLMlKpyZWEWhgWsT3TOM5MF5UynkMEwiHHOR-l0agkpdeFouza1u2I7eDYsisCc6Tj-4Ni-SplMe7Kw5iyauDypPaqevvesizgku6AU-StVq4fWSk3FZMVf68Pl5GQ9DCrzhFee3SlC0xIih913geMIZEA8gXq7vtBGK8703N0lh1s18nTJrHsTN3bUnmAg27NVfKmDF7tr1mDklu6kOYHT4Fx2X6KgQjqeMuEuJc_3f0FqWRDIwup17DIudZa1AcbVy_Bn3f\" target=\"_blank\" rel=\"noopener\">Brunos Nicolau Santos<\/a>. Otimiza\u00e7\u00e3o de experimentos de F\u00edsica At\u00f4mica via aprendizado de m\u00e1quina. 2020.\u00a0<\/span><\/div>\n<div><\/div>\n<div class=\"layout-cell layout-cell-11\"><span class=\"transform\"><a href=\"https:\/\/buscatextual.cnpq.br\/buscatextual\/visualizacv.do?id=K8052258P9&amp;tokenCaptchar=03AFcWeA5utdavJtVrOhazrhuog9BYoB8nQk1Ckz5efiw0DyjAqUF44JQPcOWibt_eNOfE7Bxwu8n2PYVFoLOsZDvAEhXQDR3-H2YFZmvCwfuQc53f_QvyOzIX8RX9--XpxLCBOE9Cq4QBEsaPNGJvrir4u9OCGHR99tgn6OZ0R4_X-EE8YSvDrWLZtmCsB0aVL4SPi9RFPZ6O-UPWxQzpbWHjKaULxg--lYPoAvJb5BU1LyvuX56bpcnnjxZBzJOwYlW3JqRoJVmk1QX0kl6PSs_8M3-JPyf4KXxyIjtw4dBfcm6rgczGY8lNpU63FOSqrk6HxH0ghgdk52v6xaE35ovZrc9gTIdIMZKa0faxJ3jDGajMnHtKPPlvi_tfAHk1zrI344C3Wc-RZQ5dekcZRINLY2fLJDN77NhtFm_zdDhp7BUPfFaRcx1dqnZV7XVwnDwFAXhOGD7WLtS_zJcCdBJysPYP87tDuIlKHjNXgYOMtxM5ribhs9KQ-W_ldkFXBTsbqLNrv0ym4hJBakeuMgpku0oBRKov0Ng9BpY5jRE1SYUHXGewtJpi9i7-ynHvsF8G1vgjreXr0ZVaN5LPmWBgMvgaWjOH5_dVe5r0QAxVKW8VXzBGjyXixdUmdnR085NUA6UMOY4uT73m9EnuFxnYaVM94sNCRiumuhhwwnWuJGJnnsK0Z0pnNtard4dhVLaoYKAnayKCyQ1LZa--5hyA-OD6-gVcEuG1biNhLmPr95-CeZ3Isp6xPAgTtaPpRdQZCZVYBSqKSPiU90Fdbc5SVshxnKDzXDnXOl5iOGR__nij-pNA_U0WhWAnH4FKBa4NCSXG8X4vKwOOcnpA4TnuuP5q4XQCJ555b1EdXWjJ2kf8CFj2vUDQZh2qoxmi-GF4neAIaGSqpIkXPG6C-13NwwZonRmzEBTxIinM2rXo5v1ev2mwThWa21oODbsok4EG2Pp69hKDnkH6GDLRhI4W65B3Q3Cx5yg24k5iVJViKDcS1lzy0x4\" target=\"_blank\" rel=\"noopener\">Pedro de Castro Diniz<\/a> Condensado de Bose-Einstei dipolar em armadilha tipo bolha. 2018<\/span><\/div>\n<p><a href=\"https:\/\/scholar.google.com\/citations?user=fIXpx0AAAAAJ&amp;hl=en\" target=\"_blank\" rel=\"noopener\">Abasalt Bahrami.<\/a> Investigation of the momentum distribution of an excited Bose-Einstein condensate: coupling to normal modes. 2013.<\/p>\n<p>Last update 21-03-2025<\/p>\n","protected":false},"excerpt":{"rendered":"<p>PhD Students Pedro de Castro Diniz Jorge A. Gon\u00e7alves Attie Master Students Rafael Aparecido Rodrigues da Paz Current Undergraduate Students Caio Cesar Rocha Lima Iago Ferreira de Morais Vinicius Albuquerque de Medeiros Gon\u00e7alves Former team members\u00a0 PhD Thesis Amilson Rogelso Fritsch. Estudo de excita\u00e7\u00f5es tipo-v\u00f3rtice em condensados de Bose-Einstein. 2012 Post-Docs Ramon Gabriel Teixeira Rosa. [&hellip;]<\/p>\n","protected":false},"author":1,"featured_media":0,"parent":0,"menu_order":0,"comment_status":"closed","ping_status":"closed","template":"","meta":{"footnotes":""},"_links":{"self":[{"href":"https:\/\/www.ifsc.usp.br\/~henn\/index.php\/wp-json\/wp\/v2\/pages\/42"}],"collection":[{"href":"https:\/\/www.ifsc.usp.br\/~henn\/index.php\/wp-json\/wp\/v2\/pages"}],"about":[{"href":"https:\/\/www.ifsc.usp.br\/~henn\/index.php\/wp-json\/wp\/v2\/types\/page"}],"author":[{"embeddable":true,"href":"https:\/\/www.ifsc.usp.br\/~henn\/index.php\/wp-json\/wp\/v2\/users\/1"}],"replies":[{"embeddable":true,"href":"https:\/\/www.ifsc.usp.br\/~henn\/index.php\/wp-json\/wp\/v2\/comments?post=42"}],"version-history":[{"count":10,"href":"https:\/\/www.ifsc.usp.br\/~henn\/index.php\/wp-json\/wp\/v2\/pages\/42\/revisions"}],"predecessor-version":[{"id":59,"href":"https:\/\/www.ifsc.usp.br\/~henn\/index.php\/wp-json\/wp\/v2\/pages\/42\/revisions\/59"}],"wp:attachment":[{"href":"https:\/\/www.ifsc.usp.br\/~henn\/index.php\/wp-json\/wp\/v2\/media?parent=42"}],"curies":[{"name":"wp","href":"https:\/\/api.w.org\/{rel}","templated":true}]}}